{"id":2,"date":"2008-08-07T15:24:00","date_gmt":"2008-08-07T13:24:00","guid":{"rendered":"http:\/\/www.po-l.com\/wordpress\/?page_id=2"},"modified":"2015-04-08T22:10:51","modified_gmt":"2015-04-08T20:10:51","slug":"a-propos","status":"publish","type":"page","link":"https:\/\/www.wallendorff.com\/belogue\/a-propos\/","title":{"rendered":"\u00c0 propos"},"content":{"rendered":"<p align=\"center\"><a href=\"https:\/\/www.wallendorff.com\/belogue\/a-propos\/about\/\">DPC&rsquo;s link for kids who can&rsquo;t read French good.<\/a><\/p>\n<p>Je fais des photos. Beaucoup, souvent. L&rsquo;un de mes principaux signes particuliers est d&rsquo;avoir un appareil sur moi d&egrave;s l&rsquo;instant o&ugrave; je porte un cale&ccedil;on. La photographie induit une grande part de chance, la chance ne peut se provoquer. Cela n&#8217;emp\u00eache pas d&rsquo;essayer de l&rsquo;encourager.<\/p>\n<p>J&rsquo;habille mes photos avec des musiques plus ou moins pertinentes parce que le meilleur ami de l&rsquo;&oelig;il, c&rsquo;est l&rsquo;oreille&nbsp;; je les introduis avec des titres plus ou moins stupides parce que l&rsquo;un de mes meilleurs amis, c&rsquo;est le jeu de mot capillo-tract&eacute;. &Agrave; l&rsquo;occasion, je m&eacute;lange le tout en hantant les salles de concerts. Les seules choses qui m&rsquo;attirent autant que le <a href=\"https:\/\/www.wallendorff.com\/belogue\/tag\/noir-et-blanc\/\">noir des coins sombres<\/a>, ce sont les <a href=\"https:\/\/www.wallendorff.com\/belogue\/category\/alive\/\">d&eacute;cibels des salles obscures<\/a> et <a href=\"https:\/\/www.wallendorff.com\/belogue\/tag\/promo\">les gens qui les crachent<\/a>.<\/p>\n<p>Je suis plus <a href=\"https:\/\/www.wallendorff.com\/belogue\/tag\/nuit\/\">nuit<\/a> que jour, plus hiver qu&rsquo;&eacute;t&eacute;, plus montagne que plage, plus froid que chaud, plus grand-angle qu&rsquo;autre chose, plus Rolling Stones que Beatles, plus ville que campagne, plus caf&eacute; que th&eacute;. Le fotoapparat et moi aimons beaucoup les <a href=\"https:\/\/www.wallendorff.com\/belogue\/tag\/fille\/\">filles<\/a>, le rock et roll, <a href=\"https:\/\/www.wallendorff.com\/belogue\/tag\/paris\/\">Paris<\/a> et <a href=\"https:\/\/www.wallendorff.com\/belogue\/tag\/metz\/\">diverses<\/a> <a href=\"https:\/\/www.wallendorff.com\/belogue\/tag\/ann-arbor\/\">autres<\/a> <a href=\"https:\/\/www.wallendorff.com\/belogue\/tag\/detroit\/\">villes<\/a> <a href=\"https:\/\/www.wallendorff.com\/belogue\/tag\/chicago\/\">aussi<\/a>.<\/p>\n<p style=\"text-align:right\">Et j&rsquo;aime les poneys.<\/p>\n<p style=\"text-align:right\">Pour tout besoin, question ou information, demande d&rsquo;utilisation des photos de ce bel&ouml;gue, vous pouvez me contacter <a href=\"mailto:dpc313@yahoo.fr\">par ici<\/a>.<\/p>\n<p style=\"text-align:right\">Merci d&rsquo;&ecirc;tre pass&eacute;s.<\/p>\n<p style=\"text-align:right\">W.<\/p>\n","protected":false},"excerpt":{"rendered":"<p>DPC&rsquo;s link for kids who can&rsquo;t read French good. Je fais des photos. Beaucoup, souvent. L&rsquo;un de mes principaux signes particuliers est d&rsquo;avoir un appareil sur moi d&egrave;s l&rsquo;instant o&ugrave; je porte un cale&ccedil;on. La photographie induit une grande part de chance, la chance ne peut se provoquer. Cela n&#8217;emp\u00eache pas d&rsquo;essayer de l&rsquo;encourager. J&rsquo;habille&hellip;<\/p>\n","protected":false},"author":1,"featured_media":0,"parent":0,"menu_order":0,"comment_status":"closed","ping_status":"closed","template":"","meta":{"_acf_changed":false,"ngg_post_thumbnail":0,"jetpack_post_was_ever_published":false,"footnotes":""},"class_list":["post-2","page","type-page","status-publish","hentry"],"acf":[],"jetpack_shortlink":"https:\/\/wp.me\/P3b35P-2","jetpack_sharing_enabled":true,"jetpack-related-posts":[{"id":127246,"url":"https:\/\/www.wallendorff.com\/belogue\/gigographie\/2024-2\/","url_meta":{"origin":2,"position":0},"title":"2024","author":"dpc","date":"2 f\u00e9vrier 2024","format":false,"excerpt":"Gar\u00e7ons Fragiles \u2013 TDtF \u2013 Paris \u2013 07\/11\/2024 Heilung + Zeal and Ardor \u2013 Le Z\u00e9nith \u2013 Paris \u2013 17\/09\/2024 Pete Doherty + Delgado Jones \u2013 Le SEW \u2013 Morlaix \u2013 11\/09\/2024 Bleachers + Amy Allen \u2013 L'Olympia \u2013 Paris \u2013 02\/09\/2024 Flogging Molly + The Scratch \u2013 Le Bataclan\u2026","rel":"","context":"Article similaire","block_context":{"text":"Article similaire","link":""},"img":{"alt_text":"","src":"","width":0,"height":0},"classes":[]},{"id":20168,"url":"https:\/\/www.wallendorff.com\/belogue\/gigographie\/2013-2\/","url_meta":{"origin":2,"position":1},"title":"2013","author":"dpc","date":"23 janvier 2013","format":false,"excerpt":"Virgin Radio Live\u00a0: Placebo + Shaka Ponk + Skip the Use + Yod\u00e9lice \u2013 le Z\u00e9nith \u2013 Paris \u2013 19\/12\/2013 Festival des Aventuriers\u00a0: Dum Dum Girls \/ Motorama \u2013 Espace G\u00e9rard Philipe \u2013 Fontenay-sous-Bois \u2013 13\/12\/2013 Festival des Aventuriers\u00a0: Tunng \/ Empire Dust \u2013 Espace G\u00e9rard Philipe \u2013 Fontenay-sous-Bois \u2013\u2026","rel":"","context":"Article similaire","block_context":{"text":"Article similaire","link":""},"img":{"alt_text":"","src":"","width":0,"height":0},"classes":[]},{"id":23802,"url":"https:\/\/www.wallendorff.com\/belogue\/gigographie\/2015-2\/","url_meta":{"origin":2,"position":2},"title":"2015","author":"dpc","date":"20 janvier 2015","format":false,"excerpt":"Concert tr\u00e8s tr\u00e8s priv\u00e9 RTL2\u00a0: Indochine \u2013 le Trianon \u2013 Paris \u2013 09\/12\/2015 FIDLAR + Bully \u2013 le Trianon \u2013 Paris \u2013 19\/11\/2015 Foo Fighters + Trombone Shorty & Orleans Avenue \u2013 Palais omnisport de Paris-Bercy \u2013 Paris \u2013 16\/11\/2015 Festival des Inrocks\u00a0: John Grant + Flo Morrissey + Max\u2026","rel":"","context":"Article similaire","block_context":{"text":"Article similaire","link":""},"img":{"alt_text":"","src":"","width":0,"height":0},"classes":[]},{"id":37142,"url":"https:\/\/www.wallendorff.com\/belogue\/artistes-a-z\/artistes-a-j\/","url_meta":{"origin":2,"position":3},"title":"Artistes A \u2013 J","author":"dpc","date":"31 janvier 2018","format":false,"excerpt":"A Aaron Le Z\u00e9nith, Paris \u2013 26\/11\/2021 Pal\u00e9o Festival, Nyon \u2013 19\/07\/2016 La Cigale, Paris \u2013 14\/10\/2015 Aaron, Anna Les Trois Baudets, Paris \u2013 04\/11\/2014 Centre Culturel Suisse, Paris \u2013 14\/03\/2012 Acid Arab Les Eurock\u00e9ennes en r\u00e9sidence secondaire, Belfort \u2013 20\/07\/2021 Ad\u00e9 Les Eurock\u00e9ennes, Belfort \u2013 29\/06\/2023 Adieu Gary Cooper\u2026","rel":"","context":"Article similaire","block_context":{"text":"Article similaire","link":""},"img":{"alt_text":"","src":"","width":0,"height":0},"classes":[]},{"id":22589,"url":"https:\/\/www.wallendorff.com\/belogue\/gigographie\/2014-2\/","url_meta":{"origin":2,"position":4},"title":"2014","author":"dpc","date":"10 mars 2014","format":false,"excerpt":"Bring the Noise Festival\u00a0: Royal Blood + Loading Data + Spark Gap \u2013 le Point \u00c9ph\u00e9m\u00e8re \u2013 Paris \u2013 18\/12\/2014 ALB + Stal \u2013 le Caf\u00e9 de la Danse \u2013 Paris \u2013 09\/12\/2014 Sharon Van Etten + Marisa Anderson \u2013 la Maroquinerie \u2013 Paris \u2013 01\/12\/2014 Emplume ton Brunch\u00a0: Alex\u2026","rel":"","context":"Article similaire","block_context":{"text":"Article similaire","link":""},"img":{"alt_text":"","src":"","width":0,"height":0},"classes":[]},{"id":37144,"url":"https:\/\/www.wallendorff.com\/belogue\/artistes-a-z\/artistes-k-z\/","url_meta":{"origin":2,"position":5},"title":"Artistes K \u2013 Z","author":"dpc","date":"31 janvier 2018","format":false,"excerpt":"K Kadebostany Le Caf\u00e9 de la Danse, Paris \u2013 20\/04\/2016 Pal\u00e9o Festival, Nyon \u2013 25\/07\/2013 Kaiser Chiefs La Fl\u00e8che d\u2019Or, Paris \u2013 22\/04\/2014 Main Square Festival, Arras \u2013 02\/07\/2011 Kalash Les Eurock\u00e9ennes, Belfort \u2013 04\/07\/2025 Kaleo Pal\u00e9o Festival, Nyon \u2013 17\/07\/2018 L'Olympia, Paris \u2013 15\/11\/2017 Le Trianon, Paris \u2013 27\/01\/2017\u2026","rel":"","context":"Article similaire","block_context":{"text":"Article similaire","link":""},"img":{"alt_text":"","src":"","width":0,"height":0},"classes":[]}],"_links":{"self":[{"href":"https:\/\/www.wallendorff.com\/belogue\/wp-json\/wp\/v2\/pages\/2","targetHints":{"allow":["GET"]}}],"collection":[{"href":"https:\/\/www.wallendorff.com\/belogue\/wp-json\/wp\/v2\/pages"}],"about":[{"href":"https:\/\/www.wallendorff.com\/belogue\/wp-json\/wp\/v2\/types\/page"}],"author":[{"embeddable":true,"href":"https:\/\/www.wallendorff.com\/belogue\/wp-json\/wp\/v2\/users\/1"}],"replies":[{"embeddable":true,"href":"https:\/\/www.wallendorff.com\/belogue\/wp-json\/wp\/v2\/comments?post=2"}],"version-history":[{"count":11,"href":"https:\/\/www.wallendorff.com\/belogue\/wp-json\/wp\/v2\/pages\/2\/revisions"}],"predecessor-version":[{"id":26913,"href":"https:\/\/www.wallendorff.com\/belogue\/wp-json\/wp\/v2\/pages\/2\/revisions\/26913"}],"wp:attachment":[{"href":"https:\/\/www.wallendorff.com\/belogue\/wp-json\/wp\/v2\/media?parent=2"}],"curies":[{"name":"wp","href":"https:\/\/api.w.org\/{rel}","templated":true}]}}

À propos

<p align="center"><a href="https://www.wallendorff.com/belogue/a-propos/about/">DPC&rsquo;s link for kids who can&rsquo;t read French good.</a></p>
<p>Je fais des photos. Beaucoup, souvent. L&rsquo;un de mes principaux signes particuliers est d&rsquo;avoir un appareil sur moi d&egrave;s l&rsquo;instant o&ugrave; je porte un cale&ccedil;on. La photographie induit une grande part de chance, la chance ne peut se provoquer. Cela n&#8217;empêche pas d&rsquo;essayer de l&rsquo;encourager.</p>
<p>J&rsquo;habille mes photos avec des musiques plus ou moins pertinentes parce que le meilleur ami de l&rsquo;&oelig;il, c&rsquo;est l&rsquo;oreille&nbsp;; je les introduis avec des titres plus ou moins stupides parce que l&rsquo;un de mes meilleurs amis, c&rsquo;est le jeu de mot capillo-tract&eacute;. &Agrave; l&rsquo;occasion, je m&eacute;lange le tout en hantant les salles de concerts. Les seules choses qui m&rsquo;attirent autant que le <a href="https://www.wallendorff.com/belogue/tag/noir-et-blanc/">noir des coins sombres</a>, ce sont les <a href="https://www.wallendorff.com/belogue/category/alive/">d&eacute;cibels des salles obscures</a> et <a href="https://www.wallendorff.com/belogue/tag/promo">les gens qui les crachent</a>.</p>
<p>Je suis plus <a href="https://www.wallendorff.com/belogue/tag/nuit/">nuit</a> que jour, plus hiver qu&rsquo;&eacute;t&eacute;, plus montagne que plage, plus froid que chaud, plus grand-angle qu&rsquo;autre chose, plus Rolling Stones que Beatles, plus ville que campagne, plus caf&eacute; que th&eacute;. Le fotoapparat et moi aimons beaucoup les <a href="https://www.wallendorff.com/belogue/tag/fille/">filles</a>, le rock et roll, <a href="https://www.wallendorff.com/belogue/tag/paris/">Paris</a> et <a href="https://www.wallendorff.com/belogue/tag/metz/">diverses</a> <a href="https://www.wallendorff.com/belogue/tag/ann-arbor/">autres</a> <a href="https://www.wallendorff.com/belogue/tag/detroit/">villes</a> <a href="https://www.wallendorff.com/belogue/tag/chicago/">aussi</a>.</p>
<p style="text-align:right">Et j&rsquo;aime les poneys.</p>
<p style="text-align:right">Pour tout besoin, question ou information, demande d&rsquo;utilisation des photos de ce bel&ouml;gue, vous pouvez me contacter <a href="mailto:dpc313@yahoo.fr">par ici</a>.</p>
<p style="text-align:right">Merci d&rsquo;&ecirc;tre pass&eacute;s.</p>
<p style="text-align:right">W.</p>

<p>DPC&rsquo;s link for kids who can&rsquo;t read French good. Je fais des photos. Beaucoup, souvent. L&rsquo;un de mes principaux signes particuliers est d&rsquo;avoir un appareil sur moi d&egrave;s l&rsquo;instant o&ugrave; je porte un cale&ccedil;on. La photographie induit une grande part de chance, la chance ne peut se provoquer. Cela n&#8217;empêche pas d&rsquo;essayer de l&rsquo;encourager. J&rsquo;habille&hellip;</p>

2 février 2024

Garçons Fragiles – TDtF – Paris – 07/11/2024 Heilung + Zeal and Ardor – Le Zénith – Paris – 17/09/2024 Pete Doherty + Delgado Jones – Le SEW – Morlaix – 11/09/2024 Bleachers + Amy Allen – L'Olympia – Paris – 02/09/2024 Flogging Molly + The Scratch – Le Bataclan…

Virgin Radio Live : Placebo + Shaka Ponk + Skip the Use + Yodélice – le Zénith – Paris – 19/12/2013 Festival des Aventuriers : Dum Dum Girls / Motorama – Espace Gérard Philipe – Fontenay-sous-Bois – 13/12/2013 Festival des Aventuriers : Tunng / Empire Dust – Espace Gérard Philipe – Fontenay-sous-Bois –…

Concert très très privé RTL2 : Indochine – le Trianon – Paris – 09/12/2015 FIDLAR + Bully – le Trianon – Paris – 19/11/2015 Foo Fighters + Trombone Shorty & Orleans Avenue – Palais omnisport de Paris-Bercy – Paris – 16/11/2015 Festival des Inrocks : John Grant + Flo Morrissey + Max…

A Aaron Le Zénith, Paris – 26/11/2021 Paléo Festival, Nyon – 19/07/2016 La Cigale, Paris – 14/10/2015 Aaron, Anna Les Trois Baudets, Paris – 04/11/2014 Centre Culturel Suisse, Paris – 14/03/2012 Acid Arab Les Eurockéennes en résidence secondaire, Belfort – 20/07/2021 Adé Les Eurockéennes, Belfort – 29/06/2023 Adieu Gary Cooper…

Bring the Noise Festival : Royal Blood + Loading Data + Spark Gap – le Point Éphémère – Paris – 18/12/2014 ALB + Stal – le Café de la Danse – Paris – 09/12/2014 Sharon Van Etten + Marisa Anderson – la Maroquinerie – Paris – 01/12/2014 Emplume ton Brunch : Alex…

K Kadebostany Le Café de la Danse, Paris – 20/04/2016 Paléo Festival, Nyon – 25/07/2013 Kaiser Chiefs La Flèche d’Or, Paris – 22/04/2014 Main Square Festival, Arras – 02/07/2011 Kalash Les Eurockéennes, Belfort – 04/07/2025 Kaleo Paléo Festival, Nyon – 17/07/2018 L'Olympia, Paris – 15/11/2017 Le Trianon, Paris – 27/01/2017…
