{"id":13735,"date":"2011-10-21T10:06:37","date_gmt":"2011-10-21T08:06:37","guid":{"rendered":"http:\/\/www.po-L.com\/belogue\/?page_id=13735"},"modified":"2013-01-27T17:15:58","modified_gmt":"2013-01-27T15:15:58","slug":"2009-2","status":"publish","type":"page","link":"https:\/\/www.wallendorff.com\/belogue\/gigographie\/2009-2\/","title":{"rendered":"2009"},"content":{"rendered":"<ul>\n<li><a href=\"https:\/\/www.wallendorff.com\/belogue\/2009\/12\/15\/the-black-box-revelation-la-fleche-dor-paris\/\"   ><strong>Eiffel<\/strong> <span class=\"petit\"> + The Black Box Revelation &ndash; La Fl&egrave;che d&#8217;Or, Paris &ndash; 14\/12\/2009<\/span><\/a><\/li>\n<li><a href=\"https:\/\/www.wallendorff.com\/belogue\/2009\/12\/14\/julian-plenti-im-in-you-lalhambra-paris\/\"   ><strong>Julian Plenti<\/strong> <span class=\"petit\"> + I&#8217;m in You &ndash; Th&eacute;&acirc;tre de l&#8217;Alhambra, Paris &ndash; 13\/12\/2009<\/span><\/a><\/li>\n<li><a href=\"https:\/\/www.wallendorff.com\/belogue\/2009\/12\/12\/blood-red-shoes-delphic-james-yuill-get-well-soon-la-fleche-dor-paris-9-decembre\"   ><strong>Blood Red Shoes<\/strong> <span class=\"petit\"> + Delphic + James Yuill + Get Well Soon &ndash; La Fl&egrave;che d&#8217;Or, Paris &ndash; 09\/12\/2009<\/span><\/a><\/li>\n<li><a href=\"https:\/\/www.wallendorff.com\/belogue\/2009\/11\/27\/franz-ferdinand-the-cribs-john-and-jehn-le-zenith-paris\/\"   ><strong>Franz Ferdinand<\/strong> <span class=\"petit\"> + The Cribs + John &amp; Jehn &ndash; Le Z&eacute;nith, Paris &ndash; 26\/11\/2009<\/span><\/a><\/li>\n<li><a href=\"https:\/\/www.wallendorff.com\/belogue\/2009\/11\/16\/gossip-le-bataclan-paris\/\"   ><strong>Gossip<\/strong> <span class=\"petit\"> + SSION &ndash; Le Bataclan, Paris &ndash; 15\/11\/2009<\/span><\/a><\/li>\n<li><a href=\"https:\/\/www.wallendorff.com\/belogue\/2009\/11\/07\/the-big-pink-chew-lips-the-bewitched-hands-on-the-top-of-our-heads-la-boule-noire-paris\"   ><strong>The Big Pink<\/strong> <span class=\"petit\"> + Chew Lips + The Bewitched Hands on the Top of Our Heads &ndash; La Boule Noire, Paris &ndash; 06\/11\/2009<\/span><\/a><\/li>\n<li><strong>AqME<\/strong> <span class=\"petit\">+ Kiemsa + Depotax + Soma &ndash; Le Glaz&#8217;Art, Paris &ndash; 05\/11\/2009<\/span><\/li>\n<li><a href=\"https:\/\/www.wallendorff.com\/belogue\/2009\/11\/05\/bat-for-lashes-bad-lieutenant-lolympia-paris\/\"   ><strong>Bat for Lashes<\/strong> <span class=\"petit\"> + Bad Lieutenant + Wave Machines &ndash; L&#8217;Olympia, Paris &ndash; 04\/11\/2009<\/span><\/a><\/li>\n<li><a href=\"https:\/\/www.wallendorff.com\/belogue\/2009\/11\/03\/soap-skin-scott-matthew-leuropeen-paris\/\"   ><strong>Soap &amp; Skin<\/strong> <span class=\"petit\"> + Scott Matthew &ndash; L&#8217;Europ&eacute;en, Paris &ndash; 02\/11\/2009<\/span><\/a><\/li>\n<li><a href=\"https:\/\/www.wallendorff.com\/belogue\/2009\/10\/29\/the-dead-weather-creature-with-the-atom-brain-lolympia-paris\/\"   ><strong>The Dead Weather<\/strong> <span class=\"petit\"> + Creature with the Atom Brain &ndash; L&#8217;Olympia, Paris &ndash; 28\/10\/2009<\/span><\/a><\/li>\n<li><a href=\"https:\/\/www.wallendorff.com\/belogue\/2009\/10\/27\/brendan-benson-le-nouveau-casino-paris\/\"   ><strong>Brendan Benson<\/strong> <span class=\"petit\"> + Cory Chisel &ndash; Le Nouveau Casino, Paris &ndash; 26\/10\/2009<\/span><\/a><\/li>\n<li><a href=\"https:\/\/www.wallendorff.com\/belogue\/2009\/10\/24\/kasabian-le-bataclan-paris\/\"   ><strong>Kasabian<\/strong> <span class=\"petit\"> + DJ Dan &ndash; Le Bataclan, Paris &ndash; 23\/10\/2009<\/span><\/a><\/li>\n<li><a href=\"https:\/\/www.wallendorff.com\/belogue\/2009\/10\/17\/the-fray-le-bataclan-paris\/\"   ><strong>The Fray<\/strong> <span class=\"petit\"> + Sondre Lerche &ndash; Le Bataclan, Paris &ndash; 16\/10\/2009<\/span><\/a><\/li>\n<li><strong>The Fray<\/strong> <span class=\"petit\"> &ndash; L&#8217;International, Paris &ndash; 15\/10\/2009<\/span><\/li>\n<li><a href=\"https:\/\/www.wallendorff.com\/belogue\/2009\/10\/15\/obits-la-maroquinerie-paris\/\"   ><strong>Obits<\/strong> <span class=\"petit\"> + Dana Boule &ndash; La Maroquinerie, Paris &ndash; 14\/10\/2009<\/span><\/a><\/li>\n<li><a href=\"https:\/\/www.wallendorff.com\/belogue\/2009\/10\/11\/archive-le-zenith-paris\/\"   ><strong>Archive<\/strong> <span class=\"petit\"> + Birdpen &ndash; Le Z&eacute;nith, Paris &ndash; 10\/10\/2009<\/span><\/a><\/li>\n<li><a href=\"https:\/\/www.wallendorff.com\/belogue\/2009\/10\/10\/coming-soon-le-cafe-de-la-danse-paris-08-octobre\"   ><strong>Coming Soon<\/strong> <span class=\"petit\"> + Kid Bombardos &ndash; Le Caf&eacute; de la Danse, Paris &ndash; 08\/10\/2009<\/span><\/a><\/li>\n<li><a href=\"https:\/\/www.wallendorff.com\/belogue\/2009\/12\/20\/previously-unreleased-87\"   ><strong>Heavy Trash<\/strong> <span class=\"petit\"> + T-Model Ford + Cool Kleps + A-Bones &ndash; Le Trabendo, Paris &ndash; 07\/10\/2009<\/span><\/a><\/li>\n<li><strong>M&eacute;lanie Pain<\/strong> <span class=\"petit\"> &ndash; Les Trois Baudets, Paris &ndash; 05\/10\/2009<\/span><\/li>\n<li><a href=\"https:\/\/www.wallendorff.com\/belogue\/2009\/10\/05\/green-day-pop-bercy-paris\"   ><strong>Green Day<\/strong> <span class=\"petit\">+ Prima Donna &ndash; Palais omnisports de Paris-Bercy, Paris &ndash; 04\/10\/2009<\/span><\/a><\/li>\n<li><strong>Shit Browne<\/strong> \/ <strong>Top Top<\/strong><span class=\"petit\"> &ndash; Le Pop&#8217;in, Paris &ndash; 28\/09\/2009<\/span><\/li>\n<li><a href=\"https:\/\/www.wallendorff.com\/belogue\/2009\/09\/17\/fleet-foxes-blitzen-trapper-le-grand-rex-paris\/\"   ><strong>Fleet Foxes<\/strong> <span class=\"petit\">+ Blitzen Trapper &ndash; Le Grand Rex, Paris &ndash; 16\/09\/2009<\/span><\/a><\/li>\n<li><a href=\"https:\/\/www.wallendorff.com\/belogue\/2009\/09\/09\/muse-theatre-du-chatelet-paris\/\"   ><strong>Muse<\/strong> <span class=\"petit\">&ndash; Th&eacute;&acirc;tre du Ch&acirc;telet, Paris &ndash; 08\/09\/2009<\/span><\/a><\/li>\n<li><a href=\"https:\/\/www.wallendorff.com\/belogue\/2009\/09\/08\/coldplay-parc-des-princes-paris\"   ><strong>Coldplay<\/strong><span class=\"petit\"> + The Flaming Lips + Bat for Lashes &ndash; Parc des Princes, Paris &ndash; 07\/09\/2009<\/span><\/a><\/li>\n<li><a href=\"https:\/\/www.wallendorff.com\/belogue\/tag\/rock-en-seine-2009\/\"   ><strong>Rock en Seine<\/strong><span class=\"petit\"> &ndash; Paris &ndash; 28-30\/08\/2009<\/span><\/a><\/li>\n<li><strong>Na&iuml;ve New Beaters<\/strong> <span class=\"petit\"> + Chinese Man + Beat Torrent + Soldout &ndash; Fnac Ind&eacute;tendances, Paris &ndash; 15\/08\/2009<\/span><\/li>\n<li><a href=\"https:\/\/www.wallendorff.com\/belogue\/2009\/07\/21\/garden-nef-party-angouleme-18-juillet\/#comments\"   ><strong>Garden Nef Party<\/strong> <span class=\"petit\"> &ndash; Angoul\u00eame &ndash; 18\/07\/2009<\/span><\/a><\/li>\n<li><strong>U2<\/strong> + Kaiser Chiefs <span class=\"petit\"> &ndash; Stade de France, Saint-Denis &ndash; 11\/07\/2009<\/span><\/li>\n<li><a href=\"https:\/\/www.wallendorff.com\/belogue\/2009\/07\/15\/the-warlocks-la-maroquinerie-paris-10-juillet\/\"   ><strong>The Warlocks<\/strong><span class=\"petit\"> + Four Dead in Ohio &ndash; La Maroquinerie, Paris &ndash; 10\/07\/2009<\/span><\/a><\/li>\n<li><a href=\"https:\/\/www.wallendorff.com\/belogue\/2009\/11\/13\/previously-unreleased-86\/\"   ><strong>The Gories<\/strong> \/ <strong>Oblivians<\/strong> <span class=\"petit\"> &ndash; La Maroquinerie, Paris &ndash; 07\/07\/2009<\/span><\/a><\/li>\n<li><a href=\"https:\/\/www.wallendorff.com\/belogue\/2009\/07\/11\/the-day-the-world-went-away\/\"   ><strong>Les Eurock\u00e9ennes<\/strong><span class=\"petit\"> &ndash; Belfort &ndash; 03-05\/07\/2009<\/span><\/a><\/li>\n<li><a href=\"https:\/\/www.wallendorff.com\/belogue\/2009\/06\/30\/the-dead-weather-la-cigale-paris\/\"   ><strong>The Dead Weather<\/strong><span class=\"petit\"> + Aqua Nebula Oscillator &ndash; La Cigale, Paris &ndash; 29\/06\/2009<\/span><\/a><\/li>\n<li><strong>Under the Louvre<\/strong><span class=\"petit\"> &ndash; Carrousel du Louvre, Paris &ndash; 28\/06\/2009<\/span><\/li>\n<li><strong>Depeche Mode<\/strong><span class=\"petit\"> + M83 &ndash; Stade de France, Saint-Denis &ndash; 27\/06\/2009<\/span><\/li>\n<li><a href=\"http:\/\/www.le-hiboo.com\/15081-hiboo-dscene-009-revolver-a-la-boule-noire\" onclick=\"javascript:_gaq.push(['_trackEvent','outbound-article','www.le-hiboo.com']);\"><strong>Revolver<\/strong><span class=\"petit\"> + David Aron &ndash; La Boule Noire, Paris &ndash; 25\/06\/2009<\/span><\/a><\/li>\n<li><a href=\"https:\/\/www.wallendorff.com\/belogue\/2009\/06\/21\/championnat-de-france-dair-guitar-2009-la-maroquinerie-paris\/\"   ><strong>Championnat de France d&#8217;Air Guitar<\/strong><span class=\"petit\"> &ndash; La Maroquinerie, Paris &ndash; 20\/06\/2009<\/span><\/a><\/li>\n<li><strong>Ravenhill<\/strong><span class=\"petit\"> &ndash; &Eacute;glise Saint-Eustache, Paris &ndash; 20\/06\/2009<\/span><\/li>\n<li><a href=\"https:\/\/www.wallendorff.com\/belogue\/2009\/06\/13\/elmer-food-beat-lelysee-montmartre-paris\/\"   ><strong>Elmer Food Beat<\/strong><span class=\"petit\"> + Ca$h Stevens &ndash; L&#8217;&Eacute;lys&eacute;e-Montmartre, Paris &ndash; 12\/06\/2009<\/span><\/a><\/li>\n<li><a href=\"https:\/\/www.wallendorff.com\/belogue\/2009\/06\/03\/maximo-park-i-heart-hiroshima-le-trabendo-paris\/\"   ><strong>Max\u00efmo Park<\/strong><span class=\"petit\"> + I Heart Hiroshima &ndash; Le Trabendo, Paris &ndash; 02\/06\/2009<\/span><\/a><\/li>\n<li><a href=\"https:\/\/www.wallendorff.com\/belogue\/2009\/05\/28\/bat-for-lashes-david-walters-caroline-weeks-le-bataclan-paris\/\"   ><strong>Bat for Lashes<\/strong><span class=\"petit\"> + David Walters + Caroline Weeks &ndash; Le Bataclan, Paris &ndash; 28\/05\/2009<\/span><\/a><\/li>\n<li><a href=\"https:\/\/www.wallendorff.com\/belogue\/2009\/05\/26\/kasabian-le-trabendo-paris\/\"   ><strong>Kasabian<\/strong><span class=\"petit\"> &ndash; Le Trabendo, Paris &ndash; 25\/05\/2009<\/span><\/a><\/li>\n<li><a href=\"https:\/\/www.wallendorff.com\/belogue\/2009\/05\/19\/pj-harvey-john-parish-le-bataclan-paris\/\"   ><strong>PJ Harvey &amp; John Parish<\/strong><span class=\"petit\"> + Tom Brosseau &ndash; Le Bataclan, Paris &ndash; 18\/05\/2009<\/span><\/a><\/li>\n<li><a href=\"https:\/\/www.wallendorff.com\/belogue\/2009\/06\/01\/toad-the-wet-sprocket-the-ark-ann-arbor-05052009\/\"   ><strong>Toad the Wet Sprocket<\/strong><span class=\"petit\"> + Adam Ezra &ndash; The Ark, Ann Arbor &ndash; 05\/05\/2009<\/span><\/a><\/li>\n<li><a href=\"https:\/\/www.wallendorff.com\/belogue\/2009\/05\/25\/franz-ferdinand-born-ruffians-clutch-cargos-pontiac-03052009\/\"   ><strong>Franz Ferdinand<\/strong><span class=\"petit\"> + Born Ruffians &ndash; Clutch Cargo&#8217;s, Pontiac &ndash; 03\/05\/2009<\/span><\/a><\/li>\n<li><strong>Johnny Rawls Revue<\/strong><span class=\"petit\"> &ndash; Buddy Guy&#8217;s Legend, Chicago &ndash; 30\/04\/2009<\/span><\/li>\n<li><a href=\"https:\/\/www.wallendorff.com\/belogue\/2009\/04\/22\/mai-les-femmes-sen-melent-la-maroquinerie-paris-20-avril\"   ><strong>Juana Molina<\/strong><span class=\"petit\"> + Our Broken Garden + MAI &ndash; La Maroquinerie, Paris &ndash; 20\/04\/2009<\/span><\/a><\/li>\n<li><a href=\"https:\/\/www.wallendorff.com\/belogue\/2009\/04\/17\/the-subways-le-nouveau-casino-paris\/\"   ><strong>The Subways<\/strong><span class=\"petit\"> + Montgomery + The Temper Trap &ndash; Le Nouveau Casino, Paris &ndash; 16\/04\/2009<\/span><\/a><span class=\"petit\"> &#8211; <a href=\"https:\/\/www.wallendorff.com\/belogue\/2009\/04\/18\/the-subways-montgomery-temper-trap-le-nouveau-casino-paris-16-avril\/\"   >2<\/a><\/span><\/li>\n<li><strong>The Lads<\/strong><span class=\"petit\"> &ndash; Le Gambetta, Paris &ndash; 14\/04\/2009<\/span><\/li>\n<li><a href=\"https:\/\/www.wallendorff.com\/belogue\/2009\/04\/13\/handsome-furs-dag-for-dag-la-maroquinerie-paris-11-avril\/\"   ><strong>Handsome Furs<\/strong><span class=\"petit\"> + Dag F\u00f6r Dag &ndash; La Maroquinerie, Paris &ndash; 11\/04\/2009<\/span><\/a><\/li>\n<li><strong>Drou &amp; the Candy Kid<\/strong><span class=\"petit\"> &ndash; La Cave se Rebiffe, Paris &ndash; 09\/04\/2009<\/span><\/li>\n<li><a href=\"https:\/\/www.wallendorff.com\/belogue\/2009\/04\/05\/ghinzu-the-black-box-revelation-le-bataclan-paris-3-avril\/\"   ><strong>Ghinzu<\/strong><span class=\"petit\"> + The Black Box Revelation &ndash; Le Bataclan, Paris &ndash; 03\/04\/2009<\/span><\/a><\/li>\n<li><a href=\"https:\/\/www.wallendorff.com\/belogue\/2009\/04\/01\/ben-lee-la-fleche-dor-paris\/\"   ><strong>Ben Lee<\/strong><span class=\"petit\"> &ndash; La Fl&egrave;che d&#8217;Or, Paris &ndash; 31\/03\/2009<\/span><\/a><\/li>\n<li><a href=\"https:\/\/www.wallendorff.com\/belogue\/2009\/03\/28\/eagles-of-death-metal-le-bataclan-paris\/\"   ><strong>Eagles of Death Metal<\/strong><span class=\"petit\"> + <strike>The Haunts<\/strike> &ndash; Le Bataclan, Paris &ndash; 27\/03\/2009<\/span><\/a><\/li>\n<li><strong>Peter Bj\u00f6rn &amp; John<\/strong><span class=\"petit\"> + James Yuill &ndash; Le Nouveau Casino, Paris &ndash; 24\/03\/2009<\/span><\/li>\n<li><a href=\"https:\/\/www.wallendorff.com\/belogue\/2009\/03\/19\/mademoiselle-k-lalhambra-paris\"   ><strong>Mademoiselle K<\/strong><span class=\"petit\"> + Jil is Lucky &ndash; Th&eacute;&acirc;tre de l&#8217;Alhambra, Paris &ndash; 18\/03\/2009<\/span><\/a><\/li>\n<li><a href=\"https:\/\/www.wallendorff.com\/belogue\/2009\/03\/14\/drou-the-candy-kid-le-vieux-leon-paris\/\"   ><strong>Drou and the Candy Kid<\/strong><span class=\"petit\"> + Dave Oliffe &ndash; Le Vieux L&eacute;on, Paris &ndash; 13\/03\/2009<\/span><\/a><\/li>\n<li><a href=\"https:\/\/www.wallendorff.com\/belogue\/2009\/03\/06\/i-am-kloot-la-maroquinerie-paris\/\"   ><strong>I Am Kloot<\/strong><span class=\"petit\"> + Josephine Foster + Arlt. &ndash; La Maroquinerie, Paris &ndash; 05\/03\/2009<\/span><\/a><\/li>\n<li><a href=\"https:\/\/www.wallendorff.com\/belogue\/2009\/02\/26\/my-vitriol-le-point-ephemere-paris\/\"   ><strong>My Vitriol<\/strong><span class=\"petit\"> + Utopium &ndash; Le Point &Eacute;ph&eacute;m&egrave;re, Paris &ndash; 25\/02\/2009<\/span><\/a><\/li>\n<li><a href=\"https:\/\/www.wallendorff.com\/belogue\/2009\/02\/20\/the-script-le-bataclan-paris\/\"   ><strong>The Script<\/strong><span class=\"petit\"> + Gary Go &ndash; Le Bataclan, Paris &ndash; 19\/02\/2009<\/span><\/a><\/li>\n<li><strong>Brooklyn<\/strong><span class=\"petit\"> + The Agency &ndash; La Maroquinerie, Paris &ndash; 11\/02\/2009<\/span><\/li>\n<li><strong>Joseph d&#8217;Anvers<\/strong><span class=\"petit\"> + Domingo &ndash; Le Caf&eacute; de la Danse, Paris &ndash; 10\/02\/2009<\/span><\/a><\/li>\n<li><strong>Black Lips<\/strong><span class=\"petit\"> &ndash; Album de la Semaine, Paris &ndash; 09\/02\/2009<\/span><\/a><\/li>\n<li><a href=\"https:\/\/www.wallendorff.com\/belogue\/2009\/02\/05\/metro-station-la-maroquinerie-paris\/\"   ><strong>Metro Station<\/strong><span class=\"petit\"> + In the Club &ndash; La Maroquinerie, Paris &ndash; 04\/02\/2009<\/span><\/a><\/li>\n<li><a href=\"https:\/\/www.wallendorff.com\/belogue\/2009\/01\/28\/eagles-of-death-metal-elderberries-le-nouveau-casino-paris\/\"><strong>Eagles of Death Metal<\/strong><span class=\"petit\"> + Elderberries &ndash; Le Nouveau Casino, Paris &ndash; 27\/01\/2009<\/span><\/a><\/li>\n<li><a href=\"https:\/\/www.wallendorff.com\/belogue\/2009\/01\/19\/animal-collective-le-bataclan-paris-16-janvier\/\"   ><strong>Animal Collective<\/strong><span class=\"petit\"> + Highlife &ndash; Le Bataclan, Paris &ndash; 16\/01\/2009<\/span><\/a><\/li>\n<\/ul>\n","protected":false},"excerpt":{"rendered":"<p>Eiffel + The Black Box Revelation &ndash; La Fl&egrave;che d&#8217;Or, Paris &ndash; 14\/12\/2009 Julian Plenti + I&#8217;m in You &ndash; Th&eacute;&acirc;tre de l&#8217;Alhambra, Paris &ndash; 13\/12\/2009 Blood Red Shoes + Delphic + James Yuill + Get Well Soon &ndash; La Fl&egrave;che d&#8217;Or, Paris &ndash; 09\/12\/2009 Franz Ferdinand + The Cribs + John &amp; Jehn &ndash;&hellip;<\/p>\n","protected":false},"author":1,"featured_media":0,"parent":12472,"menu_order":0,"comment_status":"closed","ping_status":"closed","template":"","meta":{"_acf_changed":false,"ngg_post_thumbnail":0,"jetpack_post_was_ever_published":false,"footnotes":""},"class_list":["post-13735","page","type-page","status-publish","hentry"],"acf":[],"jetpack_shortlink":"https:\/\/wp.me\/P3b35P-3zx","jetpack_sharing_enabled":false,"jetpack-related-posts":[{"id":13723,"url":"https:\/\/www.wallendorff.com\/belogue\/gigographie\/2010-2\/","url_meta":{"origin":13735,"position":0},"title":"2010","author":"dpc","date":"21 octobre 2011","format":false,"excerpt":"Elista + Hello Bye Bye + Phyltre + DJ Moule \u2013 la Fl\u00e8che d\u2019Or, Paris \u2013 10\/12\/2010 Gossip + Hercules and Love Affair + Metronomy \u2013 Palais omnisports de Paris-Bercy, Paris \u2013 09\/12\/2010 Blood Red Shoes + Wallace Vanborn \u2013 le Trabendo, Paris \u2013 07\/12\/2010 Sophie Hunger + Juliette Commagere\u2026","rel":"","context":"Article similaire","block_context":{"text":"Article similaire","link":""},"img":{"alt_text":"","src":"","width":0,"height":0},"classes":[]},{"id":37142,"url":"https:\/\/www.wallendorff.com\/belogue\/artistes-a-z\/artistes-a-j\/","url_meta":{"origin":13735,"position":1},"title":"Artistes A \u2013 J","author":"dpc","date":"31 janvier 2018","format":false,"excerpt":"A Aaron Le Z\u00e9nith, Paris \u2013 26\/11\/2021 Pal\u00e9o Festival, Nyon \u2013 19\/07\/2016 La Cigale, Paris \u2013 14\/10\/2015 Aaron, Anna Les Trois Baudets, Paris \u2013 04\/11\/2014 Centre Culturel Suisse, Paris \u2013 14\/03\/2012 Acid Arab Les Eurock\u00e9ennes en r\u00e9sidence secondaire, Belfort \u2013 20\/07\/2021 Ad\u00e9 Les Eurock\u00e9ennes, Belfort \u2013 29\/06\/2023 Adieu Gary Cooper\u2026","rel":"","context":"Article similaire","block_context":{"text":"Article similaire","link":""},"img":{"alt_text":"","src":"","width":0,"height":0},"classes":[]},{"id":22589,"url":"https:\/\/www.wallendorff.com\/belogue\/gigographie\/2014-2\/","url_meta":{"origin":13735,"position":2},"title":"2014","author":"dpc","date":"10 mars 2014","format":false,"excerpt":"Bring the Noise Festival\u00a0: Royal Blood + Loading Data + Spark Gap \u2013 le Point \u00c9ph\u00e9m\u00e8re \u2013 Paris \u2013 18\/12\/2014 ALB + Stal \u2013 le Caf\u00e9 de la Danse \u2013 Paris \u2013 09\/12\/2014 Sharon Van Etten + Marisa Anderson \u2013 la Maroquinerie \u2013 Paris \u2013 01\/12\/2014 Emplume ton Brunch\u00a0: Alex\u2026","rel":"","context":"Article similaire","block_context":{"text":"Article similaire","link":""},"img":{"alt_text":"","src":"","width":0,"height":0},"classes":[]},{"id":13721,"url":"https:\/\/www.wallendorff.com\/belogue\/gigographie\/2011-2\/","url_meta":{"origin":13735,"position":3},"title":"2011","author":"dpc","date":"21 octobre 2011","format":false,"excerpt":"Kasabian + Miles Kane \u2013 The O2 Arena, Londres \u2013 14\/12\/2011 K's Choice \u2013 la Cigale, Paris \u2013 13\/12\/2011 Tom Vek + Im Takt \u2013 le Nouveau Casino, Paris \u2013 09\/12\/2011 The Horrors + Cerebral Ballzy \u2013 le Bataclan, Paris \u2013 07\/12\/2011 Black Lips + Acid Baby Jesus \u2013 la\u2026","rel":"","context":"Article similaire","block_context":{"text":"Article similaire","link":""},"img":{"alt_text":"","src":"","width":0,"height":0},"classes":[]},{"id":37144,"url":"https:\/\/www.wallendorff.com\/belogue\/artistes-a-z\/artistes-k-z\/","url_meta":{"origin":13735,"position":4},"title":"Artistes K \u2013 Z","author":"dpc","date":"31 janvier 2018","format":false,"excerpt":"K Kadebostany Le Caf\u00e9 de la Danse, Paris \u2013 20\/04\/2016 Pal\u00e9o Festival, Nyon \u2013 25\/07\/2013 Kaiser Chiefs La Fl\u00e8che d\u2019Or, Paris \u2013 22\/04\/2014 Main Square Festival, Arras \u2013 02\/07\/2011 Kalash Les Eurock\u00e9ennes, Belfort \u2013 04\/07\/2025 Kaleo Pal\u00e9o Festival, Nyon \u2013 17\/07\/2018 L'Olympia, Paris \u2013 15\/11\/2017 Le Trianon, Paris \u2013 27\/01\/2017\u2026","rel":"","context":"Article similaire","block_context":{"text":"Article similaire","link":""},"img":{"alt_text":"","src":"","width":0,"height":0},"classes":[]},{"id":15406,"url":"https:\/\/www.wallendorff.com\/belogue\/gigographie\/2012-2\/","url_meta":{"origin":13735,"position":5},"title":"2012","author":"dpc","date":"17 janvier 2012","format":false,"excerpt":"Two Gallants + To Kill a King \u2013 le Nouveau Casino \u2013 Paris \u2013 11\/12\/2012 The Raveonettes + Holy Esque \u2013 le Trabendo \u2013 Paris \u2013 07\/12\/2012 Mark Lanegan + Creature with the Atom Brain \u2013 le Trabendo \u2013 Paris \u2013 05\/12\/2012 The Dandy Warhols + The Blue Angel Lounge\u2026","rel":"","context":"Article similaire","block_context":{"text":"Article similaire","link":""},"img":{"alt_text":"","src":"","width":0,"height":0},"classes":[]}],"_links":{"self":[{"href":"https:\/\/www.wallendorff.com\/belogue\/wp-json\/wp\/v2\/pages\/13735","targetHints":{"allow":["GET"]}}],"collection":[{"href":"https:\/\/www.wallendorff.com\/belogue\/wp-json\/wp\/v2\/pages"}],"about":[{"href":"https:\/\/www.wallendorff.com\/belogue\/wp-json\/wp\/v2\/types\/page"}],"author":[{"embeddable":true,"href":"https:\/\/www.wallendorff.com\/belogue\/wp-json\/wp\/v2\/users\/1"}],"replies":[{"embeddable":true,"href":"https:\/\/www.wallendorff.com\/belogue\/wp-json\/wp\/v2\/comments?post=13735"}],"version-history":[{"count":4,"href":"https:\/\/www.wallendorff.com\/belogue\/wp-json\/wp\/v2\/pages\/13735\/revisions"}],"predecessor-version":[{"id":20350,"href":"https:\/\/www.wallendorff.com\/belogue\/wp-json\/wp\/v2\/pages\/13735\/revisions\/20350"}],"up":[{"embeddable":true,"href":"https:\/\/www.wallendorff.com\/belogue\/wp-json\/wp\/v2\/pages\/12472"}],"wp:attachment":[{"href":"https:\/\/www.wallendorff.com\/belogue\/wp-json\/wp\/v2\/media?parent=13735"}],"curies":[{"name":"wp","href":"https:\/\/api.w.org\/{rel}","templated":true}]}}