{"id":47652,"date":"2021-01-12T21:34:49","date_gmt":"2021-01-12T19:34:49","guid":{"rendered":"http:\/\/www.wallendorff.com\/belogue\/wp-content\/uploads\/2021\/01\/20210113-74.jpg"},"modified":"2021-01-12T21:34:49","modified_gmt":"2021-01-12T19:34:49","slug":"place-de-chambre-metz","status":"inherit","type":"attachment","link":"https:\/\/www.wallendorff.com\/belogue\/2020\/12\/31\/decembre-2020\/place-de-chambre-metz\/","title":{"rendered":"Place de Chambre, Metz"},"author":1,"featured_media":0,"comment_status":"open","ping_status":"closed","template":"","meta":{"_acf_changed":false,"ngg_post_thumbnail":0,"jetpack_post_was_ever_published":false},"class_list":["post-47652","attachment","type-attachment","status-inherit","hentry"],"acf":[],"jetpack_shortlink":"https:\/\/wp.me\/a3b35P-coA","jetpack_sharing_enabled":true,"description":{"rendered":"<p class=\"attachment\"><a href='https:\/\/www.wallendorff.com\/belogue\/wp-content\/uploads\/2021\/01\/20210113-74.jpg'><img fetchpriority=\"high\" decoding=\"async\" width=\"1170\" height=\"498\" src=\"https:\/\/www.wallendorff.com\/belogue\/wp-content\/uploads\/2021\/01\/20210113-74.jpg\" class=\"attachment-medium size-medium\" alt=\"\" srcset=\"https:\/\/www.wallendorff.com\/belogue\/wp-content\/uploads\/2021\/01\/20210113-74.jpg 1170w, https:\/\/www.wallendorff.com\/belogue\/wp-content\/uploads\/2021\/01\/20210113-74-820x349.jpg 820w, https:\/\/www.wallendorff.com\/belogue\/wp-content\/uploads\/2021\/01\/20210113-74-1116x475.jpg 1116w, https:\/\/www.wallendorff.com\/belogue\/wp-content\/uploads\/2021\/01\/20210113-74-806x343.jpg 806w, https:\/\/www.wallendorff.com\/belogue\/wp-content\/uploads\/2021\/01\/20210113-74-558x238.jpg 558w, https:\/\/www.wallendorff.com\/belogue\/wp-content\/uploads\/2021\/01\/20210113-74-655x279.jpg 655w, https:\/\/www.wallendorff.com\/belogue\/wp-content\/uploads\/2021\/01\/20210113-74-600x255.jpg 600w\" sizes=\"(max-width: 1170px) 100vw, 1170px\" \/><\/a><\/p>\n"},"caption":{"rendered":"<p>Vue panoramique de la place de Chambre et la cathedrale la nuit, Metz<\/p>\n"},"alt_text":"","media_type":"image","mime_type":"image\/jpeg","media_details":{"width":1170,"height":498,"file":"2021\/01\/20210113-74.jpg","filesize":327539,"sizes":{"woocommerce_thumbnail":{"file":"20210113-74-550x498.jpg","width":550,"height":498,"filesize":57254,"uncropped":false,"mime_type":"image\/jpeg","source_url":"https:\/\/www.wallendorff.com\/belogue\/wp-content\/uploads\/2021\/01\/20210113-74-550x498.jpg"},"woocommerce_gallery_thumbnail":{"file":"20210113-74-220x220.jpg","width":220,"height":220,"filesize":10585,"mime_type":"image\/jpeg","source_url":"https:\/\/www.wallendorff.com\/belogue\/wp-content\/uploads\/2021\/01\/20210113-74-220x220.jpg"},"woocommerce_single":{"file":"20210113-74-820x349.jpg","width":820,"height":349,"filesize":57646,"mime_type":"image\/jpeg","source_url":"https:\/\/www.wallendorff.com\/belogue\/wp-content\/uploads\/2021\/01\/20210113-74-820x349.jpg"},"blog-thumb-1":{"file":"20210113-74-468x328.jpg","width":468,"height":328,"mime_type":"image\/jpeg","source_url":"https:\/\/www.wallendorff.com\/belogue\/wp-content\/uploads\/2021\/01\/20210113-74-468x328.jpg"},"blog-thumb-2":{"file":"20210113-74-468x468.jpg","width":468,"height":468,"mime_type":"image\/jpeg","source_url":"https:\/\/www.wallendorff.com\/belogue\/wp-content\/uploads\/2021\/01\/20210113-74-468x468.jpg"},"blog-thumb-3":{"file":"20210113-74-845x498.jpg","width":845,"height":498,"mime_type":"image\/jpeg","source_url":"https:\/\/www.wallendorff.com\/belogue\/wp-content\/uploads\/2021\/01\/20210113-74-845x498.jpg"},"portfolio-single-img-2":{"file":"20210113-74-1116x475.jpg","width":1116,"height":475,"mime_type":"image\/jpeg","source_url":"https:\/\/www.wallendorff.com\/belogue\/wp-content\/uploads\/2021\/01\/20210113-74-1116x475.jpg"},"portfolio-single-img-3":{"file":"20210113-74-806x343.jpg","width":806,"height":343,"mime_type":"image\/jpeg","source_url":"https:\/\/www.wallendorff.com\/belogue\/wp-content\/uploads\/2021\/01\/20210113-74-806x343.jpg"},"portfolio-single-img-4":{"file":"20210113-74-558x238.jpg","width":558,"height":238,"mime_type":"image\/jpeg","source_url":"https:\/\/www.wallendorff.com\/belogue\/wp-content\/uploads\/2021\/01\/20210113-74-558x238.jpg"},"portfolio-img-1":{"file":"20210113-74-655x498.jpg","width":655,"height":498,"mime_type":"image\/jpeg","source_url":"https:\/\/www.wallendorff.com\/belogue\/wp-content\/uploads\/2021\/01\/20210113-74-655x498.jpg"},"portfolio-img-2":{"file":"20210113-74-655x498.jpg","width":655,"height":498,"mime_type":"image\/jpeg","source_url":"https:\/\/www.wallendorff.com\/belogue\/wp-content\/uploads\/2021\/01\/20210113-74-655x498.jpg"},"portfolio-img-3":{"file":"20210113-74-655x279.jpg","width":655,"height":279,"mime_type":"image\/jpeg","source_url":"https:\/\/www.wallendorff.com\/belogue\/wp-content\/uploads\/2021\/01\/20210113-74-655x279.jpg"},"shop-category-thumb":{"file":"20210113-74-500x290.jpg","width":500,"height":290,"mime_type":"image\/jpeg","source_url":"https:\/\/www.wallendorff.com\/belogue\/wp-content\/uploads\/2021\/01\/20210113-74-500x290.jpg"},"shop_catalog":{"file":"20210113-74-550x498.jpg","width":550,"height":498,"mime_type":"image\/jpeg","source_url":"https:\/\/www.wallendorff.com\/belogue\/wp-content\/uploads\/2021\/01\/20210113-74-550x498.jpg"},"shop_single":{"file":"20210113-74-820x349.jpg","width":820,"height":349,"mime_type":"image\/jpeg","source_url":"https:\/\/www.wallendorff.com\/belogue\/wp-content\/uploads\/2021\/01\/20210113-74-820x349.jpg"},"shop_thumbnail":{"file":"20210113-74-220x220.jpg","width":220,"height":220,"mime_type":"image\/jpeg","source_url":"https:\/\/www.wallendorff.com\/belogue\/wp-content\/uploads\/2021\/01\/20210113-74-220x220.jpg"},"600x99999":{"file":"20210113-74-600x498.jpg","width":600,"height":498,"mime_type":"image\/jpeg","source_url":"https:\/\/www.wallendorff.com\/belogue\/wp-content\/uploads\/2021\/01\/20210113-74-600x498.jpg"},"600x0":{"file":"20210113-74-600x255.jpg","width":600,"height":255,"filesize":32808,"mime_type":"image\/jpeg","source_url":"https:\/\/www.wallendorff.com\/belogue\/wp-content\/uploads\/2021\/01\/20210113-74-600x255.jpg"},"full":{"file":"20210113-74.jpg","width":1170,"height":498,"mime_type":"image\/jpeg","source_url":"https:\/\/www.wallendorff.com\/belogue\/wp-content\/uploads\/2021\/01\/20210113-74.jpg"}},"image_meta":{"aperture":"1","credit":"L. Wallendorff","camera":"X-T3","caption":"Vue panoramique de la place de Chambre et la cathedrale la nuit, Metz","created_timestamp":"1609089084","copyright":"Ludwig Wallendorff\/REA","focal_length":"8","iso":"3200","shutter_speed":"0.033333333333333","title":"Place de Chambre, Metz","orientation":"1","keywords":["France","Lorraine","Metz","Moselle","cath\u00e9drale","cath\u00e9drale Saint-\u00c9tienne","cr\u00e9puscule","panoramique","place de Chambre"]}},"post":47576,"source_url":"https:\/\/www.wallendorff.com\/belogue\/wp-content\/uploads\/2021\/01\/20210113-74.jpg","_links":{"self":[{"href":"https:\/\/www.wallendorff.com\/belogue\/wp-json\/wp\/v2\/media\/47652","targetHints":{"allow":["GET"]}}],"collection":[{"href":"https:\/\/www.wallendorff.com\/belogue\/wp-json\/wp\/v2\/media"}],"about":[{"href":"https:\/\/www.wallendorff.com\/belogue\/wp-json\/wp\/v2\/types\/attachment"}],"author":[{"embeddable":true,"href":"https:\/\/www.wallendorff.com\/belogue\/wp-json\/wp\/v2\/users\/1"}],"replies":[{"embeddable":true,"href":"https:\/\/www.wallendorff.com\/belogue\/wp-json\/wp\/v2\/comments?post=47652"}],"wp:attached-to":[{"embeddable":true,"post_type":"post","id":47576,"href":"https:\/\/www.wallendorff.com\/belogue\/wp-json\/wp\/v2\/posts\/47576"}],"curies":[{"name":"wp","href":"https:\/\/api.w.org\/{rel}","templated":true}]}}

cathédrale

cathédrale Saint-Étienne

crépuscule
