{"id":46460,"date":"2020-07-25T10:55:18","date_gmt":"2020-07-25T08:55:18","guid":{"rendered":"http:\/\/www.wallendorff.com\/belogue\/wp-content\/uploads\/2020\/07\/20200725-52.jpg"},"modified":"2020-07-25T10:55:18","modified_gmt":"2020-07-25T08:55:18","slug":"bon-voyage-organisation-paleo-festival-nyon-22-07-2018-3","status":"inherit","type":"attachment","link":"https:\/\/www.wallendorff.com\/belogue\/bon-voyage-organisation-paleo-festival-nyon-22-07-2018-3\/","title":{"rendered":"Bon Voyage Organisation @ Pal\u00e9o Festival, Nyon, 22\/07\/2018"},"author":1,"featured_media":0,"comment_status":"open","ping_status":"closed","template":"","meta":{"_acf_changed":false,"ngg_post_thumbnail":0,"jetpack_post_was_ever_published":false},"class_list":["post-46460","attachment","type-attachment","status-inherit","hentry"],"acf":[],"jetpack_shortlink":"https:\/\/wp.me\/a3b35P-c5m","jetpack_sharing_enabled":true,"description":{"rendered":"<p class=\"attachment\"><a href='https:\/\/www.wallendorff.com\/belogue\/wp-content\/uploads\/2020\/07\/20200725-52.jpg'><img fetchpriority=\"high\" decoding=\"async\" width=\"780\" height=\"1170\" src=\"https:\/\/www.wallendorff.com\/belogue\/wp-content\/uploads\/2020\/07\/20200725-52.jpg\" class=\"attachment-medium size-medium\" alt=\"\" srcset=\"https:\/\/www.wallendorff.com\/belogue\/wp-content\/uploads\/2020\/07\/20200725-52.jpg 780w, https:\/\/www.wallendorff.com\/belogue\/wp-content\/uploads\/2020\/07\/20200725-52-558x837.jpg 558w, https:\/\/www.wallendorff.com\/belogue\/wp-content\/uploads\/2020\/07\/20200725-52-655x983.jpg 655w, https:\/\/www.wallendorff.com\/belogue\/wp-content\/uploads\/2020\/07\/20200725-52-600x900.jpg 600w\" sizes=\"(max-width: 780px) 100vw, 780px\" \/><\/a><\/p>\n"},"caption":{"rendered":"<p>Bon Voyage Organisation @ Pal\u00e9o Festival, Nyon, 22\/07\/2018<\/p>\n"},"alt_text":"","media_type":"image","mime_type":"image\/jpeg","media_details":{"width":780,"height":1170,"file":"2020\/07\/20200725-52.jpg","filesize":249613,"sizes":{"woocommerce_thumbnail":{"file":"20200725-52-550x550.jpg","width":550,"height":550,"filesize":41511,"uncropped":false,"mime_type":"image\/jpeg","source_url":"https:\/\/www.wallendorff.com\/belogue\/wp-content\/uploads\/2020\/07\/20200725-52-550x550.jpg"},"woocommerce_gallery_thumbnail":{"file":"20200725-52-220x220.jpg","width":220,"height":220,"filesize":11074,"mime_type":"image\/jpeg","source_url":"https:\/\/www.wallendorff.com\/belogue\/wp-content\/uploads\/2020\/07\/20200725-52-220x220.jpg"},"blog-thumb-1":{"file":"20200725-52-468x328.jpg","width":468,"height":328,"mime_type":"image\/jpeg","source_url":"https:\/\/www.wallendorff.com\/belogue\/wp-content\/uploads\/2020\/07\/20200725-52-468x328.jpg"},"blog-thumb-2":{"file":"20200725-52-468x468.jpg","width":468,"height":468,"mime_type":"image\/jpeg","source_url":"https:\/\/www.wallendorff.com\/belogue\/wp-content\/uploads\/2020\/07\/20200725-52-468x468.jpg"},"blog-thumb-3":{"file":"20200725-52-780x592.jpg","width":780,"height":592,"mime_type":"image\/jpeg","source_url":"https:\/\/www.wallendorff.com\/belogue\/wp-content\/uploads\/2020\/07\/20200725-52-780x592.jpg"},"blog-single-1":{"file":"20200725-52-780x635.jpg","width":780,"height":635,"mime_type":"image\/jpeg","source_url":"https:\/\/www.wallendorff.com\/belogue\/wp-content\/uploads\/2020\/07\/20200725-52-780x635.jpg"},"portfolio-single-img-4":{"file":"20200725-52-558x837.jpg","width":558,"height":837,"mime_type":"image\/jpeg","source_url":"https:\/\/www.wallendorff.com\/belogue\/wp-content\/uploads\/2020\/07\/20200725-52-558x837.jpg"},"portfolio-img-1":{"file":"20200725-52-655x545.jpg","width":655,"height":545,"mime_type":"image\/jpeg","source_url":"https:\/\/www.wallendorff.com\/belogue\/wp-content\/uploads\/2020\/07\/20200725-52-655x545.jpg"},"portfolio-img-2":{"file":"20200725-52-655x545.jpg","width":655,"height":545,"mime_type":"image\/jpeg","source_url":"https:\/\/www.wallendorff.com\/belogue\/wp-content\/uploads\/2020\/07\/20200725-52-655x545.jpg"},"portfolio-img-3":{"file":"20200725-52-655x983.jpg","width":655,"height":983,"mime_type":"image\/jpeg","source_url":"https:\/\/www.wallendorff.com\/belogue\/wp-content\/uploads\/2020\/07\/20200725-52-655x983.jpg"},"shop-category-thumb":{"file":"20200725-52-500x290.jpg","width":500,"height":290,"mime_type":"image\/jpeg","source_url":"https:\/\/www.wallendorff.com\/belogue\/wp-content\/uploads\/2020\/07\/20200725-52-500x290.jpg"},"shop_catalog":{"file":"20200725-52-550x550.jpg","width":550,"height":550,"mime_type":"image\/jpeg","source_url":"https:\/\/www.wallendorff.com\/belogue\/wp-content\/uploads\/2020\/07\/20200725-52-550x550.jpg"},"shop_thumbnail":{"file":"20200725-52-220x220.jpg","width":220,"height":220,"mime_type":"image\/jpeg","source_url":"https:\/\/www.wallendorff.com\/belogue\/wp-content\/uploads\/2020\/07\/20200725-52-220x220.jpg"},"600x99999":{"file":"20200725-52-600x1170.jpg","width":600,"height":1170,"mime_type":"image\/jpeg","source_url":"https:\/\/www.wallendorff.com\/belogue\/wp-content\/uploads\/2020\/07\/20200725-52-600x1170.jpg"},"600x0":{"file":"20200725-52-600x900.jpg","width":600,"height":900,"filesize":69012,"mime_type":"image\/jpeg","source_url":"https:\/\/www.wallendorff.com\/belogue\/wp-content\/uploads\/2020\/07\/20200725-52-600x900.jpg"},"full":{"file":"20200725-52.jpg","width":780,"height":1170,"mime_type":"image\/jpeg","source_url":"https:\/\/www.wallendorff.com\/belogue\/wp-content\/uploads\/2020\/07\/20200725-52.jpg"}},"image_meta":{"aperture":"2.8","credit":"L. Wallendorff","camera":"Canon EOS 5D Mark III","caption":"Bon Voyage Organisation @ Pal\u00e9o Festival, Nyon, 22\/07\/2018","created_timestamp":"1532287944","copyright":"L. Wallendorff \u2013 www.wallendorff.com","focal_length":"70","iso":"250","shutter_speed":"0.01","title":"Bon Voyage Organisation @ Pal\u00e9o Festival, Nyon, 22\/07\/2018","orientation":"0","keywords":["2018","Bon Voyage Organisation","Club Tent","Ludwig Wallendorff","Nyon","Pal\u00e9o Festival","Pal\u00e9o Festival 2018","Pal\u00e9o Festival Nyon 2018","Pal\u00e9officiel","Suisse","Tr\u00e9lex","alive","canton de Vaud","concert","dimanche 22 juillet 2018","district de Nyon","festival","plaine de l'Asse"]}},"post":null,"source_url":"https:\/\/www.wallendorff.com\/belogue\/wp-content\/uploads\/2020\/07\/20200725-52.jpg","_links":{"self":[{"href":"https:\/\/www.wallendorff.com\/belogue\/wp-json\/wp\/v2\/media\/46460","targetHints":{"allow":["GET"]}}],"collection":[{"href":"https:\/\/www.wallendorff.com\/belogue\/wp-json\/wp\/v2\/media"}],"about":[{"href":"https:\/\/www.wallendorff.com\/belogue\/wp-json\/wp\/v2\/types\/attachment"}],"author":[{"embeddable":true,"href":"https:\/\/www.wallendorff.com\/belogue\/wp-json\/wp\/v2\/users\/1"}],"replies":[{"embeddable":true,"href":"https:\/\/www.wallendorff.com\/belogue\/wp-json\/wp\/v2\/comments?post=46460"}]}}

Bon Voyage Organisation @ Paléo Festival, Nyon, 22/07/2018

<p>Bon Voyage Organisation @ Paléo Festival, Nyon, 22/07/2018</p>

Paléo Festival

Paléo Festival 2018

Paléo Festival Nyon 2018

Paléofficiel

Trélex
