{"id":45964,"date":"2020-07-06T09:31:23","date_gmt":"2020-07-06T07:31:23","guid":{"rendered":"http:\/\/www.wallendorff.com\/belogue\/wp-content\/uploads\/2020\/07\/20200706-21.jpg"},"modified":"2020-07-06T09:31:23","modified_gmt":"2020-07-06T07:31:23","slug":"les-eurockeennes-belfort-30-06-2007","status":"inherit","type":"attachment","link":"https:\/\/www.wallendorff.com\/belogue\/les-eurockeennes-belfort-30-06-2007\/","title":{"rendered":"Les Eurock\u00e9ennes, Belfort, 30\/06\/2007"},"author":1,"featured_media":0,"comment_status":"open","ping_status":"closed","template":"","meta":{"_acf_changed":false,"ngg_post_thumbnail":0,"jetpack_post_was_ever_published":false},"class_list":["post-45964","attachment","type-attachment","status-inherit","hentry"],"acf":[],"jetpack_shortlink":"https:\/\/wp.me\/a3b35P-bXm","jetpack_sharing_enabled":true,"description":{"rendered":"<p class=\"attachment\"><a href='https:\/\/www.wallendorff.com\/belogue\/wp-content\/uploads\/2020\/07\/20200706-21.jpg'><img fetchpriority=\"high\" decoding=\"async\" width=\"780\" height=\"1170\" src=\"https:\/\/www.wallendorff.com\/belogue\/wp-content\/uploads\/2020\/07\/20200706-21.jpg\" class=\"attachment-medium size-medium\" alt=\"\" srcset=\"https:\/\/www.wallendorff.com\/belogue\/wp-content\/uploads\/2020\/07\/20200706-21.jpg 780w, https:\/\/www.wallendorff.com\/belogue\/wp-content\/uploads\/2020\/07\/20200706-21-558x837.jpg 558w, https:\/\/www.wallendorff.com\/belogue\/wp-content\/uploads\/2020\/07\/20200706-21-655x983.jpg 655w, https:\/\/www.wallendorff.com\/belogue\/wp-content\/uploads\/2020\/07\/20200706-21-600x900.jpg 600w\" sizes=\"(max-width: 780px) 100vw, 780px\" \/><\/a><\/p>\n"},"caption":{"rendered":""},"alt_text":"","media_type":"image","mime_type":"image\/jpeg","media_details":{"width":780,"height":1170,"file":"2020\/07\/20200706-21.jpg","filesize":333159,"sizes":{"woocommerce_thumbnail":{"file":"20200706-21-550x550.jpg","width":550,"height":550,"filesize":60247,"uncropped":false,"mime_type":"image\/jpeg","source_url":"https:\/\/www.wallendorff.com\/belogue\/wp-content\/uploads\/2020\/07\/20200706-21-550x550.jpg"},"woocommerce_gallery_thumbnail":{"file":"20200706-21-220x220.jpg","width":220,"height":220,"filesize":12900,"mime_type":"image\/jpeg","source_url":"https:\/\/www.wallendorff.com\/belogue\/wp-content\/uploads\/2020\/07\/20200706-21-220x220.jpg"},"blog-thumb-1":{"file":"20200706-21-468x328.jpg","width":468,"height":328,"mime_type":"image\/jpeg","source_url":"https:\/\/www.wallendorff.com\/belogue\/wp-content\/uploads\/2020\/07\/20200706-21-468x328.jpg"},"blog-thumb-2":{"file":"20200706-21-468x468.jpg","width":468,"height":468,"mime_type":"image\/jpeg","source_url":"https:\/\/www.wallendorff.com\/belogue\/wp-content\/uploads\/2020\/07\/20200706-21-468x468.jpg"},"blog-thumb-3":{"file":"20200706-21-780x592.jpg","width":780,"height":592,"mime_type":"image\/jpeg","source_url":"https:\/\/www.wallendorff.com\/belogue\/wp-content\/uploads\/2020\/07\/20200706-21-780x592.jpg"},"blog-single-1":{"file":"20200706-21-780x635.jpg","width":780,"height":635,"mime_type":"image\/jpeg","source_url":"https:\/\/www.wallendorff.com\/belogue\/wp-content\/uploads\/2020\/07\/20200706-21-780x635.jpg"},"portfolio-single-img-4":{"file":"20200706-21-558x837.jpg","width":558,"height":837,"mime_type":"image\/jpeg","source_url":"https:\/\/www.wallendorff.com\/belogue\/wp-content\/uploads\/2020\/07\/20200706-21-558x837.jpg"},"portfolio-img-1":{"file":"20200706-21-655x545.jpg","width":655,"height":545,"mime_type":"image\/jpeg","source_url":"https:\/\/www.wallendorff.com\/belogue\/wp-content\/uploads\/2020\/07\/20200706-21-655x545.jpg"},"portfolio-img-2":{"file":"20200706-21-655x545.jpg","width":655,"height":545,"mime_type":"image\/jpeg","source_url":"https:\/\/www.wallendorff.com\/belogue\/wp-content\/uploads\/2020\/07\/20200706-21-655x545.jpg"},"portfolio-img-3":{"file":"20200706-21-655x983.jpg","width":655,"height":983,"mime_type":"image\/jpeg","source_url":"https:\/\/www.wallendorff.com\/belogue\/wp-content\/uploads\/2020\/07\/20200706-21-655x983.jpg"},"shop-category-thumb":{"file":"20200706-21-500x290.jpg","width":500,"height":290,"mime_type":"image\/jpeg","source_url":"https:\/\/www.wallendorff.com\/belogue\/wp-content\/uploads\/2020\/07\/20200706-21-500x290.jpg"},"shop_catalog":{"file":"20200706-21-550x550.jpg","width":550,"height":550,"mime_type":"image\/jpeg","source_url":"https:\/\/www.wallendorff.com\/belogue\/wp-content\/uploads\/2020\/07\/20200706-21-550x550.jpg"},"shop_thumbnail":{"file":"20200706-21-220x220.jpg","width":220,"height":220,"mime_type":"image\/jpeg","source_url":"https:\/\/www.wallendorff.com\/belogue\/wp-content\/uploads\/2020\/07\/20200706-21-220x220.jpg"},"600x99999":{"file":"20200706-21-600x1170.jpg","width":600,"height":1170,"mime_type":"image\/jpeg","source_url":"https:\/\/www.wallendorff.com\/belogue\/wp-content\/uploads\/2020\/07\/20200706-21-600x1170.jpg"},"600x0":{"file":"20200706-21-600x900.jpg","width":600,"height":900,"filesize":83286,"mime_type":"image\/jpeg","source_url":"https:\/\/www.wallendorff.com\/belogue\/wp-content\/uploads\/2020\/07\/20200706-21-600x900.jpg"},"full":{"file":"20200706-21.jpg","width":780,"height":1170,"mime_type":"image\/jpeg","source_url":"https:\/\/www.wallendorff.com\/belogue\/wp-content\/uploads\/2020\/07\/20200706-21.jpg"}},"image_meta":{"aperture":"2.8","credit":"L. Wallendorff","camera":"Canon EOS-1D Mark II","caption":"","created_timestamp":"1183224903","copyright":"","focal_length":"70","iso":"100","shutter_speed":"0.000625","title":"Les Eurock\u00e9ennes, Belfort, 30\/06\/2007","orientation":"1","keywords":["Belfort","France","Franche-Comt\u00e9","Les Eurock\u00e9ennes","Les Eurock\u00e9ennes de Belfort 2007","Sermamagny","Territoire de Belfort","alive","festival","presqu'\u00eele du Malsaucy"]}},"post":null,"source_url":"https:\/\/www.wallendorff.com\/belogue\/wp-content\/uploads\/2020\/07\/20200706-21.jpg","_links":{"self":[{"href":"https:\/\/www.wallendorff.com\/belogue\/wp-json\/wp\/v2\/media\/45964","targetHints":{"allow":["GET"]}}],"collection":[{"href":"https:\/\/www.wallendorff.com\/belogue\/wp-json\/wp\/v2\/media"}],"about":[{"href":"https:\/\/www.wallendorff.com\/belogue\/wp-json\/wp\/v2\/types\/attachment"}],"author":[{"embeddable":true,"href":"https:\/\/www.wallendorff.com\/belogue\/wp-json\/wp\/v2\/users\/1"}],"replies":[{"embeddable":true,"href":"https:\/\/www.wallendorff.com\/belogue\/wp-json\/wp\/v2\/comments?post=45964"}]}}

Les Eurockéennes, Belfort, 30/06/2007

Franche-Comté

Les Eurockéennes

Les Eurockéennes de Belfort 2007

presqu'île du Malsaucy
