{"id":45921,"date":"2020-06-22T23:44:03","date_gmt":"2020-06-22T21:44:03","guid":{"rendered":"http:\/\/www.wallendorff.com\/belogue\/wp-content\/uploads\/2020\/06\/20200623-11.jpg"},"modified":"2020-06-22T23:44:03","modified_gmt":"2020-06-22T21:44:03","slug":"palais-du-belvedere-vienne-10-decembre-2017","status":"inherit","type":"attachment","link":"https:\/\/www.wallendorff.com\/belogue\/palais-du-belvedere-vienne-10-decembre-2017\/","title":{"rendered":"Palais du Belv\u00e9d\u00e8re, Vienne, 10 d\u00e9cembre 2017"},"author":1,"featured_media":0,"comment_status":"open","ping_status":"closed","template":"","meta":{"_acf_changed":false,"ngg_post_thumbnail":0,"jetpack_post_was_ever_published":false},"class_list":["post-45921","attachment","type-attachment","status-inherit","hentry"],"acf":[],"jetpack_shortlink":"https:\/\/wp.me\/a3b35P-bWF","jetpack_sharing_enabled":true,"description":{"rendered":"<p class=\"attachment\"><a href='https:\/\/www.wallendorff.com\/belogue\/wp-content\/uploads\/2020\/06\/20200623-11.jpg'><img fetchpriority=\"high\" decoding=\"async\" width=\"1170\" height=\"498\" src=\"https:\/\/www.wallendorff.com\/belogue\/wp-content\/uploads\/2020\/06\/20200623-11.jpg\" class=\"attachment-medium size-medium\" alt=\"\" srcset=\"https:\/\/www.wallendorff.com\/belogue\/wp-content\/uploads\/2020\/06\/20200623-11.jpg 1170w, https:\/\/www.wallendorff.com\/belogue\/wp-content\/uploads\/2020\/06\/20200623-11-820x349.jpg 820w, https:\/\/www.wallendorff.com\/belogue\/wp-content\/uploads\/2020\/06\/20200623-11-1116x475.jpg 1116w, https:\/\/www.wallendorff.com\/belogue\/wp-content\/uploads\/2020\/06\/20200623-11-806x343.jpg 806w, https:\/\/www.wallendorff.com\/belogue\/wp-content\/uploads\/2020\/06\/20200623-11-558x238.jpg 558w, https:\/\/www.wallendorff.com\/belogue\/wp-content\/uploads\/2020\/06\/20200623-11-655x279.jpg 655w, https:\/\/www.wallendorff.com\/belogue\/wp-content\/uploads\/2020\/06\/20200623-11-600x255.jpg 600w\" sizes=\"(max-width: 1170px) 100vw, 1170px\" \/><\/a><\/p>\n"},"caption":{"rendered":"<p>Palais du Belv\u00e9d\u00e8re, Vienne, 10 d\u00e9cembre 2017<\/p>\n"},"alt_text":"","media_type":"image","mime_type":"image\/jpeg","media_details":{"width":1170,"height":498,"file":"2020\/06\/20200623-11.jpg","filesize":216324,"sizes":{"woocommerce_thumbnail":{"file":"20200623-11-550x498.jpg","width":550,"height":498,"filesize":44631,"uncropped":false,"mime_type":"image\/jpeg","source_url":"https:\/\/www.wallendorff.com\/belogue\/wp-content\/uploads\/2020\/06\/20200623-11-550x498.jpg"},"woocommerce_gallery_thumbnail":{"file":"20200623-11-220x220.jpg","width":220,"height":220,"filesize":10181,"mime_type":"image\/jpeg","source_url":"https:\/\/www.wallendorff.com\/belogue\/wp-content\/uploads\/2020\/06\/20200623-11-220x220.jpg"},"woocommerce_single":{"file":"20200623-11-820x349.jpg","width":820,"height":349,"filesize":38471,"mime_type":"image\/jpeg","source_url":"https:\/\/www.wallendorff.com\/belogue\/wp-content\/uploads\/2020\/06\/20200623-11-820x349.jpg"},"blog-thumb-1":{"file":"20200623-11-468x328.jpg","width":468,"height":328,"mime_type":"image\/jpeg","source_url":"https:\/\/www.wallendorff.com\/belogue\/wp-content\/uploads\/2020\/06\/20200623-11-468x328.jpg"},"blog-thumb-2":{"file":"20200623-11-468x468.jpg","width":468,"height":468,"mime_type":"image\/jpeg","source_url":"https:\/\/www.wallendorff.com\/belogue\/wp-content\/uploads\/2020\/06\/20200623-11-468x468.jpg"},"blog-thumb-3":{"file":"20200623-11-845x498.jpg","width":845,"height":498,"mime_type":"image\/jpeg","source_url":"https:\/\/www.wallendorff.com\/belogue\/wp-content\/uploads\/2020\/06\/20200623-11-845x498.jpg"},"portfolio-single-img-2":{"file":"20200623-11-1116x475.jpg","width":1116,"height":475,"mime_type":"image\/jpeg","source_url":"https:\/\/www.wallendorff.com\/belogue\/wp-content\/uploads\/2020\/06\/20200623-11-1116x475.jpg"},"portfolio-single-img-3":{"file":"20200623-11-806x343.jpg","width":806,"height":343,"mime_type":"image\/jpeg","source_url":"https:\/\/www.wallendorff.com\/belogue\/wp-content\/uploads\/2020\/06\/20200623-11-806x343.jpg"},"portfolio-single-img-4":{"file":"20200623-11-558x238.jpg","width":558,"height":238,"mime_type":"image\/jpeg","source_url":"https:\/\/www.wallendorff.com\/belogue\/wp-content\/uploads\/2020\/06\/20200623-11-558x238.jpg"},"portfolio-img-1":{"file":"20200623-11-655x498.jpg","width":655,"height":498,"mime_type":"image\/jpeg","source_url":"https:\/\/www.wallendorff.com\/belogue\/wp-content\/uploads\/2020\/06\/20200623-11-655x498.jpg"},"portfolio-img-2":{"file":"20200623-11-655x498.jpg","width":655,"height":498,"mime_type":"image\/jpeg","source_url":"https:\/\/www.wallendorff.com\/belogue\/wp-content\/uploads\/2020\/06\/20200623-11-655x498.jpg"},"portfolio-img-3":{"file":"20200623-11-655x279.jpg","width":655,"height":279,"mime_type":"image\/jpeg","source_url":"https:\/\/www.wallendorff.com\/belogue\/wp-content\/uploads\/2020\/06\/20200623-11-655x279.jpg"},"shop-category-thumb":{"file":"20200623-11-500x290.jpg","width":500,"height":290,"mime_type":"image\/jpeg","source_url":"https:\/\/www.wallendorff.com\/belogue\/wp-content\/uploads\/2020\/06\/20200623-11-500x290.jpg"},"shop_catalog":{"file":"20200623-11-550x498.jpg","width":550,"height":498,"mime_type":"image\/jpeg","source_url":"https:\/\/www.wallendorff.com\/belogue\/wp-content\/uploads\/2020\/06\/20200623-11-550x498.jpg"},"shop_single":{"file":"20200623-11-820x349.jpg","width":820,"height":349,"mime_type":"image\/jpeg","source_url":"https:\/\/www.wallendorff.com\/belogue\/wp-content\/uploads\/2020\/06\/20200623-11-820x349.jpg"},"shop_thumbnail":{"file":"20200623-11-220x220.jpg","width":220,"height":220,"mime_type":"image\/jpeg","source_url":"https:\/\/www.wallendorff.com\/belogue\/wp-content\/uploads\/2020\/06\/20200623-11-220x220.jpg"},"600x99999":{"file":"20200623-11-600x498.jpg","width":600,"height":498,"mime_type":"image\/jpeg","source_url":"https:\/\/www.wallendorff.com\/belogue\/wp-content\/uploads\/2020\/06\/20200623-11-600x498.jpg"},"600x0":{"file":"20200623-11-600x255.jpg","width":600,"height":255,"filesize":23053,"mime_type":"image\/jpeg","source_url":"https:\/\/www.wallendorff.com\/belogue\/wp-content\/uploads\/2020\/06\/20200623-11-600x255.jpg"},"full":{"file":"20200623-11.jpg","width":1170,"height":498,"mime_type":"image\/jpeg","source_url":"https:\/\/www.wallendorff.com\/belogue\/wp-content\/uploads\/2020\/06\/20200623-11.jpg"}},"image_meta":{"aperture":"10","credit":"L. Wallendorff","camera":"Canon EOS 5D Mark III","caption":"Palais du Belv\u00e9d\u00e8re, Vienne, 10 d\u00e9cembre 2017","created_timestamp":"1512922834","copyright":"L. Wallendorff \u2013 www.wallendorff.com","focal_length":"24","iso":"100","shutter_speed":"3.2","title":"Palais du Belv\u00e9d\u00e8re, Vienne, 10 d\u00e9cembre 2017","orientation":"1","keywords":[]}},"post":null,"source_url":"https:\/\/www.wallendorff.com\/belogue\/wp-content\/uploads\/2020\/06\/20200623-11.jpg","_links":{"self":[{"href":"https:\/\/www.wallendorff.com\/belogue\/wp-json\/wp\/v2\/media\/45921","targetHints":{"allow":["GET"]}}],"collection":[{"href":"https:\/\/www.wallendorff.com\/belogue\/wp-json\/wp\/v2\/media"}],"about":[{"href":"https:\/\/www.wallendorff.com\/belogue\/wp-json\/wp\/v2\/types\/attachment"}],"author":[{"embeddable":true,"href":"https:\/\/www.wallendorff.com\/belogue\/wp-json\/wp\/v2\/users\/1"}],"replies":[{"embeddable":true,"href":"https:\/\/www.wallendorff.com\/belogue\/wp-json\/wp\/v2\/comments?post=45921"}]}}

Palais du Belvédère, Vienne, 10 décembre 2017

<p>Palais du Belvédère, Vienne, 10 décembre 2017</p>
