{"id":43408,"date":"2019-08-07T11:59:42","date_gmt":"2019-08-07T09:59:42","guid":{"rendered":"http:\/\/www.wallendorff.com\/belogue\/wp-content\/uploads\/2019\/08\/20190807-80.jpg"},"modified":"2019-08-07T11:59:42","modified_gmt":"2019-08-07T09:59:42","slug":"hubert-lenoir-paleo-festival-nyon-2019-21","status":"inherit","type":"attachment","link":"https:\/\/www.wallendorff.com\/belogue\/2019\/07\/31\/juillet-2019\/hubert-lenoir-paleo-festival-nyon-2019-21\/","title":{"rendered":"Hubert Lenoir, Pal\u00e9o Festival Nyon 2019"},"author":1,"featured_media":0,"comment_status":"open","ping_status":"closed","template":"","meta":{"_acf_changed":false,"ngg_post_thumbnail":0,"jetpack_post_was_ever_published":false},"class_list":["post-43408","attachment","type-attachment","status-inherit","hentry"],"acf":[],"jetpack_shortlink":"https:\/\/wp.me\/a3b35P-bi8","jetpack_sharing_enabled":true,"description":{"rendered":"<p class=\"attachment\"><a href='https:\/\/www.wallendorff.com\/belogue\/wp-content\/uploads\/2019\/08\/20190807-80.jpg'><img fetchpriority=\"high\" decoding=\"async\" width=\"1170\" height=\"780\" src=\"https:\/\/www.wallendorff.com\/belogue\/wp-content\/uploads\/2019\/08\/20190807-80.jpg\" class=\"attachment-medium size-medium\" alt=\"\" srcset=\"https:\/\/www.wallendorff.com\/belogue\/wp-content\/uploads\/2019\/08\/20190807-80.jpg 1170w, https:\/\/www.wallendorff.com\/belogue\/wp-content\/uploads\/2019\/08\/20190807-80-820x547.jpg 820w, https:\/\/www.wallendorff.com\/belogue\/wp-content\/uploads\/2019\/08\/20190807-80-1116x744.jpg 1116w, https:\/\/www.wallendorff.com\/belogue\/wp-content\/uploads\/2019\/08\/20190807-80-806x537.jpg 806w, https:\/\/www.wallendorff.com\/belogue\/wp-content\/uploads\/2019\/08\/20190807-80-558x372.jpg 558w, https:\/\/www.wallendorff.com\/belogue\/wp-content\/uploads\/2019\/08\/20190807-80-655x437.jpg 655w, https:\/\/www.wallendorff.com\/belogue\/wp-content\/uploads\/2019\/08\/20190807-80-600x400.jpg 600w\" sizes=\"(max-width: 1170px) 100vw, 1170px\" \/><\/a><\/p>\n"},"caption":{"rendered":"<p>Rolling Blackouts Coastal Fever, Pal\u00e9o Festival Nyon 2019<\/p>\n"},"alt_text":"","media_type":"image","mime_type":"image\/jpeg","media_details":{"width":1170,"height":780,"file":"2019\/08\/20190807-80.jpg","filesize":271754,"sizes":{"woocommerce_thumbnail":{"file":"20190807-80-550x550.jpg","width":550,"height":550,"filesize":55028,"uncropped":false,"mime_type":"image\/jpeg","source_url":"https:\/\/www.wallendorff.com\/belogue\/wp-content\/uploads\/2019\/08\/20190807-80-550x550.jpg"},"woocommerce_gallery_thumbnail":{"file":"20190807-80-220x220.jpg","width":220,"height":220,"filesize":10561,"mime_type":"image\/jpeg","source_url":"https:\/\/www.wallendorff.com\/belogue\/wp-content\/uploads\/2019\/08\/20190807-80-220x220.jpg"},"woocommerce_single":{"file":"20190807-80-820x547.jpg","width":820,"height":547,"filesize":77001,"mime_type":"image\/jpeg","source_url":"https:\/\/www.wallendorff.com\/belogue\/wp-content\/uploads\/2019\/08\/20190807-80-820x547.jpg"},"blog-thumb-1":{"file":"20190807-80-468x328.jpg","width":468,"height":328,"mime_type":"image\/jpeg","source_url":"https:\/\/www.wallendorff.com\/belogue\/wp-content\/uploads\/2019\/08\/20190807-80-468x328.jpg"},"blog-thumb-2":{"file":"20190807-80-468x468.jpg","width":468,"height":468,"mime_type":"image\/jpeg","source_url":"https:\/\/www.wallendorff.com\/belogue\/wp-content\/uploads\/2019\/08\/20190807-80-468x468.jpg"},"blog-thumb-3":{"file":"20190807-80-845x592.jpg","width":845,"height":592,"mime_type":"image\/jpeg","source_url":"https:\/\/www.wallendorff.com\/belogue\/wp-content\/uploads\/2019\/08\/20190807-80-845x592.jpg"},"blog-single-1":{"file":"20190807-80-1170x635.jpg","width":1170,"height":635,"mime_type":"image\/jpeg","source_url":"https:\/\/www.wallendorff.com\/belogue\/wp-content\/uploads\/2019\/08\/20190807-80-1170x635.jpg"},"portfolio-single-img-2":{"file":"20190807-80-1116x744.jpg","width":1116,"height":744,"mime_type":"image\/jpeg","source_url":"https:\/\/www.wallendorff.com\/belogue\/wp-content\/uploads\/2019\/08\/20190807-80-1116x744.jpg"},"portfolio-single-img-3":{"file":"20190807-80-806x537.jpg","width":806,"height":537,"mime_type":"image\/jpeg","source_url":"https:\/\/www.wallendorff.com\/belogue\/wp-content\/uploads\/2019\/08\/20190807-80-806x537.jpg"},"portfolio-single-img-4":{"file":"20190807-80-558x372.jpg","width":558,"height":372,"mime_type":"image\/jpeg","source_url":"https:\/\/www.wallendorff.com\/belogue\/wp-content\/uploads\/2019\/08\/20190807-80-558x372.jpg"},"portfolio-img-1":{"file":"20190807-80-655x545.jpg","width":655,"height":545,"mime_type":"image\/jpeg","source_url":"https:\/\/www.wallendorff.com\/belogue\/wp-content\/uploads\/2019\/08\/20190807-80-655x545.jpg"},"portfolio-img-2":{"file":"20190807-80-655x545.jpg","width":655,"height":545,"mime_type":"image\/jpeg","source_url":"https:\/\/www.wallendorff.com\/belogue\/wp-content\/uploads\/2019\/08\/20190807-80-655x545.jpg"},"portfolio-img-3":{"file":"20190807-80-655x437.jpg","width":655,"height":437,"mime_type":"image\/jpeg","source_url":"https:\/\/www.wallendorff.com\/belogue\/wp-content\/uploads\/2019\/08\/20190807-80-655x437.jpg"},"shop-category-thumb":{"file":"20190807-80-500x290.jpg","width":500,"height":290,"mime_type":"image\/jpeg","source_url":"https:\/\/www.wallendorff.com\/belogue\/wp-content\/uploads\/2019\/08\/20190807-80-500x290.jpg"},"shop_catalog":{"file":"20190807-80-550x550.jpg","width":550,"height":550,"mime_type":"image\/jpeg","source_url":"https:\/\/www.wallendorff.com\/belogue\/wp-content\/uploads\/2019\/08\/20190807-80-550x550.jpg"},"shop_single":{"file":"20190807-80-820x547.jpg","width":820,"height":547,"mime_type":"image\/jpeg","source_url":"https:\/\/www.wallendorff.com\/belogue\/wp-content\/uploads\/2019\/08\/20190807-80-820x547.jpg"},"shop_thumbnail":{"file":"20190807-80-220x220.jpg","width":220,"height":220,"mime_type":"image\/jpeg","source_url":"https:\/\/www.wallendorff.com\/belogue\/wp-content\/uploads\/2019\/08\/20190807-80-220x220.jpg"},"600x99999":{"file":"20190807-80-600x780.jpg","width":600,"height":780,"mime_type":"image\/jpeg","source_url":"https:\/\/www.wallendorff.com\/belogue\/wp-content\/uploads\/2019\/08\/20190807-80-600x780.jpg"},"600x0":{"file":"20190807-80-600x400.jpg","width":600,"height":400,"filesize":43811,"mime_type":"image\/jpeg","source_url":"https:\/\/www.wallendorff.com\/belogue\/wp-content\/uploads\/2019\/08\/20190807-80-600x400.jpg"},"full":{"file":"20190807-80.jpg","width":1170,"height":780,"mime_type":"image\/jpeg","source_url":"https:\/\/www.wallendorff.com\/belogue\/wp-content\/uploads\/2019\/08\/20190807-80.jpg"}},"image_meta":{"aperture":"8","credit":"L. Wallendorff","camera":"Canon EOS 5D Mark III","caption":"Rolling Blackouts Coastal Fever, Pal\u00e9o Festival Nyon 2019","created_timestamp":"1564082068","copyright":"Ludwig Wallendorff","focal_length":"35","iso":"100","shutter_speed":"0.00625","title":"Hubert Lenoir, Pal\u00e9o Festival Nyon 2019","orientation":"1","keywords":["2019","Ludwig Wallendorff","Pal\u00e9o Festival Nyon 2019","Pal\u00e9officiel","Rolling Blackouts Coastal Fever","grande sc\u00e8ne","mercredi 24 juillet 2019"]}},"post":43328,"source_url":"https:\/\/www.wallendorff.com\/belogue\/wp-content\/uploads\/2019\/08\/20190807-80.jpg","_links":{"self":[{"href":"https:\/\/www.wallendorff.com\/belogue\/wp-json\/wp\/v2\/media\/43408","targetHints":{"allow":["GET"]}}],"collection":[{"href":"https:\/\/www.wallendorff.com\/belogue\/wp-json\/wp\/v2\/media"}],"about":[{"href":"https:\/\/www.wallendorff.com\/belogue\/wp-json\/wp\/v2\/types\/attachment"}],"author":[{"embeddable":true,"href":"https:\/\/www.wallendorff.com\/belogue\/wp-json\/wp\/v2\/users\/1"}],"replies":[{"embeddable":true,"href":"https:\/\/www.wallendorff.com\/belogue\/wp-json\/wp\/v2\/comments?post=43408"}],"wp:attached-to":[{"embeddable":true,"post_type":"post","id":43328,"href":"https:\/\/www.wallendorff.com\/belogue\/wp-json\/wp\/v2\/posts\/43328"}],"curies":[{"name":"wp","href":"https:\/\/api.w.org\/{rel}","templated":true}]}}

Hubert Lenoir, Paléo Festival Nyon 2019

<p>Rolling Blackouts Coastal Fever, Paléo Festival Nyon 2019</p>

Rolling Blackouts Coastal Fever, Paléo Festival Nyon 2019

Paléo Festival Nyon 2019

Paléofficiel

grande scène
