{"id":43290,"date":"2019-07-31T12:29:10","date_gmt":"2019-07-31T10:29:10","guid":{"rendered":"http:\/\/www.wallendorff.com\/belogue\/wp-content\/uploads\/2019\/07\/20190731-24.jpg"},"modified":"2019-07-31T12:29:10","modified_gmt":"2019-07-31T10:29:10","slug":"les-insus-paleo-festival-nyon-22-07-2016","status":"inherit","type":"attachment","link":"https:\/\/www.wallendorff.com\/belogue\/2019\/07\/31\/paleo-festival-nyon-2012-2018\/les-insus-paleo-festival-nyon-22-07-2016\/","title":{"rendered":"Les Insus @ Pal\u00e9o Festival, Nyon, 22\/07\/2016"},"author":1,"featured_media":0,"comment_status":"open","ping_status":"closed","template":"","meta":{"_acf_changed":false,"ngg_post_thumbnail":0,"jetpack_post_was_ever_published":false},"class_list":["post-43290","attachment","type-attachment","status-inherit","hentry"],"acf":[],"jetpack_shortlink":"https:\/\/wp.me\/a3b35P-bge","jetpack_sharing_enabled":true,"description":{"rendered":"<p class=\"attachment\"><a href='https:\/\/www.wallendorff.com\/belogue\/wp-content\/uploads\/2019\/07\/20190731-24.jpg'><img fetchpriority=\"high\" decoding=\"async\" width=\"1170\" height=\"780\" src=\"https:\/\/www.wallendorff.com\/belogue\/wp-content\/uploads\/2019\/07\/20190731-24.jpg\" class=\"attachment-medium size-medium\" alt=\"\" srcset=\"https:\/\/www.wallendorff.com\/belogue\/wp-content\/uploads\/2019\/07\/20190731-24.jpg 1170w, https:\/\/www.wallendorff.com\/belogue\/wp-content\/uploads\/2019\/07\/20190731-24-820x547.jpg 820w, https:\/\/www.wallendorff.com\/belogue\/wp-content\/uploads\/2019\/07\/20190731-24-1116x744.jpg 1116w, https:\/\/www.wallendorff.com\/belogue\/wp-content\/uploads\/2019\/07\/20190731-24-806x537.jpg 806w, https:\/\/www.wallendorff.com\/belogue\/wp-content\/uploads\/2019\/07\/20190731-24-558x372.jpg 558w, https:\/\/www.wallendorff.com\/belogue\/wp-content\/uploads\/2019\/07\/20190731-24-655x437.jpg 655w, https:\/\/www.wallendorff.com\/belogue\/wp-content\/uploads\/2019\/07\/20190731-24-600x400.jpg 600w\" sizes=\"(max-width: 1170px) 100vw, 1170px\" \/><\/a><\/p>\n"},"caption":{"rendered":"<p>Les Insus @ Pal\u00e9o Festival, Nyon, 22\/07\/2016<\/p>\n"},"alt_text":"","media_type":"image","mime_type":"image\/jpeg","media_details":{"width":1170,"height":780,"file":"2019\/07\/20190731-24.jpg","filesize":306356,"sizes":{"woocommerce_thumbnail":{"file":"20190731-24-550x550.jpg","width":550,"height":550,"filesize":40880,"uncropped":false,"mime_type":"image\/jpeg","source_url":"https:\/\/www.wallendorff.com\/belogue\/wp-content\/uploads\/2019\/07\/20190731-24-550x550.jpg"},"woocommerce_gallery_thumbnail":{"file":"20190731-24-220x220.jpg","width":220,"height":220,"filesize":9958,"mime_type":"image\/jpeg","source_url":"https:\/\/www.wallendorff.com\/belogue\/wp-content\/uploads\/2019\/07\/20190731-24-220x220.jpg"},"woocommerce_single":{"file":"20190731-24-820x547.jpg","width":820,"height":547,"filesize":64671,"mime_type":"image\/jpeg","source_url":"https:\/\/www.wallendorff.com\/belogue\/wp-content\/uploads\/2019\/07\/20190731-24-820x547.jpg"},"blog-thumb-1":{"file":"20190731-24-468x328.jpg","width":468,"height":328,"mime_type":"image\/jpeg","source_url":"https:\/\/www.wallendorff.com\/belogue\/wp-content\/uploads\/2019\/07\/20190731-24-468x328.jpg"},"blog-thumb-2":{"file":"20190731-24-468x468.jpg","width":468,"height":468,"mime_type":"image\/jpeg","source_url":"https:\/\/www.wallendorff.com\/belogue\/wp-content\/uploads\/2019\/07\/20190731-24-468x468.jpg"},"blog-thumb-3":{"file":"20190731-24-845x592.jpg","width":845,"height":592,"mime_type":"image\/jpeg","source_url":"https:\/\/www.wallendorff.com\/belogue\/wp-content\/uploads\/2019\/07\/20190731-24-845x592.jpg"},"blog-single-1":{"file":"20190731-24-1170x635.jpg","width":1170,"height":635,"mime_type":"image\/jpeg","source_url":"https:\/\/www.wallendorff.com\/belogue\/wp-content\/uploads\/2019\/07\/20190731-24-1170x635.jpg"},"portfolio-single-img-2":{"file":"20190731-24-1116x744.jpg","width":1116,"height":744,"mime_type":"image\/jpeg","source_url":"https:\/\/www.wallendorff.com\/belogue\/wp-content\/uploads\/2019\/07\/20190731-24-1116x744.jpg"},"portfolio-single-img-3":{"file":"20190731-24-806x537.jpg","width":806,"height":537,"mime_type":"image\/jpeg","source_url":"https:\/\/www.wallendorff.com\/belogue\/wp-content\/uploads\/2019\/07\/20190731-24-806x537.jpg"},"portfolio-single-img-4":{"file":"20190731-24-558x372.jpg","width":558,"height":372,"mime_type":"image\/jpeg","source_url":"https:\/\/www.wallendorff.com\/belogue\/wp-content\/uploads\/2019\/07\/20190731-24-558x372.jpg"},"portfolio-img-1":{"file":"20190731-24-655x545.jpg","width":655,"height":545,"mime_type":"image\/jpeg","source_url":"https:\/\/www.wallendorff.com\/belogue\/wp-content\/uploads\/2019\/07\/20190731-24-655x545.jpg"},"portfolio-img-2":{"file":"20190731-24-655x545.jpg","width":655,"height":545,"mime_type":"image\/jpeg","source_url":"https:\/\/www.wallendorff.com\/belogue\/wp-content\/uploads\/2019\/07\/20190731-24-655x545.jpg"},"portfolio-img-3":{"file":"20190731-24-655x437.jpg","width":655,"height":437,"mime_type":"image\/jpeg","source_url":"https:\/\/www.wallendorff.com\/belogue\/wp-content\/uploads\/2019\/07\/20190731-24-655x437.jpg"},"shop-category-thumb":{"file":"20190731-24-500x290.jpg","width":500,"height":290,"mime_type":"image\/jpeg","source_url":"https:\/\/www.wallendorff.com\/belogue\/wp-content\/uploads\/2019\/07\/20190731-24-500x290.jpg"},"shop_catalog":{"file":"20190731-24-550x550.jpg","width":550,"height":550,"mime_type":"image\/jpeg","source_url":"https:\/\/www.wallendorff.com\/belogue\/wp-content\/uploads\/2019\/07\/20190731-24-550x550.jpg"},"shop_single":{"file":"20190731-24-820x547.jpg","width":820,"height":547,"mime_type":"image\/jpeg","source_url":"https:\/\/www.wallendorff.com\/belogue\/wp-content\/uploads\/2019\/07\/20190731-24-820x547.jpg"},"shop_thumbnail":{"file":"20190731-24-220x220.jpg","width":220,"height":220,"mime_type":"image\/jpeg","source_url":"https:\/\/www.wallendorff.com\/belogue\/wp-content\/uploads\/2019\/07\/20190731-24-220x220.jpg"},"600x99999":{"file":"20190731-24-600x780.jpg","width":600,"height":780,"mime_type":"image\/jpeg","source_url":"https:\/\/www.wallendorff.com\/belogue\/wp-content\/uploads\/2019\/07\/20190731-24-600x780.jpg"},"600x0":{"file":"20190731-24-600x400.jpg","width":600,"height":400,"filesize":38435,"mime_type":"image\/jpeg","source_url":"https:\/\/www.wallendorff.com\/belogue\/wp-content\/uploads\/2019\/07\/20190731-24-600x400.jpg"},"full":{"file":"20190731-24.jpg","width":1170,"height":780,"mime_type":"image\/jpeg","source_url":"https:\/\/www.wallendorff.com\/belogue\/wp-content\/uploads\/2019\/07\/20190731-24.jpg"}},"image_meta":{"aperture":"4","credit":"L. Wallendorff","camera":"Canon EOS 6D","caption":"Les Insus @ Pal\u00e9o Festival, Nyon, 22\/07\/2016","created_timestamp":"1469234284","copyright":"L. Wallendorff - www.wallendorff.com","focal_length":"15","iso":"3200","shutter_speed":"0.00125","title":"Les Insus @ Pal\u00e9o Festival, Nyon, 22\/07\/2016","orientation":"1","keywords":["2016","Jean-Louis Aubert","Les Insus","Nyon","Pal\u00e9o Festival","Pal\u00e9o Festival 2016","Suisse","Tr\u00e9lex","T\u00e9l\u00e9phone (groupe)","alive","canton de Vaud","district de Nyon","festival","grande sc\u00e8ne","plaine de l'Asse"]}},"post":43264,"source_url":"https:\/\/www.wallendorff.com\/belogue\/wp-content\/uploads\/2019\/07\/20190731-24.jpg","_links":{"self":[{"href":"https:\/\/www.wallendorff.com\/belogue\/wp-json\/wp\/v2\/media\/43290","targetHints":{"allow":["GET"]}}],"collection":[{"href":"https:\/\/www.wallendorff.com\/belogue\/wp-json\/wp\/v2\/media"}],"about":[{"href":"https:\/\/www.wallendorff.com\/belogue\/wp-json\/wp\/v2\/types\/attachment"}],"author":[{"embeddable":true,"href":"https:\/\/www.wallendorff.com\/belogue\/wp-json\/wp\/v2\/users\/1"}],"replies":[{"embeddable":true,"href":"https:\/\/www.wallendorff.com\/belogue\/wp-json\/wp\/v2\/comments?post=43290"}],"wp:attached-to":[{"embeddable":true,"post_type":"post","id":43264,"href":"https:\/\/www.wallendorff.com\/belogue\/wp-json\/wp\/v2\/posts\/43264"}],"curies":[{"name":"wp","href":"https:\/\/api.w.org\/{rel}","templated":true}]}}

Les Insus @ Paléo Festival, Nyon, 22/07/2016

<p>Les Insus @ Paléo Festival, Nyon, 22/07/2016</p>

Paléo Festival

Paléo Festival 2016

Trélex

Téléphone (groupe)

grande scène
