{"id":42907,"date":"2019-07-25T15:48:07","date_gmt":"2019-07-25T13:48:07","guid":{"rendered":"http:\/\/www.wallendorff.com\/belogue\/wp-content\/uploads\/2019\/07\/20190725-34.jpg"},"modified":"2019-07-25T15:48:07","modified_gmt":"2019-07-25T13:48:07","slug":"flavien-berger-paleo-festival-nyon-24-07-2019-3","status":"inherit","type":"attachment","link":"https:\/\/www.wallendorff.com\/belogue\/2019\/07\/25\/paleo-festival-2019-nyon-jour-2\/flavien-berger-paleo-festival-nyon-24-07-2019-3\/","title":{"rendered":"Flavien Berger @ Pal\u00e9o Festival, Nyon, 24\/07\/2019"},"author":1,"featured_media":0,"comment_status":"open","ping_status":"closed","template":"","meta":{"_acf_changed":false,"ngg_post_thumbnail":0,"jetpack_post_was_ever_published":false},"class_list":["post-42907","attachment","type-attachment","status-inherit","hentry"],"acf":[],"jetpack_shortlink":"https:\/\/wp.me\/a3b35P-ba3","jetpack_sharing_enabled":true,"description":{"rendered":"<p class=\"attachment\"><a href='https:\/\/www.wallendorff.com\/belogue\/wp-content\/uploads\/2019\/07\/20190725-34.jpg'><img fetchpriority=\"high\" decoding=\"async\" width=\"1170\" height=\"780\" src=\"https:\/\/www.wallendorff.com\/belogue\/wp-content\/uploads\/2019\/07\/20190725-34.jpg\" class=\"attachment-medium size-medium\" alt=\"\" srcset=\"https:\/\/www.wallendorff.com\/belogue\/wp-content\/uploads\/2019\/07\/20190725-34.jpg 1170w, https:\/\/www.wallendorff.com\/belogue\/wp-content\/uploads\/2019\/07\/20190725-34-820x547.jpg 820w, https:\/\/www.wallendorff.com\/belogue\/wp-content\/uploads\/2019\/07\/20190725-34-1116x744.jpg 1116w, https:\/\/www.wallendorff.com\/belogue\/wp-content\/uploads\/2019\/07\/20190725-34-806x537.jpg 806w, https:\/\/www.wallendorff.com\/belogue\/wp-content\/uploads\/2019\/07\/20190725-34-558x372.jpg 558w, https:\/\/www.wallendorff.com\/belogue\/wp-content\/uploads\/2019\/07\/20190725-34-655x437.jpg 655w, https:\/\/www.wallendorff.com\/belogue\/wp-content\/uploads\/2019\/07\/20190725-34-600x400.jpg 600w\" sizes=\"(max-width: 1170px) 100vw, 1170px\" \/><\/a><\/p>\n"},"caption":{"rendered":"<p>Flavien Berger @ Pal\u00e9o Festival, Nyon, 24\/07\/2019<\/p>\n"},"alt_text":"","media_type":"image","mime_type":"image\/jpeg","media_details":{"width":1170,"height":780,"file":"2019\/07\/20190725-34.jpg","filesize":210912,"sizes":{"woocommerce_thumbnail":{"file":"20190725-34-550x550.jpg","width":550,"height":550,"filesize":37957,"uncropped":false,"mime_type":"image\/jpeg","source_url":"https:\/\/www.wallendorff.com\/belogue\/wp-content\/uploads\/2019\/07\/20190725-34-550x550.jpg"},"woocommerce_gallery_thumbnail":{"file":"20190725-34-220x220.jpg","width":220,"height":220,"filesize":9789,"mime_type":"image\/jpeg","source_url":"https:\/\/www.wallendorff.com\/belogue\/wp-content\/uploads\/2019\/07\/20190725-34-220x220.jpg"},"woocommerce_single":{"file":"20190725-34-820x547.jpg","width":820,"height":547,"filesize":54935,"mime_type":"image\/jpeg","source_url":"https:\/\/www.wallendorff.com\/belogue\/wp-content\/uploads\/2019\/07\/20190725-34-820x547.jpg"},"blog-thumb-1":{"file":"20190725-34-468x328.jpg","width":468,"height":328,"mime_type":"image\/jpeg","source_url":"https:\/\/www.wallendorff.com\/belogue\/wp-content\/uploads\/2019\/07\/20190725-34-468x328.jpg"},"blog-thumb-2":{"file":"20190725-34-468x468.jpg","width":468,"height":468,"mime_type":"image\/jpeg","source_url":"https:\/\/www.wallendorff.com\/belogue\/wp-content\/uploads\/2019\/07\/20190725-34-468x468.jpg"},"blog-thumb-3":{"file":"20190725-34-845x592.jpg","width":845,"height":592,"mime_type":"image\/jpeg","source_url":"https:\/\/www.wallendorff.com\/belogue\/wp-content\/uploads\/2019\/07\/20190725-34-845x592.jpg"},"blog-single-1":{"file":"20190725-34-1170x635.jpg","width":1170,"height":635,"mime_type":"image\/jpeg","source_url":"https:\/\/www.wallendorff.com\/belogue\/wp-content\/uploads\/2019\/07\/20190725-34-1170x635.jpg"},"portfolio-single-img-2":{"file":"20190725-34-1116x744.jpg","width":1116,"height":744,"mime_type":"image\/jpeg","source_url":"https:\/\/www.wallendorff.com\/belogue\/wp-content\/uploads\/2019\/07\/20190725-34-1116x744.jpg"},"portfolio-single-img-3":{"file":"20190725-34-806x537.jpg","width":806,"height":537,"mime_type":"image\/jpeg","source_url":"https:\/\/www.wallendorff.com\/belogue\/wp-content\/uploads\/2019\/07\/20190725-34-806x537.jpg"},"portfolio-single-img-4":{"file":"20190725-34-558x372.jpg","width":558,"height":372,"mime_type":"image\/jpeg","source_url":"https:\/\/www.wallendorff.com\/belogue\/wp-content\/uploads\/2019\/07\/20190725-34-558x372.jpg"},"portfolio-img-1":{"file":"20190725-34-655x545.jpg","width":655,"height":545,"mime_type":"image\/jpeg","source_url":"https:\/\/www.wallendorff.com\/belogue\/wp-content\/uploads\/2019\/07\/20190725-34-655x545.jpg"},"portfolio-img-2":{"file":"20190725-34-655x545.jpg","width":655,"height":545,"mime_type":"image\/jpeg","source_url":"https:\/\/www.wallendorff.com\/belogue\/wp-content\/uploads\/2019\/07\/20190725-34-655x545.jpg"},"portfolio-img-3":{"file":"20190725-34-655x437.jpg","width":655,"height":437,"mime_type":"image\/jpeg","source_url":"https:\/\/www.wallendorff.com\/belogue\/wp-content\/uploads\/2019\/07\/20190725-34-655x437.jpg"},"shop-category-thumb":{"file":"20190725-34-500x290.jpg","width":500,"height":290,"mime_type":"image\/jpeg","source_url":"https:\/\/www.wallendorff.com\/belogue\/wp-content\/uploads\/2019\/07\/20190725-34-500x290.jpg"},"shop_catalog":{"file":"20190725-34-550x550.jpg","width":550,"height":550,"mime_type":"image\/jpeg","source_url":"https:\/\/www.wallendorff.com\/belogue\/wp-content\/uploads\/2019\/07\/20190725-34-550x550.jpg"},"shop_single":{"file":"20190725-34-820x547.jpg","width":820,"height":547,"mime_type":"image\/jpeg","source_url":"https:\/\/www.wallendorff.com\/belogue\/wp-content\/uploads\/2019\/07\/20190725-34-820x547.jpg"},"shop_thumbnail":{"file":"20190725-34-220x220.jpg","width":220,"height":220,"mime_type":"image\/jpeg","source_url":"https:\/\/www.wallendorff.com\/belogue\/wp-content\/uploads\/2019\/07\/20190725-34-220x220.jpg"},"600x99999":{"file":"20190725-34-600x780.jpg","width":600,"height":780,"mime_type":"image\/jpeg","source_url":"https:\/\/www.wallendorff.com\/belogue\/wp-content\/uploads\/2019\/07\/20190725-34-600x780.jpg"},"600x0":{"file":"20190725-34-600x400.jpg","width":600,"height":400,"filesize":33705,"mime_type":"image\/jpeg","source_url":"https:\/\/www.wallendorff.com\/belogue\/wp-content\/uploads\/2019\/07\/20190725-34-600x400.jpg"},"full":{"file":"20190725-34.jpg","width":1170,"height":780,"mime_type":"image\/jpeg","source_url":"https:\/\/www.wallendorff.com\/belogue\/wp-content\/uploads\/2019\/07\/20190725-34.jpg"}},"image_meta":{"aperture":"2.8","credit":"L. Wallendorff","camera":"Canon EOS 6D","caption":"Flavien Berger @ Pal\u00e9o Festival, Nyon, 24\/07\/2019","created_timestamp":"1563998788","copyright":"L. Wallendorff \u2013 www.wallendorff.com","focal_length":"70","iso":"250","shutter_speed":"0.003125","title":"Flavien Berger @ Pal\u00e9o Festival, Nyon, 24\/07\/2019","orientation":"1","keywords":["2019","Flavien Berger","Ludwig Wallendorff","Nyon","Pal\u00e9o Festival","Pal\u00e9o Festival 2019","Pal\u00e9o Festival Nyon 2019","Suisse","Tr\u00e9lex","alive","canton de Vaud","district de Nyon","festival","les Arches","mercredi 24 juillet 2019","plaine de l'Asse"]}},"post":42794,"source_url":"https:\/\/www.wallendorff.com\/belogue\/wp-content\/uploads\/2019\/07\/20190725-34.jpg","_links":{"self":[{"href":"https:\/\/www.wallendorff.com\/belogue\/wp-json\/wp\/v2\/media\/42907","targetHints":{"allow":["GET"]}}],"collection":[{"href":"https:\/\/www.wallendorff.com\/belogue\/wp-json\/wp\/v2\/media"}],"about":[{"href":"https:\/\/www.wallendorff.com\/belogue\/wp-json\/wp\/v2\/types\/attachment"}],"author":[{"embeddable":true,"href":"https:\/\/www.wallendorff.com\/belogue\/wp-json\/wp\/v2\/users\/1"}],"replies":[{"embeddable":true,"href":"https:\/\/www.wallendorff.com\/belogue\/wp-json\/wp\/v2\/comments?post=42907"}],"wp:attached-to":[{"embeddable":true,"post_type":"post","id":42794,"href":"https:\/\/www.wallendorff.com\/belogue\/wp-json\/wp\/v2\/posts\/42794"}],"curies":[{"name":"wp","href":"https:\/\/api.w.org\/{rel}","templated":true}]}}

Flavien Berger @ Paléo Festival, Nyon, 24/07/2019

<p>Flavien Berger @ Paléo Festival, Nyon, 24/07/2019</p>

Paléo Festival

Paléo Festival 2019

Paléo Festival Nyon 2019

Trélex
