{"id":39087,"date":"2018-07-22T14:55:30","date_gmt":"2018-07-22T12:55:30","guid":{"rendered":"http:\/\/www.wallendorff.com\/belogue\/wp-content\/uploads\/2018\/07\/20180722-29.jpg"},"modified":"2018-07-22T14:55:30","modified_gmt":"2018-07-22T12:55:30","slug":"bigflo-oli-paleo-festival-nyon-21-07-2018-10","status":"inherit","type":"attachment","link":"https:\/\/www.wallendorff.com\/belogue\/2018\/07\/22\/39058\/bigflo-oli-paleo-festival-nyon-21-07-2018-10\/","title":{"rendered":"Bigflo &amp; Oli @ Pal\u00e9o Festival, Nyon, 21\/07\/2018"},"author":1,"featured_media":0,"comment_status":"open","ping_status":"closed","template":"","meta":{"_acf_changed":false,"ngg_post_thumbnail":0,"jetpack_post_was_ever_published":false},"class_list":["post-39087","attachment","type-attachment","status-inherit","hentry"],"acf":[],"jetpack_shortlink":"https:\/\/wp.me\/a3b35P-aar","jetpack_sharing_enabled":true,"description":{"rendered":"<p class=\"attachment\"><a href='https:\/\/www.wallendorff.com\/belogue\/wp-content\/uploads\/2018\/07\/20180722-29.jpg'><img fetchpriority=\"high\" decoding=\"async\" width=\"300\" height=\"200\" src=\"https:\/\/www.wallendorff.com\/belogue\/wp-content\/uploads\/2018\/07\/20180722-29-300x200.jpg\" class=\"attachment-medium size-medium\" alt=\"\" srcset=\"https:\/\/www.wallendorff.com\/belogue\/wp-content\/uploads\/2018\/07\/20180722-29-300x200.jpg 300w, https:\/\/www.wallendorff.com\/belogue\/wp-content\/uploads\/2018\/07\/20180722-29-820x547.jpg 820w, https:\/\/www.wallendorff.com\/belogue\/wp-content\/uploads\/2018\/07\/20180722-29-200x133.jpg 200w, https:\/\/www.wallendorff.com\/belogue\/wp-content\/uploads\/2018\/07\/20180722-29.jpg 1170w, https:\/\/www.wallendorff.com\/belogue\/wp-content\/uploads\/2018\/07\/20180722-29-1116x744.jpg 1116w, https:\/\/www.wallendorff.com\/belogue\/wp-content\/uploads\/2018\/07\/20180722-29-806x537.jpg 806w, https:\/\/www.wallendorff.com\/belogue\/wp-content\/uploads\/2018\/07\/20180722-29-558x372.jpg 558w, https:\/\/www.wallendorff.com\/belogue\/wp-content\/uploads\/2018\/07\/20180722-29-655x437.jpg 655w, https:\/\/www.wallendorff.com\/belogue\/wp-content\/uploads\/2018\/07\/20180722-29-600x400.jpg 600w\" sizes=\"(max-width: 300px) 100vw, 300px\" \/><\/a><\/p>\n"},"caption":{"rendered":"<p>Bigflo &amp; Oli @ Pal\u00e9o Festival, Nyon, 21\/07\/2018<\/p>\n"},"alt_text":"","media_type":"image","mime_type":"image\/jpeg","media_details":{"width":1170,"height":780,"file":"2018\/07\/20180722-29.jpg","filesize":416337,"sizes":{"woocommerce_thumbnail":{"file":"20180722-29-550x550.jpg","width":550,"height":550,"filesize":72137,"uncropped":false,"mime_type":"image\/jpeg","source_url":"https:\/\/www.wallendorff.com\/belogue\/wp-content\/uploads\/2018\/07\/20180722-29-550x550.jpg"},"woocommerce_gallery_thumbnail":{"file":"20180722-29-220x220.jpg","width":220,"height":220,"filesize":18014,"mime_type":"image\/jpeg","source_url":"https:\/\/www.wallendorff.com\/belogue\/wp-content\/uploads\/2018\/07\/20180722-29-220x220.jpg"},"woocommerce_single":{"file":"20180722-29-820x547.jpg","width":820,"height":547,"filesize":107679,"mime_type":"image\/jpeg","source_url":"https:\/\/www.wallendorff.com\/belogue\/wp-content\/uploads\/2018\/07\/20180722-29-820x547.jpg"},"thumbnail":{"file":"20180722-29-200x133.jpg","width":200,"height":133,"mime_type":"image\/jpeg","source_url":"https:\/\/www.wallendorff.com\/belogue\/wp-content\/uploads\/2018\/07\/20180722-29-200x133.jpg"},"medium":{"file":"20180722-29-300x200.jpg","width":300,"height":200,"mime_type":"image\/jpeg","source_url":"https:\/\/www.wallendorff.com\/belogue\/wp-content\/uploads\/2018\/07\/20180722-29-300x200.jpg"},"large":{"file":"20180722-29-1170x780.jpg","width":1170,"height":780,"mime_type":"image\/jpeg","source_url":"https:\/\/www.wallendorff.com\/belogue\/wp-content\/uploads\/2018\/07\/20180722-29-1170x780.jpg"},"blog-thumb-1":{"file":"20180722-29-468x328.jpg","width":468,"height":328,"mime_type":"image\/jpeg","source_url":"https:\/\/www.wallendorff.com\/belogue\/wp-content\/uploads\/2018\/07\/20180722-29-468x328.jpg"},"blog-thumb-2":{"file":"20180722-29-468x468.jpg","width":468,"height":468,"mime_type":"image\/jpeg","source_url":"https:\/\/www.wallendorff.com\/belogue\/wp-content\/uploads\/2018\/07\/20180722-29-468x468.jpg"},"blog-thumb-3":{"file":"20180722-29-845x592.jpg","width":845,"height":592,"mime_type":"image\/jpeg","source_url":"https:\/\/www.wallendorff.com\/belogue\/wp-content\/uploads\/2018\/07\/20180722-29-845x592.jpg"},"blog-single-1":{"file":"20180722-29-1170x635.jpg","width":1170,"height":635,"mime_type":"image\/jpeg","source_url":"https:\/\/www.wallendorff.com\/belogue\/wp-content\/uploads\/2018\/07\/20180722-29-1170x635.jpg"},"portfolio-single-img-2":{"file":"20180722-29-1116x744.jpg","width":1116,"height":744,"mime_type":"image\/jpeg","source_url":"https:\/\/www.wallendorff.com\/belogue\/wp-content\/uploads\/2018\/07\/20180722-29-1116x744.jpg"},"portfolio-single-img-3":{"file":"20180722-29-806x537.jpg","width":806,"height":537,"mime_type":"image\/jpeg","source_url":"https:\/\/www.wallendorff.com\/belogue\/wp-content\/uploads\/2018\/07\/20180722-29-806x537.jpg"},"portfolio-single-img-4":{"file":"20180722-29-558x372.jpg","width":558,"height":372,"mime_type":"image\/jpeg","source_url":"https:\/\/www.wallendorff.com\/belogue\/wp-content\/uploads\/2018\/07\/20180722-29-558x372.jpg"},"portfolio-img-1":{"file":"20180722-29-655x545.jpg","width":655,"height":545,"mime_type":"image\/jpeg","source_url":"https:\/\/www.wallendorff.com\/belogue\/wp-content\/uploads\/2018\/07\/20180722-29-655x545.jpg"},"portfolio-img-2":{"file":"20180722-29-655x545.jpg","width":655,"height":545,"mime_type":"image\/jpeg","source_url":"https:\/\/www.wallendorff.com\/belogue\/wp-content\/uploads\/2018\/07\/20180722-29-655x545.jpg"},"portfolio-img-3":{"file":"20180722-29-655x437.jpg","width":655,"height":437,"mime_type":"image\/jpeg","source_url":"https:\/\/www.wallendorff.com\/belogue\/wp-content\/uploads\/2018\/07\/20180722-29-655x437.jpg"},"shop-category-thumb":{"file":"20180722-29-500x290.jpg","width":500,"height":290,"mime_type":"image\/jpeg","source_url":"https:\/\/www.wallendorff.com\/belogue\/wp-content\/uploads\/2018\/07\/20180722-29-500x290.jpg"},"shop_catalog":{"file":"20180722-29-550x550.jpg","width":550,"height":550,"mime_type":"image\/jpeg","source_url":"https:\/\/www.wallendorff.com\/belogue\/wp-content\/uploads\/2018\/07\/20180722-29-550x550.jpg"},"shop_single":{"file":"20180722-29-820x547.jpg","width":820,"height":547,"mime_type":"image\/jpeg","source_url":"https:\/\/www.wallendorff.com\/belogue\/wp-content\/uploads\/2018\/07\/20180722-29-820x547.jpg"},"shop_thumbnail":{"file":"20180722-29-100x100.jpg","width":100,"height":100,"mime_type":"image\/jpeg","source_url":"https:\/\/www.wallendorff.com\/belogue\/wp-content\/uploads\/2018\/07\/20180722-29-100x100.jpg"},"600x99999":{"file":"20180722-29-600x780.jpg","width":600,"height":780,"mime_type":"image\/jpeg","source_url":"https:\/\/www.wallendorff.com\/belogue\/wp-content\/uploads\/2018\/07\/20180722-29-600x780.jpg"},"600x0":{"file":"20180722-29-600x400.jpg","width":600,"height":400,"filesize":66185,"mime_type":"image\/jpeg","source_url":"https:\/\/www.wallendorff.com\/belogue\/wp-content\/uploads\/2018\/07\/20180722-29-600x400.jpg"},"full":{"file":"20180722-29.jpg","width":1170,"height":780,"mime_type":"image\/jpeg","source_url":"https:\/\/www.wallendorff.com\/belogue\/wp-content\/uploads\/2018\/07\/20180722-29.jpg"}},"image_meta":{"aperture":"3.2","credit":"L. Wallendorff","camera":"Canon EOS 6D","caption":"Bigflo &amp; Oli @ Pal\u00e9o Festival, Nyon, 21\/07\/2018","created_timestamp":"1532200804","copyright":"L. Wallendorff \u2013 www.wallendorff.com","focal_length":"140","iso":"200","shutter_speed":"0.0025","title":"Bigflo &amp; Oli @ Pal\u00e9o Festival, Nyon, 21\/07\/2018","orientation":"1","keywords":["2018","Biglo &amp; Oli","Ludwig Wallendorff","Nyon","Pal\u00e9o Festival","Pal\u00e9o Festival 2018","Pal\u00e9o Festival Nyon 2018","Pal\u00e9officiel","Suisse","Tr\u00e9lex","alive","canton de Vaud","concert","district de Nyon","festival","grande sc\u00e8ne","plaine de l'Asse","samedi 21 juillet 2018"]}},"post":39058,"source_url":"https:\/\/www.wallendorff.com\/belogue\/wp-content\/uploads\/2018\/07\/20180722-29.jpg","_links":{"self":[{"href":"https:\/\/www.wallendorff.com\/belogue\/wp-json\/wp\/v2\/media\/39087","targetHints":{"allow":["GET"]}}],"collection":[{"href":"https:\/\/www.wallendorff.com\/belogue\/wp-json\/wp\/v2\/media"}],"about":[{"href":"https:\/\/www.wallendorff.com\/belogue\/wp-json\/wp\/v2\/types\/attachment"}],"author":[{"embeddable":true,"href":"https:\/\/www.wallendorff.com\/belogue\/wp-json\/wp\/v2\/users\/1"}],"replies":[{"embeddable":true,"href":"https:\/\/www.wallendorff.com\/belogue\/wp-json\/wp\/v2\/comments?post=39087"}],"wp:attached-to":[{"embeddable":true,"post_type":"post","id":39058,"href":"https:\/\/www.wallendorff.com\/belogue\/wp-json\/wp\/v2\/posts\/39058"}],"curies":[{"name":"wp","href":"https:\/\/api.w.org\/{rel}","templated":true}]}}

Bigflo &amp; Oli @ Paléo Festival, Nyon, 21/07/2018

<p>Bigflo &amp; Oli @ Paléo Festival, Nyon, 21/07/2018</p>

Paléo Festival

Paléo Festival 2018

Paléo Festival Nyon 2018

Paléofficiel

Trélex

grande scène
