{"id":39013,"date":"2018-07-21T15:39:00","date_gmt":"2018-07-21T13:39:00","guid":{"rendered":"http:\/\/www.wallendorff.com\/belogue\/wp-content\/uploads\/2018\/07\/20180721-15.jpg"},"modified":"2018-07-21T15:39:00","modified_gmt":"2018-07-21T13:39:00","slug":"paleo-festival-nyon-20-07-2018-15","status":"inherit","type":"attachment","link":"https:\/\/www.wallendorff.com\/belogue\/2018\/07\/21\/paleo-festival-2018-jour-4\/paleo-festival-nyon-20-07-2018-15\/","title":{"rendered":"Pal\u00e9o Festival, Nyon, 20\/07\/2018"},"author":1,"featured_media":0,"comment_status":"open","ping_status":"closed","template":"","meta":{"_acf_changed":false,"ngg_post_thumbnail":0,"jetpack_post_was_ever_published":false},"class_list":["post-39013","attachment","type-attachment","status-inherit","hentry"],"acf":[],"jetpack_shortlink":"https:\/\/wp.me\/a3b35P-a9f","jetpack_sharing_enabled":true,"description":{"rendered":"<p class=\"attachment\"><a href='https:\/\/www.wallendorff.com\/belogue\/wp-content\/uploads\/2018\/07\/20180721-15.jpg'><img fetchpriority=\"high\" decoding=\"async\" width=\"200\" height=\"300\" src=\"https:\/\/www.wallendorff.com\/belogue\/wp-content\/uploads\/2018\/07\/20180721-15-200x300.jpg\" class=\"attachment-medium size-medium\" alt=\"\" srcset=\"https:\/\/www.wallendorff.com\/belogue\/wp-content\/uploads\/2018\/07\/20180721-15-200x300.jpg 200w, https:\/\/www.wallendorff.com\/belogue\/wp-content\/uploads\/2018\/07\/20180721-15-133x200.jpg 133w, https:\/\/www.wallendorff.com\/belogue\/wp-content\/uploads\/2018\/07\/20180721-15-683x1024.jpg 683w, https:\/\/www.wallendorff.com\/belogue\/wp-content\/uploads\/2018\/07\/20180721-15-558x837.jpg 558w, https:\/\/www.wallendorff.com\/belogue\/wp-content\/uploads\/2018\/07\/20180721-15-655x983.jpg 655w, https:\/\/www.wallendorff.com\/belogue\/wp-content\/uploads\/2018\/07\/20180721-15-600x900.jpg 600w, https:\/\/www.wallendorff.com\/belogue\/wp-content\/uploads\/2018\/07\/20180721-15.jpg 780w\" sizes=\"(max-width: 200px) 100vw, 200px\" \/><\/a><\/p>\n"},"caption":{"rendered":"<p>Pal\u00e9o Festival, Nyon, 20\/07\/2018<\/p>\n"},"alt_text":"","media_type":"image","mime_type":"image\/jpeg","media_details":{"width":780,"height":1170,"file":"2018\/07\/20180721-15.jpg","filesize":435119,"sizes":{"woocommerce_thumbnail":{"file":"20180721-15-550x550.jpg","width":550,"height":550,"filesize":65898,"uncropped":false,"mime_type":"image\/jpeg","source_url":"https:\/\/www.wallendorff.com\/belogue\/wp-content\/uploads\/2018\/07\/20180721-15-550x550.jpg"},"woocommerce_gallery_thumbnail":{"file":"20180721-15-220x220.jpg","width":220,"height":220,"filesize":16175,"mime_type":"image\/jpeg","source_url":"https:\/\/www.wallendorff.com\/belogue\/wp-content\/uploads\/2018\/07\/20180721-15-220x220.jpg"},"thumbnail":{"file":"20180721-15-133x200.jpg","width":133,"height":200,"mime_type":"image\/jpeg","source_url":"https:\/\/www.wallendorff.com\/belogue\/wp-content\/uploads\/2018\/07\/20180721-15-133x200.jpg"},"medium":{"file":"20180721-15-200x300.jpg","width":200,"height":300,"mime_type":"image\/jpeg","source_url":"https:\/\/www.wallendorff.com\/belogue\/wp-content\/uploads\/2018\/07\/20180721-15-200x300.jpg"},"large":{"file":"20180721-15-683x1024.jpg","width":683,"height":1024,"mime_type":"image\/jpeg","source_url":"https:\/\/www.wallendorff.com\/belogue\/wp-content\/uploads\/2018\/07\/20180721-15-683x1024.jpg"},"blog-thumb-1":{"file":"20180721-15-468x328.jpg","width":468,"height":328,"mime_type":"image\/jpeg","source_url":"https:\/\/www.wallendorff.com\/belogue\/wp-content\/uploads\/2018\/07\/20180721-15-468x328.jpg"},"blog-thumb-2":{"file":"20180721-15-468x468.jpg","width":468,"height":468,"mime_type":"image\/jpeg","source_url":"https:\/\/www.wallendorff.com\/belogue\/wp-content\/uploads\/2018\/07\/20180721-15-468x468.jpg"},"blog-thumb-3":{"file":"20180721-15-780x592.jpg","width":780,"height":592,"mime_type":"image\/jpeg","source_url":"https:\/\/www.wallendorff.com\/belogue\/wp-content\/uploads\/2018\/07\/20180721-15-780x592.jpg"},"blog-single-1":{"file":"20180721-15-780x635.jpg","width":780,"height":635,"mime_type":"image\/jpeg","source_url":"https:\/\/www.wallendorff.com\/belogue\/wp-content\/uploads\/2018\/07\/20180721-15-780x635.jpg"},"portfolio-single-img-4":{"file":"20180721-15-558x837.jpg","width":558,"height":837,"mime_type":"image\/jpeg","source_url":"https:\/\/www.wallendorff.com\/belogue\/wp-content\/uploads\/2018\/07\/20180721-15-558x837.jpg"},"portfolio-img-1":{"file":"20180721-15-655x545.jpg","width":655,"height":545,"mime_type":"image\/jpeg","source_url":"https:\/\/www.wallendorff.com\/belogue\/wp-content\/uploads\/2018\/07\/20180721-15-655x545.jpg"},"portfolio-img-2":{"file":"20180721-15-655x545.jpg","width":655,"height":545,"mime_type":"image\/jpeg","source_url":"https:\/\/www.wallendorff.com\/belogue\/wp-content\/uploads\/2018\/07\/20180721-15-655x545.jpg"},"portfolio-img-3":{"file":"20180721-15-655x983.jpg","width":655,"height":983,"mime_type":"image\/jpeg","source_url":"https:\/\/www.wallendorff.com\/belogue\/wp-content\/uploads\/2018\/07\/20180721-15-655x983.jpg"},"shop-category-thumb":{"file":"20180721-15-500x290.jpg","width":500,"height":290,"mime_type":"image\/jpeg","source_url":"https:\/\/www.wallendorff.com\/belogue\/wp-content\/uploads\/2018\/07\/20180721-15-500x290.jpg"},"shop_catalog":{"file":"20180721-15-550x550.jpg","width":550,"height":550,"mime_type":"image\/jpeg","source_url":"https:\/\/www.wallendorff.com\/belogue\/wp-content\/uploads\/2018\/07\/20180721-15-550x550.jpg"},"shop_thumbnail":{"file":"20180721-15-100x100.jpg","width":100,"height":100,"mime_type":"image\/jpeg","source_url":"https:\/\/www.wallendorff.com\/belogue\/wp-content\/uploads\/2018\/07\/20180721-15-100x100.jpg"},"600x99999":{"file":"20180721-15-600x1170.jpg","width":600,"height":1170,"mime_type":"image\/jpeg","source_url":"https:\/\/www.wallendorff.com\/belogue\/wp-content\/uploads\/2018\/07\/20180721-15-600x1170.jpg"},"600x0":{"file":"20180721-15-600x900.jpg","width":600,"height":900,"filesize":120186,"mime_type":"image\/jpeg","source_url":"https:\/\/www.wallendorff.com\/belogue\/wp-content\/uploads\/2018\/07\/20180721-15-600x900.jpg"},"full":{"file":"20180721-15.jpg","width":780,"height":1170,"mime_type":"image\/jpeg","source_url":"https:\/\/www.wallendorff.com\/belogue\/wp-content\/uploads\/2018\/07\/20180721-15.jpg"}},"image_meta":{"aperture":"4","credit":"L. Wallendorff","camera":"Canon EOS 6D","caption":"Pal\u00e9o Festival, Nyon, 20\/07\/2018","created_timestamp":"1532102036","copyright":"L. Wallendorff \u2013 www.wallendorff.com","focal_length":"105","iso":"400","shutter_speed":"0.0005","title":"Pal\u00e9o Festival, Nyon, 20\/07\/2018","orientation":"1","keywords":["2018","Ludwig Wallendorff","Nyon","Pal\u00e9o Festival","Pal\u00e9o Festival 2018","Pal\u00e9o Festival Nyon 2018","Pal\u00e9officiel","Suisse","Tr\u00e9lex","alive","ambiance","camping","canton de Vaud","concert","district de Nyon","festival","plaine de l'Asse","public","vendredi 20 juillet 2018"]}},"post":38998,"source_url":"https:\/\/www.wallendorff.com\/belogue\/wp-content\/uploads\/2018\/07\/20180721-15.jpg","_links":{"self":[{"href":"https:\/\/www.wallendorff.com\/belogue\/wp-json\/wp\/v2\/media\/39013","targetHints":{"allow":["GET"]}}],"collection":[{"href":"https:\/\/www.wallendorff.com\/belogue\/wp-json\/wp\/v2\/media"}],"about":[{"href":"https:\/\/www.wallendorff.com\/belogue\/wp-json\/wp\/v2\/types\/attachment"}],"author":[{"embeddable":true,"href":"https:\/\/www.wallendorff.com\/belogue\/wp-json\/wp\/v2\/users\/1"}],"replies":[{"embeddable":true,"href":"https:\/\/www.wallendorff.com\/belogue\/wp-json\/wp\/v2\/comments?post=39013"}],"wp:attached-to":[{"embeddable":true,"post_type":"post","id":38998,"href":"https:\/\/www.wallendorff.com\/belogue\/wp-json\/wp\/v2\/posts\/38998"}],"curies":[{"name":"wp","href":"https:\/\/api.w.org\/{rel}","templated":true}]}}

Paléo Festival, Nyon, 20/07/2018

<p>Paléo Festival, Nyon, 20/07/2018</p>

Paléo Festival

Paléo Festival 2018

Paléo Festival Nyon 2018

Paléofficiel

Trélex
