{"id":35676,"date":"2017-08-26T14:16:17","date_gmt":"2017-08-26T12:16:17","guid":{"rendered":"http:\/\/www.wallendorff.com\/belogue\/wp-content\/uploads\/2017\/08\/20170826-56.jpg"},"modified":"2017-08-26T14:16:17","modified_gmt":"2017-08-26T12:16:17","slug":"jain-le-cabaret-vert-charleville-mezieres-25082017-8","status":"inherit","type":"attachment","link":"https:\/\/www.wallendorff.com\/belogue\/2017\/08\/26\/le-cabaret-vert-2017-jour-2\/jain-le-cabaret-vert-charleville-mezieres-25082017-8\/","title":{"rendered":"Ja\u00efn @ le Cabaret Vert, Charleville-M\u00e9zi\u00e8res, 25\/08\/2017"},"author":1,"featured_media":0,"comment_status":"open","ping_status":"closed","template":"","meta":{"_acf_changed":false,"ngg_post_thumbnail":0,"jetpack_post_was_ever_published":false},"class_list":["post-35676","attachment","type-attachment","status-inherit","hentry"],"acf":[],"jetpack_shortlink":"https:\/\/wp.me\/a3b35P-9hq","jetpack_sharing_enabled":true,"description":{"rendered":"<p class=\"attachment\"><a href='https:\/\/www.wallendorff.com\/belogue\/wp-content\/uploads\/2017\/08\/20170826-56.jpg'><img fetchpriority=\"high\" decoding=\"async\" width=\"300\" height=\"200\" src=\"https:\/\/www.wallendorff.com\/belogue\/wp-content\/uploads\/2017\/08\/20170826-56-300x200.jpg\" class=\"attachment-medium size-medium\" alt=\"\" srcset=\"https:\/\/www.wallendorff.com\/belogue\/wp-content\/uploads\/2017\/08\/20170826-56-300x200.jpg 300w, https:\/\/www.wallendorff.com\/belogue\/wp-content\/uploads\/2017\/08\/20170826-56-820x547.jpg 820w, https:\/\/www.wallendorff.com\/belogue\/wp-content\/uploads\/2017\/08\/20170826-56-200x133.jpg 200w, https:\/\/www.wallendorff.com\/belogue\/wp-content\/uploads\/2017\/08\/20170826-56-600x400.jpg 600w, https:\/\/www.wallendorff.com\/belogue\/wp-content\/uploads\/2017\/08\/20170826-56.jpg 850w\" sizes=\"(max-width: 300px) 100vw, 300px\" \/><\/a><\/p>\n"},"caption":{"rendered":"<p>Ja\u00efn @ le Cabaret Vert, Charleville-M\u00e9zi\u00e8res, 25\/08\/2017<\/p>\n"},"alt_text":"","media_type":"image","mime_type":"image\/jpeg","media_details":{"width":850,"height":567,"file":"2017\/08\/20170826-56.jpg","filesize":194848,"sizes":{"woocommerce_thumbnail":{"file":"20170826-56-550x550.jpg","width":550,"height":550,"filesize":55753,"uncropped":false,"mime_type":"image\/jpeg","source_url":"https:\/\/www.wallendorff.com\/belogue\/wp-content\/uploads\/2017\/08\/20170826-56-550x550.jpg"},"woocommerce_gallery_thumbnail":{"file":"20170826-56-220x220.jpg","width":220,"height":220,"filesize":12937,"mime_type":"image\/jpeg","source_url":"https:\/\/www.wallendorff.com\/belogue\/wp-content\/uploads\/2017\/08\/20170826-56-220x220.jpg"},"woocommerce_single":{"file":"20170826-56-820x547.jpg","width":820,"height":547,"filesize":75808,"mime_type":"image\/jpeg","source_url":"https:\/\/www.wallendorff.com\/belogue\/wp-content\/uploads\/2017\/08\/20170826-56-820x547.jpg"},"thumbnail":{"file":"20170826-56-200x133.jpg","width":200,"height":133,"mime_type":"image\/jpeg","source_url":"https:\/\/www.wallendorff.com\/belogue\/wp-content\/uploads\/2017\/08\/20170826-56-200x133.jpg"},"medium":{"file":"20170826-56-300x200.jpg","width":300,"height":200,"mime_type":"image\/jpeg","source_url":"https:\/\/www.wallendorff.com\/belogue\/wp-content\/uploads\/2017\/08\/20170826-56-300x200.jpg"},"600x99999":{"file":"20170826-56-600x567.jpg","width":600,"height":567,"mime_type":"image\/jpeg","source_url":"https:\/\/www.wallendorff.com\/belogue\/wp-content\/uploads\/2017\/08\/20170826-56-600x567.jpg"},"600x0":{"file":"20170826-56-600x400.jpg","width":600,"height":400,"filesize":44700,"mime_type":"image\/jpeg","source_url":"https:\/\/www.wallendorff.com\/belogue\/wp-content\/uploads\/2017\/08\/20170826-56-600x400.jpg"},"full":{"file":"20170826-56.jpg","width":850,"height":567,"mime_type":"image\/jpeg","source_url":"https:\/\/www.wallendorff.com\/belogue\/wp-content\/uploads\/2017\/08\/20170826-56.jpg"}},"image_meta":{"aperture":"3.2","credit":"L. Wallendorff","camera":"Canon EOS 5D Mark III","caption":"Ja\u00efn @ le Cabaret Vert, Charleville-M\u00e9zi\u00e8res, 25\/08\/2017","created_timestamp":"1503698601","copyright":"L. Wallendorff \u2013 www.wallendorff.com","focal_length":"200","iso":"4000","shutter_speed":"0.004","title":"Ja\u00efn @ le Cabaret Vert, Charleville-M\u00e9zi\u00e8res, 25\/08\/2017","orientation":"1","keywords":["2017","Ardenne","Champagne-Ardenne","Charleville-M\u00e9zi\u00e8res","France","Ja\u00efn","Square Bayard","alive","festival","le Cabaret Vert","le Cabaret Vert 2017"]}},"post":35620,"source_url":"https:\/\/www.wallendorff.com\/belogue\/wp-content\/uploads\/2017\/08\/20170826-56.jpg","_links":{"self":[{"href":"https:\/\/www.wallendorff.com\/belogue\/wp-json\/wp\/v2\/media\/35676","targetHints":{"allow":["GET"]}}],"collection":[{"href":"https:\/\/www.wallendorff.com\/belogue\/wp-json\/wp\/v2\/media"}],"about":[{"href":"https:\/\/www.wallendorff.com\/belogue\/wp-json\/wp\/v2\/types\/attachment"}],"author":[{"embeddable":true,"href":"https:\/\/www.wallendorff.com\/belogue\/wp-json\/wp\/v2\/users\/1"}],"replies":[{"embeddable":true,"href":"https:\/\/www.wallendorff.com\/belogue\/wp-json\/wp\/v2\/comments?post=35676"}],"wp:attached-to":[{"embeddable":true,"post_type":"post","id":35620,"href":"https:\/\/www.wallendorff.com\/belogue\/wp-json\/wp\/v2\/posts\/35620"}],"curies":[{"name":"wp","href":"https:\/\/api.w.org\/{rel}","templated":true}]}}

Jaïn @ le Cabaret Vert, Charleville-Mézières, 25/08/2017

<p>Jaïn @ le Cabaret Vert, Charleville-Mézières, 25/08/2017</p>

Charleville-Mézières

Jaïn
