{"id":35516,"date":"2017-08-23T10:57:26","date_gmt":"2017-08-23T08:57:26","guid":{"rendered":"http:\/\/www.wallendorff.com\/belogue\/wp-content\/uploads\/2017\/08\/20170824-58.jpg"},"modified":"2017-08-23T10:57:26","modified_gmt":"2017-08-23T08:57:26","slug":"temples-paleo-festival-nyon-19072017-7","status":"inherit","type":"attachment","link":"https:\/\/www.wallendorff.com\/belogue\/2017\/07\/31\/juillet-2017\/temples-paleo-festival-nyon-19072017-7\/","title":{"rendered":"Temples @ Pal\u00e9o Festival, Nyon, 19\/07\/2017"},"author":1,"featured_media":0,"comment_status":"open","ping_status":"closed","template":"","meta":{"_acf_changed":false,"ngg_post_thumbnail":0,"jetpack_post_was_ever_published":false},"class_list":["post-35516","attachment","type-attachment","status-inherit","hentry"],"acf":[],"jetpack_shortlink":"https:\/\/wp.me\/a3b35P-9eQ","jetpack_sharing_enabled":true,"description":{"rendered":"<p class=\"attachment\"><a href='https:\/\/www.wallendorff.com\/belogue\/wp-content\/uploads\/2017\/08\/20170824-58.jpg'><img fetchpriority=\"high\" decoding=\"async\" width=\"200\" height=\"300\" src=\"https:\/\/www.wallendorff.com\/belogue\/wp-content\/uploads\/2017\/08\/20170824-58-200x300.jpg\" class=\"attachment-medium size-medium\" alt=\"\" srcset=\"https:\/\/www.wallendorff.com\/belogue\/wp-content\/uploads\/2017\/08\/20170824-58-200x300.jpg 200w, https:\/\/www.wallendorff.com\/belogue\/wp-content\/uploads\/2017\/08\/20170824-58-133x200.jpg 133w, https:\/\/www.wallendorff.com\/belogue\/wp-content\/uploads\/2017\/08\/20170824-58.jpg 567w\" sizes=\"(max-width: 200px) 100vw, 200px\" \/><\/a><\/p>\n"},"caption":{"rendered":"<p>Temples @ Pal\u00e9o Festival, Nyon, 19\/07\/2017<\/p>\n"},"alt_text":"","media_type":"image","mime_type":"image\/jpeg","media_details":{"width":567,"height":850,"file":"2017\/08\/20170824-58.jpg","filesize":171282,"sizes":{"woocommerce_thumbnail":{"file":"20170824-58-550x550.jpg","width":550,"height":550,"filesize":52831,"uncropped":false,"mime_type":"image\/jpeg","source_url":"https:\/\/www.wallendorff.com\/belogue\/wp-content\/uploads\/2017\/08\/20170824-58-550x550.jpg"},"woocommerce_gallery_thumbnail":{"file":"20170824-58-220x220.jpg","width":220,"height":220,"filesize":12706,"mime_type":"image\/jpeg","source_url":"https:\/\/www.wallendorff.com\/belogue\/wp-content\/uploads\/2017\/08\/20170824-58-220x220.jpg"},"thumbnail":{"file":"20170824-58-133x200.jpg","width":133,"height":200,"mime_type":"image\/jpeg","source_url":"https:\/\/www.wallendorff.com\/belogue\/wp-content\/uploads\/2017\/08\/20170824-58-133x200.jpg"},"medium":{"file":"20170824-58-200x300.jpg","width":200,"height":300,"mime_type":"image\/jpeg","source_url":"https:\/\/www.wallendorff.com\/belogue\/wp-content\/uploads\/2017\/08\/20170824-58-200x300.jpg"},"full":{"file":"20170824-58.jpg","width":567,"height":850,"mime_type":"image\/jpeg","source_url":"https:\/\/www.wallendorff.com\/belogue\/wp-content\/uploads\/2017\/08\/20170824-58.jpg"}},"image_meta":{"aperture":"3.2","credit":"L. Wallendorff","camera":"Canon EOS 5D Mark III","caption":"Temples @ Pal\u00e9o Festival, Nyon, 19\/07\/2017","created_timestamp":"1500493668","copyright":"L. Wallendorff \u2013 www.wallendorff.com","focal_length":"24","iso":"400","shutter_speed":"0.003125","title":"Temples @ Pal\u00e9o Festival, Nyon, 19\/07\/2017","orientation":"1","keywords":["2017","Nyon","Pal\u00e9o Festival","Pal\u00e9o Festival 2017","Suisse","Temples","Tr\u00e9lex","alive","canton de Vaud","district de Nyon","festival","les Arches","plaine de l'Asse"]}},"post":35454,"source_url":"https:\/\/www.wallendorff.com\/belogue\/wp-content\/uploads\/2017\/08\/20170824-58.jpg","_links":{"self":[{"href":"https:\/\/www.wallendorff.com\/belogue\/wp-json\/wp\/v2\/media\/35516","targetHints":{"allow":["GET"]}}],"collection":[{"href":"https:\/\/www.wallendorff.com\/belogue\/wp-json\/wp\/v2\/media"}],"about":[{"href":"https:\/\/www.wallendorff.com\/belogue\/wp-json\/wp\/v2\/types\/attachment"}],"author":[{"embeddable":true,"href":"https:\/\/www.wallendorff.com\/belogue\/wp-json\/wp\/v2\/users\/1"}],"replies":[{"embeddable":true,"href":"https:\/\/www.wallendorff.com\/belogue\/wp-json\/wp\/v2\/comments?post=35516"}],"wp:attached-to":[{"embeddable":true,"post_type":"post","id":35454,"href":"https:\/\/www.wallendorff.com\/belogue\/wp-json\/wp\/v2\/posts\/35454"}],"curies":[{"name":"wp","href":"https:\/\/api.w.org\/{rel}","templated":true}]}}

Temples @ Paléo Festival, Nyon, 19/07/2017

<p>Temples @ Paléo Festival, Nyon, 19/07/2017</p>

Paléo Festival

Paléo Festival 2017

Trélex
