{"id":35512,"date":"2017-08-23T10:57:20","date_gmt":"2017-08-23T08:57:20","guid":{"rendered":"http:\/\/www.wallendorff.com\/belogue\/wp-content\/uploads\/2017\/08\/20170824-54.jpg"},"modified":"2017-08-23T10:57:20","modified_gmt":"2017-08-23T08:57:20","slug":"red-hot-chili-peppers-paleo-festival-nyon-18072017-11","status":"inherit","type":"attachment","link":"https:\/\/www.wallendorff.com\/belogue\/2017\/07\/31\/juillet-2017\/red-hot-chili-peppers-paleo-festival-nyon-18072017-11\/","title":{"rendered":"Red Hot Chili Peppers @ Pal\u00e9o Festival, Nyon, 18\/07\/2017"},"author":1,"featured_media":0,"comment_status":"open","ping_status":"closed","template":"","meta":{"_acf_changed":false,"ngg_post_thumbnail":0,"jetpack_post_was_ever_published":false},"class_list":["post-35512","attachment","type-attachment","status-inherit","hentry"],"acf":[],"jetpack_shortlink":"https:\/\/wp.me\/a3b35P-9eM","jetpack_sharing_enabled":true,"description":{"rendered":"<p class=\"attachment\"><a href='https:\/\/www.wallendorff.com\/belogue\/wp-content\/uploads\/2017\/08\/20170824-54.jpg'><img fetchpriority=\"high\" decoding=\"async\" width=\"300\" height=\"200\" src=\"https:\/\/www.wallendorff.com\/belogue\/wp-content\/uploads\/2017\/08\/20170824-54-300x200.jpg\" class=\"attachment-medium size-medium\" alt=\"\" srcset=\"https:\/\/www.wallendorff.com\/belogue\/wp-content\/uploads\/2017\/08\/20170824-54-300x200.jpg 300w, https:\/\/www.wallendorff.com\/belogue\/wp-content\/uploads\/2017\/08\/20170824-54-820x547.jpg 820w, https:\/\/www.wallendorff.com\/belogue\/wp-content\/uploads\/2017\/08\/20170824-54-200x133.jpg 200w, https:\/\/www.wallendorff.com\/belogue\/wp-content\/uploads\/2017\/08\/20170824-54-600x400.jpg 600w, https:\/\/www.wallendorff.com\/belogue\/wp-content\/uploads\/2017\/08\/20170824-54.jpg 850w\" sizes=\"(max-width: 300px) 100vw, 300px\" \/><\/a><\/p>\n"},"caption":{"rendered":"<p>Red Hot Chili Peppers @ Pal\u00e9o Festival, Nyon, 18\/07\/2017<\/p>\n"},"alt_text":"","media_type":"image","mime_type":"image\/jpeg","media_details":{"width":850,"height":567,"file":"2017\/08\/20170824-54.jpg","filesize":201342,"sizes":{"woocommerce_thumbnail":{"file":"20170824-54-550x550.jpg","width":550,"height":550,"filesize":60711,"uncropped":false,"mime_type":"image\/jpeg","source_url":"https:\/\/www.wallendorff.com\/belogue\/wp-content\/uploads\/2017\/08\/20170824-54-550x550.jpg"},"woocommerce_gallery_thumbnail":{"file":"20170824-54-220x220.jpg","width":220,"height":220,"filesize":14875,"mime_type":"image\/jpeg","source_url":"https:\/\/www.wallendorff.com\/belogue\/wp-content\/uploads\/2017\/08\/20170824-54-220x220.jpg"},"woocommerce_single":{"file":"20170824-54-820x547.jpg","width":820,"height":547,"filesize":74626,"mime_type":"image\/jpeg","source_url":"https:\/\/www.wallendorff.com\/belogue\/wp-content\/uploads\/2017\/08\/20170824-54-820x547.jpg"},"thumbnail":{"file":"20170824-54-200x133.jpg","width":200,"height":133,"mime_type":"image\/jpeg","source_url":"https:\/\/www.wallendorff.com\/belogue\/wp-content\/uploads\/2017\/08\/20170824-54-200x133.jpg"},"medium":{"file":"20170824-54-300x200.jpg","width":300,"height":200,"mime_type":"image\/jpeg","source_url":"https:\/\/www.wallendorff.com\/belogue\/wp-content\/uploads\/2017\/08\/20170824-54-300x200.jpg"},"600x99999":{"file":"20170824-54-600x567.jpg","width":600,"height":567,"mime_type":"image\/jpeg","source_url":"https:\/\/www.wallendorff.com\/belogue\/wp-content\/uploads\/2017\/08\/20170824-54-600x567.jpg"},"600x0":{"file":"20170824-54-600x400.jpg","width":600,"height":400,"filesize":45060,"mime_type":"image\/jpeg","source_url":"https:\/\/www.wallendorff.com\/belogue\/wp-content\/uploads\/2017\/08\/20170824-54-600x400.jpg"},"full":{"file":"20170824-54.jpg","width":850,"height":567,"mime_type":"image\/jpeg","source_url":"https:\/\/www.wallendorff.com\/belogue\/wp-content\/uploads\/2017\/08\/20170824-54.jpg"}},"image_meta":{"aperture":"7.1","credit":"L. Wallendorff","camera":"Canon EOS 5D Mark III","caption":"Red Hot Chili Peppers @ Pal\u00e9o Festival, Nyon, 18\/07\/2017","created_timestamp":"1500420961","copyright":"L. Wallendorff \u2013 www.wallendorff.com","focal_length":"145","iso":"3200","shutter_speed":"0.003125","title":"Red Hot Chili Peppers @ Pal\u00e9o Festival, Nyon, 18\/07\/2017","orientation":"1","keywords":["2017","Anthony Kiedis","Nyon","Pal\u00e9o Festival","Pal\u00e9o Festival 2017","Red Hot Chili Peppers","Suisse","Tr\u00e9lex","alive","canton de Vaud","district de Nyon","festival","grande sc\u00e8ne (Pal\u00e9o Festival)","plaine de l'Asse"]}},"post":35454,"source_url":"https:\/\/www.wallendorff.com\/belogue\/wp-content\/uploads\/2017\/08\/20170824-54.jpg","_links":{"self":[{"href":"https:\/\/www.wallendorff.com\/belogue\/wp-json\/wp\/v2\/media\/35512","targetHints":{"allow":["GET"]}}],"collection":[{"href":"https:\/\/www.wallendorff.com\/belogue\/wp-json\/wp\/v2\/media"}],"about":[{"href":"https:\/\/www.wallendorff.com\/belogue\/wp-json\/wp\/v2\/types\/attachment"}],"author":[{"embeddable":true,"href":"https:\/\/www.wallendorff.com\/belogue\/wp-json\/wp\/v2\/users\/1"}],"replies":[{"embeddable":true,"href":"https:\/\/www.wallendorff.com\/belogue\/wp-json\/wp\/v2\/comments?post=35512"}],"wp:attached-to":[{"embeddable":true,"post_type":"post","id":35454,"href":"https:\/\/www.wallendorff.com\/belogue\/wp-json\/wp\/v2\/posts\/35454"}],"curies":[{"name":"wp","href":"https:\/\/api.w.org\/{rel}","templated":true}]}}

Red Hot Chili Peppers @ Paléo Festival, Nyon, 18/07/2017

<p>Red Hot Chili Peppers @ Paléo Festival, Nyon, 18/07/2017</p>

Paléo Festival

Paléo Festival 2017

Trélex

grande scène (Paléo Festival)
