{"id":35487,"date":"2017-08-23T10:56:38","date_gmt":"2017-08-23T08:56:38","guid":{"rendered":"http:\/\/www.wallendorff.com\/belogue\/wp-content\/uploads\/2017\/08\/20170824-29.jpg"},"modified":"2017-08-23T10:56:38","modified_gmt":"2017-08-23T08:56:38","slug":"arcade-fire-les-eurockeennes-belfort-09072017-12","status":"inherit","type":"attachment","link":"https:\/\/www.wallendorff.com\/belogue\/2017\/07\/31\/juillet-2017\/arcade-fire-les-eurockeennes-belfort-09072017-12\/","title":{"rendered":"Arcade Fire @ les Eurock\u00e9ennes, Belfort, 09\/07\/2017"},"author":1,"featured_media":0,"comment_status":"open","ping_status":"closed","template":"","meta":{"_acf_changed":false,"ngg_post_thumbnail":0,"jetpack_post_was_ever_published":false},"class_list":["post-35487","attachment","type-attachment","status-inherit","hentry"],"acf":[],"jetpack_shortlink":"https:\/\/wp.me\/a3b35P-9en","jetpack_sharing_enabled":true,"description":{"rendered":"<p class=\"attachment\"><a href='https:\/\/www.wallendorff.com\/belogue\/wp-content\/uploads\/2017\/08\/20170824-29.jpg'><img fetchpriority=\"high\" decoding=\"async\" width=\"300\" height=\"169\" src=\"https:\/\/www.wallendorff.com\/belogue\/wp-content\/uploads\/2017\/08\/20170824-29-300x169.jpg\" class=\"attachment-medium size-medium\" alt=\"\" srcset=\"https:\/\/www.wallendorff.com\/belogue\/wp-content\/uploads\/2017\/08\/20170824-29-300x169.jpg 300w, https:\/\/www.wallendorff.com\/belogue\/wp-content\/uploads\/2017\/08\/20170824-29-820x461.jpg 820w, https:\/\/www.wallendorff.com\/belogue\/wp-content\/uploads\/2017\/08\/20170824-29-200x112.jpg 200w, https:\/\/www.wallendorff.com\/belogue\/wp-content\/uploads\/2017\/08\/20170824-29-600x337.jpg 600w, https:\/\/www.wallendorff.com\/belogue\/wp-content\/uploads\/2017\/08\/20170824-29.jpg 850w\" sizes=\"(max-width: 300px) 100vw, 300px\" \/><\/a><\/p>\n"},"caption":{"rendered":"<p>Arcade Fire @ les Eurock\u00e9ennes, Belfort, 09\/07\/2017<\/p>\n"},"alt_text":"","media_type":"image","mime_type":"image\/jpeg","media_details":{"width":850,"height":478,"file":"2017\/08\/20170824-29.jpg","filesize":127072,"sizes":{"woocommerce_thumbnail":{"file":"20170824-29-550x478.jpg","width":550,"height":478,"filesize":38398,"uncropped":false,"mime_type":"image\/jpeg","source_url":"https:\/\/www.wallendorff.com\/belogue\/wp-content\/uploads\/2017\/08\/20170824-29-550x478.jpg"},"woocommerce_gallery_thumbnail":{"file":"20170824-29-220x220.jpg","width":220,"height":220,"filesize":8802,"mime_type":"image\/jpeg","source_url":"https:\/\/www.wallendorff.com\/belogue\/wp-content\/uploads\/2017\/08\/20170824-29-220x220.jpg"},"woocommerce_single":{"file":"20170824-29-820x461.jpg","width":820,"height":461,"filesize":48086,"mime_type":"image\/jpeg","source_url":"https:\/\/www.wallendorff.com\/belogue\/wp-content\/uploads\/2017\/08\/20170824-29-820x461.jpg"},"thumbnail":{"file":"20170824-29-200x112.jpg","width":200,"height":112,"mime_type":"image\/jpeg","source_url":"https:\/\/www.wallendorff.com\/belogue\/wp-content\/uploads\/2017\/08\/20170824-29-200x112.jpg"},"medium":{"file":"20170824-29-300x169.jpg","width":300,"height":169,"mime_type":"image\/jpeg","source_url":"https:\/\/www.wallendorff.com\/belogue\/wp-content\/uploads\/2017\/08\/20170824-29-300x169.jpg"},"600x99999":{"file":"20170824-29-600x478.jpg","width":600,"height":478,"mime_type":"image\/jpeg","source_url":"https:\/\/www.wallendorff.com\/belogue\/wp-content\/uploads\/2017\/08\/20170824-29-600x478.jpg"},"600x0":{"file":"20170824-29-600x337.jpg","width":600,"height":337,"filesize":29430,"mime_type":"image\/jpeg","source_url":"https:\/\/www.wallendorff.com\/belogue\/wp-content\/uploads\/2017\/08\/20170824-29-600x337.jpg"},"full":{"file":"20170824-29.jpg","width":850,"height":478,"mime_type":"image\/jpeg","source_url":"https:\/\/www.wallendorff.com\/belogue\/wp-content\/uploads\/2017\/08\/20170824-29.jpg"}},"image_meta":{"aperture":"0","credit":"L. Wallendorff","camera":"","caption":"Arcade Fire @ les Eurock\u00e9ennes, Belfort, 09\/07\/2017","created_timestamp":"1499650861","copyright":"L. Wallendorff \u2013 www.wallendorff.com","focal_length":"0","iso":"0","shutter_speed":"0","title":"Arcade Fire @ les Eurock\u00e9ennes, Belfort, 09\/07\/2017","orientation":"1","keywords":["2017","Arcade Fire","Belfort","France","Franche-Comt\u00e9","Les Eurock\u00e9ennes","Sermamagny","Territoire de Belfort","alive","festival","grande sc\u00e8ne (Eurock\u00e9ennes)","les Eurock\u00e9ennes de Belfort 2017"]}},"post":35454,"source_url":"https:\/\/www.wallendorff.com\/belogue\/wp-content\/uploads\/2017\/08\/20170824-29.jpg","_links":{"self":[{"href":"https:\/\/www.wallendorff.com\/belogue\/wp-json\/wp\/v2\/media\/35487","targetHints":{"allow":["GET"]}}],"collection":[{"href":"https:\/\/www.wallendorff.com\/belogue\/wp-json\/wp\/v2\/media"}],"about":[{"href":"https:\/\/www.wallendorff.com\/belogue\/wp-json\/wp\/v2\/types\/attachment"}],"author":[{"embeddable":true,"href":"https:\/\/www.wallendorff.com\/belogue\/wp-json\/wp\/v2\/users\/1"}],"replies":[{"embeddable":true,"href":"https:\/\/www.wallendorff.com\/belogue\/wp-json\/wp\/v2\/comments?post=35487"}],"wp:attached-to":[{"embeddable":true,"post_type":"post","id":35454,"href":"https:\/\/www.wallendorff.com\/belogue\/wp-json\/wp\/v2\/posts\/35454"}],"curies":[{"name":"wp","href":"https:\/\/api.w.org\/{rel}","templated":true}]}}

Arcade Fire @ les Eurockéennes, Belfort, 09/07/2017

<p>Arcade Fire @ les Eurockéennes, Belfort, 09/07/2017</p>

Franche-Comté

Les Eurockéennes

grande scène (Eurockéennes)

les Eurockéennes de Belfort 2017
