{"id":35480,"date":"2017-08-23T10:56:24","date_gmt":"2017-08-23T08:56:24","guid":{"rendered":"http:\/\/www.wallendorff.com\/belogue\/wp-content\/uploads\/2017\/08\/20170824-22.jpg"},"modified":"2017-08-23T10:56:24","modified_gmt":"2017-08-23T08:56:24","slug":"les-eurockeennes-belfort-08072017-12","status":"inherit","type":"attachment","link":"https:\/\/www.wallendorff.com\/belogue\/2017\/07\/31\/juillet-2017\/les-eurockeennes-belfort-08072017-12\/","title":{"rendered":"Les Eurock\u00e9ennes, Belfort, 08\/07\/2017"},"author":1,"featured_media":0,"comment_status":"open","ping_status":"closed","template":"","meta":{"_acf_changed":false,"ngg_post_thumbnail":0,"jetpack_post_was_ever_published":false},"class_list":["post-35480","attachment","type-attachment","status-inherit","hentry"],"acf":[],"jetpack_shortlink":"https:\/\/wp.me\/a3b35P-9eg","jetpack_sharing_enabled":true,"description":{"rendered":"<p class=\"attachment\"><a href='https:\/\/www.wallendorff.com\/belogue\/wp-content\/uploads\/2017\/08\/20170824-22.jpg'><img fetchpriority=\"high\" decoding=\"async\" width=\"300\" height=\"200\" src=\"https:\/\/www.wallendorff.com\/belogue\/wp-content\/uploads\/2017\/08\/20170824-22-300x200.jpg\" class=\"attachment-medium size-medium\" alt=\"\" srcset=\"https:\/\/www.wallendorff.com\/belogue\/wp-content\/uploads\/2017\/08\/20170824-22-300x200.jpg 300w, https:\/\/www.wallendorff.com\/belogue\/wp-content\/uploads\/2017\/08\/20170824-22-820x547.jpg 820w, https:\/\/www.wallendorff.com\/belogue\/wp-content\/uploads\/2017\/08\/20170824-22-200x133.jpg 200w, https:\/\/www.wallendorff.com\/belogue\/wp-content\/uploads\/2017\/08\/20170824-22-600x400.jpg 600w, https:\/\/www.wallendorff.com\/belogue\/wp-content\/uploads\/2017\/08\/20170824-22.jpg 850w\" sizes=\"(max-width: 300px) 100vw, 300px\" \/><\/a><\/p>\n"},"caption":{"rendered":"<p>Les Eurock\u00e9ennes, Belfort, 08\/07\/2017<\/p>\n"},"alt_text":"","media_type":"image","mime_type":"image\/jpeg","media_details":{"width":850,"height":567,"file":"2017\/08\/20170824-22.jpg","filesize":214889,"sizes":{"woocommerce_thumbnail":{"file":"20170824-22-550x550.jpg","width":550,"height":550,"filesize":56820,"uncropped":false,"mime_type":"image\/jpeg","source_url":"https:\/\/www.wallendorff.com\/belogue\/wp-content\/uploads\/2017\/08\/20170824-22-550x550.jpg"},"woocommerce_gallery_thumbnail":{"file":"20170824-22-220x220.jpg","width":220,"height":220,"filesize":13559,"mime_type":"image\/jpeg","source_url":"https:\/\/www.wallendorff.com\/belogue\/wp-content\/uploads\/2017\/08\/20170824-22-220x220.jpg"},"woocommerce_single":{"file":"20170824-22-820x547.jpg","width":820,"height":547,"filesize":81131,"mime_type":"image\/jpeg","source_url":"https:\/\/www.wallendorff.com\/belogue\/wp-content\/uploads\/2017\/08\/20170824-22-820x547.jpg"},"thumbnail":{"file":"20170824-22-200x133.jpg","width":200,"height":133,"mime_type":"image\/jpeg","source_url":"https:\/\/www.wallendorff.com\/belogue\/wp-content\/uploads\/2017\/08\/20170824-22-200x133.jpg"},"medium":{"file":"20170824-22-300x200.jpg","width":300,"height":200,"mime_type":"image\/jpeg","source_url":"https:\/\/www.wallendorff.com\/belogue\/wp-content\/uploads\/2017\/08\/20170824-22-300x200.jpg"},"600x99999":{"file":"20170824-22-600x567.jpg","width":600,"height":567,"mime_type":"image\/jpeg","source_url":"https:\/\/www.wallendorff.com\/belogue\/wp-content\/uploads\/2017\/08\/20170824-22-600x567.jpg"},"600x0":{"file":"20170824-22-600x400.jpg","width":600,"height":400,"filesize":48931,"mime_type":"image\/jpeg","source_url":"https:\/\/www.wallendorff.com\/belogue\/wp-content\/uploads\/2017\/08\/20170824-22-600x400.jpg"},"full":{"file":"20170824-22.jpg","width":850,"height":567,"mime_type":"image\/jpeg","source_url":"https:\/\/www.wallendorff.com\/belogue\/wp-content\/uploads\/2017\/08\/20170824-22.jpg"}},"image_meta":{"aperture":"8","credit":"L. Wallendorff","camera":"Canon EOS 6D","caption":"Les Eurock\u00e9ennes, Belfort, 08\/07\/2017","created_timestamp":"1499556354","copyright":"L. Wallendorff \u2013 www.wallendorff.com","focal_length":"15","iso":"3200","shutter_speed":"0.04","title":"Les Eurock\u00e9ennes, Belfort, 08\/07\/2017","orientation":"1","keywords":["2017","Belfort","France","Franche-Comt\u00e9","Les Eurock\u00e9ennes","Micha\u00ebl J\u00e9r\u00e9miasz","Sermamagny","Territoire de Belfort","alive","ambiance","festival","les Eurock\u00e9ennes de Belfort 2017","public","slam"]}},"post":35454,"source_url":"https:\/\/www.wallendorff.com\/belogue\/wp-content\/uploads\/2017\/08\/20170824-22.jpg","_links":{"self":[{"href":"https:\/\/www.wallendorff.com\/belogue\/wp-json\/wp\/v2\/media\/35480","targetHints":{"allow":["GET"]}}],"collection":[{"href":"https:\/\/www.wallendorff.com\/belogue\/wp-json\/wp\/v2\/media"}],"about":[{"href":"https:\/\/www.wallendorff.com\/belogue\/wp-json\/wp\/v2\/types\/attachment"}],"author":[{"embeddable":true,"href":"https:\/\/www.wallendorff.com\/belogue\/wp-json\/wp\/v2\/users\/1"}],"replies":[{"embeddable":true,"href":"https:\/\/www.wallendorff.com\/belogue\/wp-json\/wp\/v2\/comments?post=35480"}],"wp:attached-to":[{"embeddable":true,"post_type":"post","id":35454,"href":"https:\/\/www.wallendorff.com\/belogue\/wp-json\/wp\/v2\/posts\/35454"}],"curies":[{"name":"wp","href":"https:\/\/api.w.org\/{rel}","templated":true}]}}

Les Eurockéennes, Belfort, 08/07/2017

<p>Les Eurockéennes, Belfort, 08/07/2017</p>

Franche-Comté

Les Eurockéennes

Michaël Jérémiasz

les Eurockéennes de Belfort 2017
