{"id":35466,"date":"2017-08-23T10:55:58","date_gmt":"2017-08-23T08:55:58","guid":{"rendered":"http:\/\/www.wallendorff.com\/belogue\/wp-content\/uploads\/2017\/08\/20170824-08.jpg"},"modified":"2017-08-23T10:55:58","modified_gmt":"2017-08-23T08:55:58","slug":"les-eurockeennes-belfort-06072017-14","status":"inherit","type":"attachment","link":"https:\/\/www.wallendorff.com\/belogue\/2017\/07\/31\/juillet-2017\/les-eurockeennes-belfort-06072017-14\/","title":{"rendered":"Les Eurock\u00e9ennes, Belfort, 06\/07\/2017"},"author":1,"featured_media":0,"comment_status":"open","ping_status":"closed","template":"","meta":{"_acf_changed":false,"ngg_post_thumbnail":0,"jetpack_post_was_ever_published":false},"class_list":["post-35466","attachment","type-attachment","status-inherit","hentry"],"acf":[],"jetpack_shortlink":"https:\/\/wp.me\/a3b35P-9e2","jetpack_sharing_enabled":true,"description":{"rendered":"<p class=\"attachment\"><a href='https:\/\/www.wallendorff.com\/belogue\/wp-content\/uploads\/2017\/08\/20170824-08.jpg'><img fetchpriority=\"high\" decoding=\"async\" width=\"300\" height=\"300\" src=\"https:\/\/www.wallendorff.com\/belogue\/wp-content\/uploads\/2017\/08\/20170824-08-300x300.jpg\" class=\"attachment-medium size-medium\" alt=\"\" srcset=\"https:\/\/www.wallendorff.com\/belogue\/wp-content\/uploads\/2017\/08\/20170824-08-300x300.jpg 300w, https:\/\/www.wallendorff.com\/belogue\/wp-content\/uploads\/2017\/08\/20170824-08-550x550.jpg 550w, https:\/\/www.wallendorff.com\/belogue\/wp-content\/uploads\/2017\/08\/20170824-08-220x220.jpg 220w, https:\/\/www.wallendorff.com\/belogue\/wp-content\/uploads\/2017\/08\/20170824-08-200x200.jpg 200w, https:\/\/www.wallendorff.com\/belogue\/wp-content\/uploads\/2017\/08\/20170824-08-600x600.jpg 600w, https:\/\/www.wallendorff.com\/belogue\/wp-content\/uploads\/2017\/08\/20170824-08.jpg 680w\" sizes=\"(max-width: 300px) 100vw, 300px\" \/><\/a><\/p>\n"},"caption":{"rendered":"<p>Les Eurock\u00e9ennes, Belfort, 06\/07\/2017<\/p>\n"},"alt_text":"","media_type":"image","mime_type":"image\/jpeg","media_details":{"width":680,"height":680,"file":"2017\/08\/20170824-08.jpg","filesize":170717,"sizes":{"woocommerce_thumbnail":{"file":"20170824-08-550x550.jpg","width":550,"height":550,"filesize":40961,"uncropped":false,"mime_type":"image\/jpeg","source_url":"https:\/\/www.wallendorff.com\/belogue\/wp-content\/uploads\/2017\/08\/20170824-08-550x550.jpg"},"woocommerce_gallery_thumbnail":{"file":"20170824-08-220x220.jpg","width":220,"height":220,"filesize":9711,"mime_type":"image\/jpeg","source_url":"https:\/\/www.wallendorff.com\/belogue\/wp-content\/uploads\/2017\/08\/20170824-08-220x220.jpg"},"thumbnail":{"file":"20170824-08-200x200.jpg","width":200,"height":200,"mime_type":"image\/jpeg","source_url":"https:\/\/www.wallendorff.com\/belogue\/wp-content\/uploads\/2017\/08\/20170824-08-200x200.jpg"},"medium":{"file":"20170824-08-300x300.jpg","width":300,"height":300,"mime_type":"image\/jpeg","source_url":"https:\/\/www.wallendorff.com\/belogue\/wp-content\/uploads\/2017\/08\/20170824-08-300x300.jpg"},"600x99999":{"file":"20170824-08-600x680.jpg","width":600,"height":680,"mime_type":"image\/jpeg","source_url":"https:\/\/www.wallendorff.com\/belogue\/wp-content\/uploads\/2017\/08\/20170824-08-600x680.jpg"},"600x0":{"file":"20170824-08-600x600.jpg","width":600,"height":600,"filesize":47000,"mime_type":"image\/jpeg","source_url":"https:\/\/www.wallendorff.com\/belogue\/wp-content\/uploads\/2017\/08\/20170824-08-600x600.jpg"},"full":{"file":"20170824-08.jpg","width":680,"height":680,"mime_type":"image\/jpeg","source_url":"https:\/\/www.wallendorff.com\/belogue\/wp-content\/uploads\/2017\/08\/20170824-08.jpg"}},"image_meta":{"aperture":"0","credit":"L. Wallendorff","camera":"","caption":"Les Eurock\u00e9ennes, Belfort, 06\/07\/2017","created_timestamp":"1499365329","copyright":"L. Wallendorff \u2013 www.wallendorff.com","focal_length":"0","iso":"0","shutter_speed":"0","title":"Les Eurock\u00e9ennes, Belfort, 06\/07\/2017","orientation":"1","keywords":["2017","Belfort","France","Franche-Comt\u00e9","Les Eurock\u00e9ennes","Sermamagny","Territoire de Belfort","alive","ambiance","appareil photo","bi\u00e8re","festival","les Eurock\u00e9ennes de Belfort 2017","public"]}},"post":35454,"source_url":"https:\/\/www.wallendorff.com\/belogue\/wp-content\/uploads\/2017\/08\/20170824-08.jpg","_links":{"self":[{"href":"https:\/\/www.wallendorff.com\/belogue\/wp-json\/wp\/v2\/media\/35466","targetHints":{"allow":["GET"]}}],"collection":[{"href":"https:\/\/www.wallendorff.com\/belogue\/wp-json\/wp\/v2\/media"}],"about":[{"href":"https:\/\/www.wallendorff.com\/belogue\/wp-json\/wp\/v2\/types\/attachment"}],"author":[{"embeddable":true,"href":"https:\/\/www.wallendorff.com\/belogue\/wp-json\/wp\/v2\/users\/1"}],"replies":[{"embeddable":true,"href":"https:\/\/www.wallendorff.com\/belogue\/wp-json\/wp\/v2\/comments?post=35466"}],"wp:attached-to":[{"embeddable":true,"post_type":"post","id":35454,"href":"https:\/\/www.wallendorff.com\/belogue\/wp-json\/wp\/v2\/posts\/35454"}],"curies":[{"name":"wp","href":"https:\/\/api.w.org\/{rel}","templated":true}]}}

Les Eurockéennes, Belfort, 06/07/2017

<p>Les Eurockéennes, Belfort, 06/07/2017</p>

Franche-Comté

Les Eurockéennes

bière

les Eurockéennes de Belfort 2017
