{"id":35211,"date":"2017-07-30T12:37:04","date_gmt":"2017-07-30T10:37:04","guid":{"rendered":"http:\/\/www.wallendorff.com\/belogue\/wp-content\/uploads\/2017\/07\/20170730-61.jpg"},"modified":"2017-07-30T12:37:04","modified_gmt":"2017-07-30T10:37:04","slug":"manu-chao-la-ventura-paleo-festival-nyon-23072017-5","status":"inherit","type":"attachment","link":"https:\/\/www.wallendorff.com\/belogue\/2017\/07\/30\/paleo-festival-2017-jour-6\/manu-chao-la-ventura-paleo-festival-nyon-23072017-5\/","title":{"rendered":"Manu Chao la Ventura @ Pal\u00e9o Festival, Nyon, 23\/07\/2017"},"author":1,"featured_media":0,"comment_status":"open","ping_status":"closed","template":"","meta":{"_acf_changed":false,"ngg_post_thumbnail":0,"jetpack_post_was_ever_published":false},"class_list":["post-35211","attachment","type-attachment","status-inherit","hentry"],"acf":[],"jetpack_shortlink":"https:\/\/wp.me\/a3b35P-99V","jetpack_sharing_enabled":true,"description":{"rendered":"<p class=\"attachment\"><a href='https:\/\/www.wallendorff.com\/belogue\/wp-content\/uploads\/2017\/07\/20170730-61.jpg'><img fetchpriority=\"high\" decoding=\"async\" width=\"200\" height=\"300\" src=\"https:\/\/www.wallendorff.com\/belogue\/wp-content\/uploads\/2017\/07\/20170730-61-200x300.jpg\" class=\"attachment-medium size-medium\" alt=\"\" srcset=\"https:\/\/www.wallendorff.com\/belogue\/wp-content\/uploads\/2017\/07\/20170730-61-200x300.jpg 200w, https:\/\/www.wallendorff.com\/belogue\/wp-content\/uploads\/2017\/07\/20170730-61-133x200.jpg 133w, https:\/\/www.wallendorff.com\/belogue\/wp-content\/uploads\/2017\/07\/20170730-61.jpg 567w\" sizes=\"(max-width: 200px) 100vw, 200px\" \/><\/a><\/p>\n"},"caption":{"rendered":"<p>Manu Chao la Ventura @ Pal\u00e9o Festival, Nyon, 23\/07\/2017<\/p>\n"},"alt_text":"","media_type":"image","mime_type":"image\/jpeg","media_details":{"width":567,"height":850,"file":"2017\/07\/20170730-61.jpg","filesize":160494,"sizes":{"woocommerce_thumbnail":{"file":"20170730-61-550x550.jpg","width":550,"height":550,"filesize":43991,"uncropped":false,"mime_type":"image\/jpeg","source_url":"https:\/\/www.wallendorff.com\/belogue\/wp-content\/uploads\/2017\/07\/20170730-61-550x550.jpg"},"woocommerce_gallery_thumbnail":{"file":"20170730-61-220x220.jpg","width":220,"height":220,"filesize":11257,"mime_type":"image\/jpeg","source_url":"https:\/\/www.wallendorff.com\/belogue\/wp-content\/uploads\/2017\/07\/20170730-61-220x220.jpg"},"thumbnail":{"file":"20170730-61-133x200.jpg","width":133,"height":200,"mime_type":"image\/jpeg","source_url":"https:\/\/www.wallendorff.com\/belogue\/wp-content\/uploads\/2017\/07\/20170730-61-133x200.jpg"},"medium":{"file":"20170730-61-200x300.jpg","width":200,"height":300,"mime_type":"image\/jpeg","source_url":"https:\/\/www.wallendorff.com\/belogue\/wp-content\/uploads\/2017\/07\/20170730-61-200x300.jpg"},"full":{"file":"20170730-61.jpg","width":567,"height":850,"mime_type":"image\/jpeg","source_url":"https:\/\/www.wallendorff.com\/belogue\/wp-content\/uploads\/2017\/07\/20170730-61.jpg"}},"image_meta":{"aperture":"7.1","credit":"L. Wallendorff","camera":"Canon EOS 5D Mark III","caption":"Manu Chao la Ventura @ Pal\u00e9o Festival, Nyon, 23\/07\/2017","created_timestamp":"1500853884","copyright":"L. Wallendorff \u2013 www.wallendorff.com","focal_length":"85","iso":"3200","shutter_speed":"0.0025","title":"Manu Chao la Ventura @ Pal\u00e9o Festival, Nyon, 23\/07\/2017","orientation":"1","keywords":["2017","Manu Chao","Manu Chao la Ventura","Nyon","Pal\u00e9o Festival","Pal\u00e9o Festival 2017","Suisse","Tr\u00e9lex","alive","canton de Vaud","district de Nyon","festival","grande sc\u00e8ne (Pal\u00e9o Festival)","plaine de l'Asse"]}},"post":35003,"source_url":"https:\/\/www.wallendorff.com\/belogue\/wp-content\/uploads\/2017\/07\/20170730-61.jpg","_links":{"self":[{"href":"https:\/\/www.wallendorff.com\/belogue\/wp-json\/wp\/v2\/media\/35211","targetHints":{"allow":["GET"]}}],"collection":[{"href":"https:\/\/www.wallendorff.com\/belogue\/wp-json\/wp\/v2\/media"}],"about":[{"href":"https:\/\/www.wallendorff.com\/belogue\/wp-json\/wp\/v2\/types\/attachment"}],"author":[{"embeddable":true,"href":"https:\/\/www.wallendorff.com\/belogue\/wp-json\/wp\/v2\/users\/1"}],"replies":[{"embeddable":true,"href":"https:\/\/www.wallendorff.com\/belogue\/wp-json\/wp\/v2\/comments?post=35211"}],"wp:attached-to":[{"embeddable":true,"post_type":"post","id":35003,"href":"https:\/\/www.wallendorff.com\/belogue\/wp-json\/wp\/v2\/posts\/35003"}],"curies":[{"name":"wp","href":"https:\/\/api.w.org\/{rel}","templated":true}]}}

Manu Chao la Ventura @ Paléo Festival, Nyon, 23/07/2017

<p>Manu Chao la Ventura @ Paléo Festival, Nyon, 23/07/2017</p>

Paléo Festival

Paléo Festival 2017

Trélex

grande scène (Paléo Festival)
