{"id":35052,"date":"2017-07-29T11:15:29","date_gmt":"2017-07-29T09:15:29","guid":{"rendered":"http:\/\/www.wallendorff.com\/belogue\/wp-content\/uploads\/2017\/07\/20170729-43.jpg"},"modified":"2017-07-29T11:15:29","modified_gmt":"2017-07-29T09:15:29","slug":"mat-bastard-paleo-festival-nyon-22072017-10","status":"inherit","type":"attachment","link":"https:\/\/www.wallendorff.com\/belogue\/2017\/07\/29\/paleo-festival-2017-jour-5\/mat-bastard-paleo-festival-nyon-22072017-10\/","title":{"rendered":"Mat Bastard @ Pal\u00e9o Festival, Nyon, 22\/07\/2017"},"author":1,"featured_media":0,"comment_status":"open","ping_status":"closed","template":"","meta":{"_acf_changed":false,"ngg_post_thumbnail":0,"jetpack_post_was_ever_published":false},"class_list":["post-35052","attachment","type-attachment","status-inherit","hentry"],"acf":[],"jetpack_shortlink":"https:\/\/wp.me\/a3b35P-97m","jetpack_sharing_enabled":true,"description":{"rendered":"<p class=\"attachment\"><a href='https:\/\/www.wallendorff.com\/belogue\/wp-content\/uploads\/2017\/07\/20170729-43.jpg'><img fetchpriority=\"high\" decoding=\"async\" width=\"300\" height=\"200\" src=\"https:\/\/www.wallendorff.com\/belogue\/wp-content\/uploads\/2017\/07\/20170729-43-300x200.jpg\" class=\"attachment-medium size-medium\" alt=\"\" srcset=\"https:\/\/www.wallendorff.com\/belogue\/wp-content\/uploads\/2017\/07\/20170729-43-300x200.jpg 300w, https:\/\/www.wallendorff.com\/belogue\/wp-content\/uploads\/2017\/07\/20170729-43-820x547.jpg 820w, https:\/\/www.wallendorff.com\/belogue\/wp-content\/uploads\/2017\/07\/20170729-43-200x133.jpg 200w, https:\/\/www.wallendorff.com\/belogue\/wp-content\/uploads\/2017\/07\/20170729-43-600x400.jpg 600w, https:\/\/www.wallendorff.com\/belogue\/wp-content\/uploads\/2017\/07\/20170729-43.jpg 850w\" sizes=\"(max-width: 300px) 100vw, 300px\" \/><\/a><\/p>\n"},"caption":{"rendered":"<p>Mat Bastard @ Pal\u00e9o Festival, Nyon, 22\/07\/2017<\/p>\n"},"alt_text":"","media_type":"image","mime_type":"image\/jpeg","media_details":{"width":850,"height":567,"file":"2017\/07\/20170729-43.jpg","filesize":107962,"sizes":{"woocommerce_thumbnail":{"file":"20170729-43-550x550.jpg","width":550,"height":550,"filesize":35293,"uncropped":false,"mime_type":"image\/jpeg","source_url":"https:\/\/www.wallendorff.com\/belogue\/wp-content\/uploads\/2017\/07\/20170729-43-550x550.jpg"},"woocommerce_gallery_thumbnail":{"file":"20170729-43-220x220.jpg","width":220,"height":220,"filesize":9002,"mime_type":"image\/jpeg","source_url":"https:\/\/www.wallendorff.com\/belogue\/wp-content\/uploads\/2017\/07\/20170729-43-220x220.jpg"},"woocommerce_single":{"file":"20170729-43-820x547.jpg","width":820,"height":547,"filesize":47013,"mime_type":"image\/jpeg","source_url":"https:\/\/www.wallendorff.com\/belogue\/wp-content\/uploads\/2017\/07\/20170729-43-820x547.jpg"},"thumbnail":{"file":"20170729-43-200x133.jpg","width":200,"height":133,"mime_type":"image\/jpeg","source_url":"https:\/\/www.wallendorff.com\/belogue\/wp-content\/uploads\/2017\/07\/20170729-43-200x133.jpg"},"medium":{"file":"20170729-43-300x200.jpg","width":300,"height":200,"mime_type":"image\/jpeg","source_url":"https:\/\/www.wallendorff.com\/belogue\/wp-content\/uploads\/2017\/07\/20170729-43-300x200.jpg"},"600x99999":{"file":"20170729-43-600x567.jpg","width":600,"height":567,"mime_type":"image\/jpeg","source_url":"https:\/\/www.wallendorff.com\/belogue\/wp-content\/uploads\/2017\/07\/20170729-43-600x567.jpg"},"600x0":{"file":"20170729-43-600x400.jpg","width":600,"height":400,"filesize":28579,"mime_type":"image\/jpeg","source_url":"https:\/\/www.wallendorff.com\/belogue\/wp-content\/uploads\/2017\/07\/20170729-43-600x400.jpg"},"full":{"file":"20170729-43.jpg","width":850,"height":567,"mime_type":"image\/jpeg","source_url":"https:\/\/www.wallendorff.com\/belogue\/wp-content\/uploads\/2017\/07\/20170729-43.jpg"}},"image_meta":{"aperture":"3.2","credit":"L. Wallendorff","camera":"Canon EOS 5D Mark III","caption":"Mat Bastard @ Pal\u00e9o Festival, Nyon, 22\/07\/2017","created_timestamp":"1500765701","copyright":"L. Wallendorff \u2013 www.wallendorff.com","focal_length":"110","iso":"160","shutter_speed":"0.005","title":"Mat Bastard @ Pal\u00e9o Festival, Nyon, 22\/07\/2017","orientation":"1","keywords":["2017","Mat Bastard","Nyon","Pal\u00e9o Festival","Pal\u00e9o Festival 2017","Suisse","Tr\u00e9lex","alive","canton de Vaud","district de Nyon","festival","les Arches","plaine de l'Asse"]}},"post":35005,"source_url":"https:\/\/www.wallendorff.com\/belogue\/wp-content\/uploads\/2017\/07\/20170729-43.jpg","_links":{"self":[{"href":"https:\/\/www.wallendorff.com\/belogue\/wp-json\/wp\/v2\/media\/35052","targetHints":{"allow":["GET"]}}],"collection":[{"href":"https:\/\/www.wallendorff.com\/belogue\/wp-json\/wp\/v2\/media"}],"about":[{"href":"https:\/\/www.wallendorff.com\/belogue\/wp-json\/wp\/v2\/types\/attachment"}],"author":[{"embeddable":true,"href":"https:\/\/www.wallendorff.com\/belogue\/wp-json\/wp\/v2\/users\/1"}],"replies":[{"embeddable":true,"href":"https:\/\/www.wallendorff.com\/belogue\/wp-json\/wp\/v2\/comments?post=35052"}],"wp:attached-to":[{"embeddable":true,"post_type":"post","id":35005,"href":"https:\/\/www.wallendorff.com\/belogue\/wp-json\/wp\/v2\/posts\/35005"}],"curies":[{"name":"wp","href":"https:\/\/api.w.org\/{rel}","templated":true}]}}

Mat Bastard @ Paléo Festival, Nyon, 22/07/2017

<p>Mat Bastard @ Paléo Festival, Nyon, 22/07/2017</p>

Paléo Festival

Paléo Festival 2017

Trélex
