{"id":35038,"date":"2017-07-29T11:15:16","date_gmt":"2017-07-29T09:15:16","guid":{"rendered":"http:\/\/www.wallendorff.com\/belogue\/wp-content\/uploads\/2017\/07\/20170729-29.jpg"},"modified":"2017-07-29T11:15:16","modified_gmt":"2017-07-29T09:15:16","slug":"paleo-festival-nyon-22072017-14","status":"inherit","type":"attachment","link":"https:\/\/www.wallendorff.com\/belogue\/2017\/07\/29\/paleo-festival-2017-jour-5\/paleo-festival-nyon-22072017-14\/","title":{"rendered":"Pal\u00e9o Festival, Nyon, 22\/07\/2017"},"author":1,"featured_media":0,"comment_status":"open","ping_status":"closed","template":"","meta":{"_acf_changed":false,"ngg_post_thumbnail":0,"jetpack_post_was_ever_published":false},"class_list":["post-35038","attachment","type-attachment","status-inherit","hentry"],"acf":[],"jetpack_shortlink":"https:\/\/wp.me\/a3b35P-978","jetpack_sharing_enabled":true,"description":{"rendered":"<p class=\"attachment\"><a href='https:\/\/www.wallendorff.com\/belogue\/wp-content\/uploads\/2017\/07\/20170729-29.jpg'><img fetchpriority=\"high\" decoding=\"async\" width=\"200\" height=\"300\" src=\"https:\/\/www.wallendorff.com\/belogue\/wp-content\/uploads\/2017\/07\/20170729-29-200x300.jpg\" class=\"attachment-medium size-medium\" alt=\"\" srcset=\"https:\/\/www.wallendorff.com\/belogue\/wp-content\/uploads\/2017\/07\/20170729-29-200x300.jpg 200w, https:\/\/www.wallendorff.com\/belogue\/wp-content\/uploads\/2017\/07\/20170729-29-133x200.jpg 133w, https:\/\/www.wallendorff.com\/belogue\/wp-content\/uploads\/2017\/07\/20170729-29.jpg 567w\" sizes=\"(max-width: 200px) 100vw, 200px\" \/><\/a><\/p>\n"},"caption":{"rendered":"<p>Pal\u00e9o Festival, Nyon, 22\/07\/2017<\/p>\n"},"alt_text":"","media_type":"image","mime_type":"image\/jpeg","media_details":{"width":567,"height":850,"file":"2017\/07\/20170729-29.jpg","filesize":374347,"sizes":{"woocommerce_thumbnail":{"file":"20170729-29-550x550.jpg","width":550,"height":550,"filesize":102526,"uncropped":false,"mime_type":"image\/jpeg","source_url":"https:\/\/www.wallendorff.com\/belogue\/wp-content\/uploads\/2017\/07\/20170729-29-550x550.jpg"},"woocommerce_gallery_thumbnail":{"file":"20170729-29-220x220.jpg","width":220,"height":220,"filesize":19139,"mime_type":"image\/jpeg","source_url":"https:\/\/www.wallendorff.com\/belogue\/wp-content\/uploads\/2017\/07\/20170729-29-220x220.jpg"},"thumbnail":{"file":"20170729-29-133x200.jpg","width":133,"height":200,"mime_type":"image\/jpeg","source_url":"https:\/\/www.wallendorff.com\/belogue\/wp-content\/uploads\/2017\/07\/20170729-29-133x200.jpg"},"medium":{"file":"20170729-29-200x300.jpg","width":200,"height":300,"mime_type":"image\/jpeg","source_url":"https:\/\/www.wallendorff.com\/belogue\/wp-content\/uploads\/2017\/07\/20170729-29-200x300.jpg"},"full":{"file":"20170729-29.jpg","width":567,"height":850,"mime_type":"image\/jpeg","source_url":"https:\/\/www.wallendorff.com\/belogue\/wp-content\/uploads\/2017\/07\/20170729-29.jpg"}},"image_meta":{"aperture":"2.8","credit":"L. Wallendorff","camera":"Canon EOS 6D","caption":"Pal\u00e9o Festival, Nyon, 22\/07\/2017","created_timestamp":"1500758981","copyright":"L. Wallendorff \u2013 www.wallendorff.com","focal_length":"108","iso":"3200","shutter_speed":"0.004","title":"Pal\u00e9o Festival, Nyon, 22\/07\/2017","orientation":"1","keywords":["2017","Nyon","Pal\u00e9o Festival","Pal\u00e9o Festival 2017","Suisse","Tr\u00e9lex","alive","ambiance","canton de Vaud","district de Nyon","festival","plaine de l'Asse","public"]}},"post":35005,"source_url":"https:\/\/www.wallendorff.com\/belogue\/wp-content\/uploads\/2017\/07\/20170729-29.jpg","_links":{"self":[{"href":"https:\/\/www.wallendorff.com\/belogue\/wp-json\/wp\/v2\/media\/35038","targetHints":{"allow":["GET"]}}],"collection":[{"href":"https:\/\/www.wallendorff.com\/belogue\/wp-json\/wp\/v2\/media"}],"about":[{"href":"https:\/\/www.wallendorff.com\/belogue\/wp-json\/wp\/v2\/types\/attachment"}],"author":[{"embeddable":true,"href":"https:\/\/www.wallendorff.com\/belogue\/wp-json\/wp\/v2\/users\/1"}],"replies":[{"embeddable":true,"href":"https:\/\/www.wallendorff.com\/belogue\/wp-json\/wp\/v2\/comments?post=35038"}],"wp:attached-to":[{"embeddable":true,"post_type":"post","id":35005,"href":"https:\/\/www.wallendorff.com\/belogue\/wp-json\/wp\/v2\/posts\/35005"}],"curies":[{"name":"wp","href":"https:\/\/api.w.org\/{rel}","templated":true}]}}

Paléo Festival, Nyon, 22/07/2017

<p>Paléo Festival, Nyon, 22/07/2017</p>

Paléo Festival

Paléo Festival 2017

Trélex
