{"id":34990,"date":"2017-07-28T11:48:34","date_gmt":"2017-07-28T09:48:34","guid":{"rendered":"http:\/\/www.wallendorff.com\/belogue\/wp-content\/uploads\/2017\/07\/20170728-12.jpg"},"modified":"2017-07-28T11:48:34","modified_gmt":"2017-07-28T09:48:34","slug":"mark-kelly-paleo-festival-nyon-21072017-5","status":"inherit","type":"attachment","link":"https:\/\/www.wallendorff.com\/belogue\/2017\/07\/28\/paleo-festival-2017-jour-4\/mark-kelly-paleo-festival-nyon-21072017-5\/","title":{"rendered":"Mark Kelly @ Pal\u00e9o Festival, Nyon, 21\/07\/2017"},"author":1,"featured_media":0,"comment_status":"open","ping_status":"closed","template":"","meta":{"_acf_changed":false,"ngg_post_thumbnail":0,"jetpack_post_was_ever_published":false},"class_list":["post-34990","attachment","type-attachment","status-inherit","hentry"],"acf":[],"jetpack_shortlink":"https:\/\/wp.me\/a3b35P-96m","jetpack_sharing_enabled":true,"description":{"rendered":"<p class=\"attachment\"><a href='https:\/\/www.wallendorff.com\/belogue\/wp-content\/uploads\/2017\/07\/20170728-12.jpg'><img fetchpriority=\"high\" decoding=\"async\" width=\"200\" height=\"300\" src=\"https:\/\/www.wallendorff.com\/belogue\/wp-content\/uploads\/2017\/07\/20170728-12-200x300.jpg\" class=\"attachment-medium size-medium\" alt=\"\" srcset=\"https:\/\/www.wallendorff.com\/belogue\/wp-content\/uploads\/2017\/07\/20170728-12-200x300.jpg 200w, https:\/\/www.wallendorff.com\/belogue\/wp-content\/uploads\/2017\/07\/20170728-12-133x200.jpg 133w, https:\/\/www.wallendorff.com\/belogue\/wp-content\/uploads\/2017\/07\/20170728-12.jpg 567w\" sizes=\"(max-width: 200px) 100vw, 200px\" \/><\/a><\/p>\n"},"caption":{"rendered":"<p>Mark Kelly @ Pal\u00e9o Festival, Nyon, 21\/07\/2017<\/p>\n"},"alt_text":"","media_type":"image","mime_type":"image\/jpeg","media_details":{"width":567,"height":850,"file":"2017\/07\/20170728-12.jpg","filesize":170082,"sizes":{"woocommerce_thumbnail":{"file":"20170728-12-550x550.jpg","width":550,"height":550,"filesize":52765,"uncropped":false,"mime_type":"image\/jpeg","source_url":"https:\/\/www.wallendorff.com\/belogue\/wp-content\/uploads\/2017\/07\/20170728-12-550x550.jpg"},"woocommerce_gallery_thumbnail":{"file":"20170728-12-220x220.jpg","width":220,"height":220,"filesize":12062,"mime_type":"image\/jpeg","source_url":"https:\/\/www.wallendorff.com\/belogue\/wp-content\/uploads\/2017\/07\/20170728-12-220x220.jpg"},"thumbnail":{"file":"20170728-12-133x200.jpg","width":133,"height":200,"mime_type":"image\/jpeg","source_url":"https:\/\/www.wallendorff.com\/belogue\/wp-content\/uploads\/2017\/07\/20170728-12-133x200.jpg"},"medium":{"file":"20170728-12-200x300.jpg","width":200,"height":300,"mime_type":"image\/jpeg","source_url":"https:\/\/www.wallendorff.com\/belogue\/wp-content\/uploads\/2017\/07\/20170728-12-200x300.jpg"},"full":{"file":"20170728-12.jpg","width":567,"height":850,"mime_type":"image\/jpeg","source_url":"https:\/\/www.wallendorff.com\/belogue\/wp-content\/uploads\/2017\/07\/20170728-12.jpg"}},"image_meta":{"aperture":"2.8","credit":"L. Wallendorff","camera":"Canon EOS 6D","caption":"Mark Kelly @ Pal\u00e9o Festival, Nyon, 21\/07\/2017","created_timestamp":"1500676967","copyright":"L. Wallendorff \u2013 www.wallendorff.com","focal_length":"65","iso":"6400","shutter_speed":"0.005","title":"Mark Kelly @ Pal\u00e9o Festival, Nyon, 21\/07\/2017","orientation":"1","keywords":["2017","Club Tent","Mark Kelly","Nyon","Pal\u00e9o Festival","Pal\u00e9o Festival 2017","Suisse","Tr\u00e9lex","alive","canton de Vaud","district de Nyon","festival","plaine de l'Asse"]}},"post":34978,"source_url":"https:\/\/www.wallendorff.com\/belogue\/wp-content\/uploads\/2017\/07\/20170728-12.jpg","_links":{"self":[{"href":"https:\/\/www.wallendorff.com\/belogue\/wp-json\/wp\/v2\/media\/34990","targetHints":{"allow":["GET"]}}],"collection":[{"href":"https:\/\/www.wallendorff.com\/belogue\/wp-json\/wp\/v2\/media"}],"about":[{"href":"https:\/\/www.wallendorff.com\/belogue\/wp-json\/wp\/v2\/types\/attachment"}],"author":[{"embeddable":true,"href":"https:\/\/www.wallendorff.com\/belogue\/wp-json\/wp\/v2\/users\/1"}],"replies":[{"embeddable":true,"href":"https:\/\/www.wallendorff.com\/belogue\/wp-json\/wp\/v2\/comments?post=34990"}],"wp:attached-to":[{"embeddable":true,"post_type":"post","id":34978,"href":"https:\/\/www.wallendorff.com\/belogue\/wp-json\/wp\/v2\/posts\/34978"}],"curies":[{"name":"wp","href":"https:\/\/api.w.org\/{rel}","templated":true}]}}

Mark Kelly @ Paléo Festival, Nyon, 21/07/2017

<p>Mark Kelly @ Paléo Festival, Nyon, 21/07/2017</p>

Paléo Festival

Paléo Festival 2017

Trélex
