{"id":34751,"date":"2017-07-26T12:00:17","date_gmt":"2017-07-26T10:00:17","guid":{"rendered":"http:\/\/www.wallendorff.com\/belogue\/wp-content\/uploads\/2017\/07\/20170726-60.jpg"},"modified":"2017-07-26T12:00:17","modified_gmt":"2017-07-26T10:00:17","slug":"arcade-fire-paleo-festival-nyon-19072017-13","status":"inherit","type":"attachment","link":"https:\/\/www.wallendorff.com\/belogue\/2017\/07\/26\/paleo-festival-2017-jour-2\/arcade-fire-paleo-festival-nyon-19072017-13\/","title":{"rendered":"Arcade Fire @ Pal\u00e9o Festival, Nyon, 19\/07\/2017"},"author":1,"featured_media":0,"comment_status":"open","ping_status":"closed","template":"","meta":{"_acf_changed":false,"ngg_post_thumbnail":0,"jetpack_post_was_ever_published":false},"class_list":["post-34751","attachment","type-attachment","status-inherit","hentry"],"acf":[],"jetpack_shortlink":"https:\/\/wp.me\/a3b35P-92v","jetpack_sharing_enabled":true,"description":{"rendered":"<p class=\"attachment\"><a href='https:\/\/www.wallendorff.com\/belogue\/wp-content\/uploads\/2017\/07\/20170726-60.jpg'><img fetchpriority=\"high\" decoding=\"async\" width=\"300\" height=\"200\" src=\"https:\/\/www.wallendorff.com\/belogue\/wp-content\/uploads\/2017\/07\/20170726-60-300x200.jpg\" class=\"attachment-medium size-medium\" alt=\"\" srcset=\"https:\/\/www.wallendorff.com\/belogue\/wp-content\/uploads\/2017\/07\/20170726-60-300x200.jpg 300w, https:\/\/www.wallendorff.com\/belogue\/wp-content\/uploads\/2017\/07\/20170726-60-820x547.jpg 820w, https:\/\/www.wallendorff.com\/belogue\/wp-content\/uploads\/2017\/07\/20170726-60-200x133.jpg 200w, https:\/\/www.wallendorff.com\/belogue\/wp-content\/uploads\/2017\/07\/20170726-60-600x400.jpg 600w, https:\/\/www.wallendorff.com\/belogue\/wp-content\/uploads\/2017\/07\/20170726-60.jpg 850w\" sizes=\"(max-width: 300px) 100vw, 300px\" \/><\/a><\/p>\n"},"caption":{"rendered":"<p>Arcade Fire @ Pal\u00e9o Festival, Nyon, 19\/07\/2017<\/p>\n"},"alt_text":"","media_type":"image","mime_type":"image\/jpeg","media_details":{"width":850,"height":567,"file":"2017\/07\/20170726-60.jpg","filesize":185771,"sizes":{"woocommerce_thumbnail":{"file":"20170726-60-550x550.jpg","width":550,"height":550,"filesize":49234,"uncropped":false,"mime_type":"image\/jpeg","source_url":"https:\/\/www.wallendorff.com\/belogue\/wp-content\/uploads\/2017\/07\/20170726-60-550x550.jpg"},"woocommerce_gallery_thumbnail":{"file":"20170726-60-220x220.jpg","width":220,"height":220,"filesize":12680,"mime_type":"image\/jpeg","source_url":"https:\/\/www.wallendorff.com\/belogue\/wp-content\/uploads\/2017\/07\/20170726-60-220x220.jpg"},"woocommerce_single":{"file":"20170726-60-820x547.jpg","width":820,"height":547,"filesize":67789,"mime_type":"image\/jpeg","source_url":"https:\/\/www.wallendorff.com\/belogue\/wp-content\/uploads\/2017\/07\/20170726-60-820x547.jpg"},"thumbnail":{"file":"20170726-60-200x133.jpg","width":200,"height":133,"mime_type":"image\/jpeg","source_url":"https:\/\/www.wallendorff.com\/belogue\/wp-content\/uploads\/2017\/07\/20170726-60-200x133.jpg"},"medium":{"file":"20170726-60-300x200.jpg","width":300,"height":200,"mime_type":"image\/jpeg","source_url":"https:\/\/www.wallendorff.com\/belogue\/wp-content\/uploads\/2017\/07\/20170726-60-300x200.jpg"},"600x99999":{"file":"20170726-60-600x567.jpg","width":600,"height":567,"mime_type":"image\/jpeg","source_url":"https:\/\/www.wallendorff.com\/belogue\/wp-content\/uploads\/2017\/07\/20170726-60-600x567.jpg"},"600x0":{"file":"20170726-60-600x400.jpg","width":600,"height":400,"filesize":41591,"mime_type":"image\/jpeg","source_url":"https:\/\/www.wallendorff.com\/belogue\/wp-content\/uploads\/2017\/07\/20170726-60-600x400.jpg"},"full":{"file":"20170726-60.jpg","width":850,"height":567,"mime_type":"image\/jpeg","source_url":"https:\/\/www.wallendorff.com\/belogue\/wp-content\/uploads\/2017\/07\/20170726-60.jpg"}},"image_meta":{"aperture":"2.8","credit":"L. Wallendorff","camera":"Canon EOS 6D","caption":"Arcade Fire @ Pal\u00e9o Festival, Nyon, 19\/07\/2017","created_timestamp":"1500508178","copyright":"L. Wallendorff \u2013 www.wallendorff.com","focal_length":"61","iso":"2000","shutter_speed":"0.003125","title":"Arcade Fire @ Pal\u00e9o Festival, Nyon, 19\/07\/2017","orientation":"1","keywords":["2017","Arcade Fire","Nyon","Pal\u00e9o Festival","Pal\u00e9o Festival 2017","Suisse","Tr\u00e9lex","alive","canton de Vaud","district de Nyon","festival","grande sc\u00e8ne (Pal\u00e9o Festival)","plaine de l'Asse"]}},"post":34691,"source_url":"https:\/\/www.wallendorff.com\/belogue\/wp-content\/uploads\/2017\/07\/20170726-60.jpg","_links":{"self":[{"href":"https:\/\/www.wallendorff.com\/belogue\/wp-json\/wp\/v2\/media\/34751","targetHints":{"allow":["GET"]}}],"collection":[{"href":"https:\/\/www.wallendorff.com\/belogue\/wp-json\/wp\/v2\/media"}],"about":[{"href":"https:\/\/www.wallendorff.com\/belogue\/wp-json\/wp\/v2\/types\/attachment"}],"author":[{"embeddable":true,"href":"https:\/\/www.wallendorff.com\/belogue\/wp-json\/wp\/v2\/users\/1"}],"replies":[{"embeddable":true,"href":"https:\/\/www.wallendorff.com\/belogue\/wp-json\/wp\/v2\/comments?post=34751"}],"wp:attached-to":[{"embeddable":true,"post_type":"post","id":34691,"href":"https:\/\/www.wallendorff.com\/belogue\/wp-json\/wp\/v2\/posts\/34691"}],"curies":[{"name":"wp","href":"https:\/\/api.w.org\/{rel}","templated":true}]}}

Arcade Fire @ Paléo Festival, Nyon, 19/07/2017

<p>Arcade Fire @ Paléo Festival, Nyon, 19/07/2017</p>

Paléo Festival

Paléo Festival 2017

Trélex

grande scène (Paléo Festival)
