{"id":34556,"date":"2017-07-22T12:26:45","date_gmt":"2017-07-22T10:26:45","guid":{"rendered":"http:\/\/www.wallendorff.com\/belogue\/wp-content\/uploads\/2017\/07\/20170724-17.jpg"},"modified":"2017-07-22T12:26:45","modified_gmt":"2017-07-22T10:26:45","slug":"download-festival-bretigny-sur-orge-09062017-17","status":"inherit","type":"attachment","link":"https:\/\/www.wallendorff.com\/belogue\/2017\/06\/30\/juin-2017\/download-festival-bretigny-sur-orge-09062017-17\/","title":{"rendered":"Download Festival, Br\u00e9tigny-sur-Orge, 09\/06\/2017"},"author":1,"featured_media":0,"comment_status":"open","ping_status":"closed","template":"","meta":{"_acf_changed":false,"ngg_post_thumbnail":0,"jetpack_post_was_ever_published":false},"class_list":["post-34556","attachment","type-attachment","status-inherit","hentry"],"acf":[],"jetpack_shortlink":"https:\/\/wp.me\/a3b35P-8Zm","jetpack_sharing_enabled":true,"description":{"rendered":"<p class=\"attachment\"><a href='https:\/\/www.wallendorff.com\/belogue\/wp-content\/uploads\/2017\/07\/20170724-17.jpg'><img fetchpriority=\"high\" decoding=\"async\" width=\"300\" height=\"200\" src=\"https:\/\/www.wallendorff.com\/belogue\/wp-content\/uploads\/2017\/07\/20170724-17-300x200.jpg\" class=\"attachment-medium size-medium\" alt=\"\" srcset=\"https:\/\/www.wallendorff.com\/belogue\/wp-content\/uploads\/2017\/07\/20170724-17-300x200.jpg 300w, https:\/\/www.wallendorff.com\/belogue\/wp-content\/uploads\/2017\/07\/20170724-17-200x133.jpg 200w, https:\/\/www.wallendorff.com\/belogue\/wp-content\/uploads\/2017\/07\/20170724-17-600x400.jpg 600w, https:\/\/www.wallendorff.com\/belogue\/wp-content\/uploads\/2017\/07\/20170724-17.jpg 820w\" sizes=\"(max-width: 300px) 100vw, 300px\" \/><\/a><\/p>\n"},"caption":{"rendered":"<p>Download Festival, Br\u00e9tigny-sur-Orge, 09\/06\/2017<\/p>\n"},"alt_text":"","media_type":"image","mime_type":"image\/jpeg","media_details":{"width":820,"height":547,"file":"2017\/07\/20170724-17.jpg","filesize":349656,"sizes":{"woocommerce_thumbnail":{"file":"20170724-17-550x547.jpg","width":550,"height":547,"filesize":111535,"uncropped":false,"mime_type":"image\/jpeg","source_url":"https:\/\/www.wallendorff.com\/belogue\/wp-content\/uploads\/2017\/07\/20170724-17-550x547.jpg"},"woocommerce_gallery_thumbnail":{"file":"20170724-17-220x220.jpg","width":220,"height":220,"filesize":19355,"mime_type":"image\/jpeg","source_url":"https:\/\/www.wallendorff.com\/belogue\/wp-content\/uploads\/2017\/07\/20170724-17-220x220.jpg"},"thumbnail":{"file":"20170724-17-200x133.jpg","width":200,"height":133,"mime_type":"image\/jpeg","source_url":"https:\/\/www.wallendorff.com\/belogue\/wp-content\/uploads\/2017\/07\/20170724-17-200x133.jpg"},"medium":{"file":"20170724-17-300x200.jpg","width":300,"height":200,"mime_type":"image\/jpeg","source_url":"https:\/\/www.wallendorff.com\/belogue\/wp-content\/uploads\/2017\/07\/20170724-17-300x200.jpg"},"600x99999":{"file":"20170724-17-600x547.jpg","width":600,"height":547,"mime_type":"image\/jpeg","source_url":"https:\/\/www.wallendorff.com\/belogue\/wp-content\/uploads\/2017\/07\/20170724-17-600x547.jpg"},"600x0":{"file":"20170724-17-600x400.jpg","width":600,"height":400,"filesize":79950,"mime_type":"image\/jpeg","source_url":"https:\/\/www.wallendorff.com\/belogue\/wp-content\/uploads\/2017\/07\/20170724-17-600x400.jpg"},"full":{"file":"20170724-17.jpg","width":820,"height":547,"mime_type":"image\/jpeg","source_url":"https:\/\/www.wallendorff.com\/belogue\/wp-content\/uploads\/2017\/07\/20170724-17.jpg"}},"image_meta":{"aperture":"2.8","credit":"L. Wallendorff","camera":"Canon EOS 6D","caption":"Download Festival, Br\u00e9tigny-sur-Orge, 09\/06\/2017","created_timestamp":"1497044643","copyright":"L. Wallendorff \u2013 www.wallendorff.com","focal_length":"15","iso":"2500","shutter_speed":"0.003125","title":"Download Festival, Br\u00e9tigny-sur-Orge, 09\/06\/2017","orientation":"1","keywords":["2017","Base a\u00e9rienne 217","Br\u00e9tigny-sur-Orge","Download Festival","Download Festival 2017","Essonne","France","alive","ambiance","festival","poup\u00e9e gonflable","public","\u00cele-de-France"]}},"post":34539,"source_url":"https:\/\/www.wallendorff.com\/belogue\/wp-content\/uploads\/2017\/07\/20170724-17.jpg","_links":{"self":[{"href":"https:\/\/www.wallendorff.com\/belogue\/wp-json\/wp\/v2\/media\/34556","targetHints":{"allow":["GET"]}}],"collection":[{"href":"https:\/\/www.wallendorff.com\/belogue\/wp-json\/wp\/v2\/media"}],"about":[{"href":"https:\/\/www.wallendorff.com\/belogue\/wp-json\/wp\/v2\/types\/attachment"}],"author":[{"embeddable":true,"href":"https:\/\/www.wallendorff.com\/belogue\/wp-json\/wp\/v2\/users\/1"}],"replies":[{"embeddable":true,"href":"https:\/\/www.wallendorff.com\/belogue\/wp-json\/wp\/v2\/comments?post=34556"}],"wp:attached-to":[{"embeddable":true,"post_type":"post","id":34539,"href":"https:\/\/www.wallendorff.com\/belogue\/wp-json\/wp\/v2\/posts\/34539"}],"curies":[{"name":"wp","href":"https:\/\/api.w.org\/{rel}","templated":true}]}}

Download Festival, Brétigny-sur-Orge, 09/06/2017

<p>Download Festival, Brétigny-sur-Orge, 09/06/2017</p>

Base aérienne 217

Brétigny-sur-Orge

poupée gonflable

Île-de-France
