{"id":33215,"date":"2016-12-15T17:07:34","date_gmt":"2016-12-15T15:07:34","guid":{"rendered":"http:\/\/www.wallendorff.com\/belogue\/wp-content\/uploads\/2016\/12\/20161215-36.jpg"},"modified":"2016-12-15T17:07:34","modified_gmt":"2016-12-15T15:07:34","slug":"20161215-36","status":"inherit","type":"attachment","link":"https:\/\/www.wallendorff.com\/belogue\/2016\/11\/30\/novembre-2016\/20161215-36\/","title":{"rendered":"20161215-36"},"author":1,"featured_media":0,"comment_status":"open","ping_status":"closed","template":"","meta":{"_acf_changed":false,"ngg_post_thumbnail":0,"jetpack_post_was_ever_published":false},"class_list":["post-33215","attachment","type-attachment","status-inherit","hentry"],"acf":[],"jetpack_shortlink":"https:\/\/wp.me\/a3b35P-8DJ","jetpack_sharing_enabled":true,"description":{"rendered":"<p class=\"attachment\"><a href='https:\/\/www.wallendorff.com\/belogue\/wp-content\/uploads\/2016\/12\/20161215-36.jpg'><img fetchpriority=\"high\" decoding=\"async\" width=\"200\" height=\"300\" src=\"https:\/\/www.wallendorff.com\/belogue\/wp-content\/uploads\/2016\/12\/20161215-36-200x300.jpg\" class=\"attachment-medium size-medium\" alt=\"\" srcset=\"https:\/\/www.wallendorff.com\/belogue\/wp-content\/uploads\/2016\/12\/20161215-36-200x300.jpg 200w, https:\/\/www.wallendorff.com\/belogue\/wp-content\/uploads\/2016\/12\/20161215-36-133x200.jpg 133w, https:\/\/www.wallendorff.com\/belogue\/wp-content\/uploads\/2016\/12\/20161215-36-233x350.jpg 233w, https:\/\/www.wallendorff.com\/belogue\/wp-content\/uploads\/2016\/12\/20161215-36.jpg 547w\" sizes=\"(max-width: 200px) 100vw, 200px\" \/><\/a><\/p>\n"},"caption":{"rendered":""},"alt_text":"","media_type":"image","mime_type":"image\/jpeg","media_details":{"width":547,"height":820,"file":"2016\/12\/20161215-36.jpg","filesize":181283,"sizes":{"woocommerce_thumbnail":{"file":"20161215-36-547x550.jpg","width":547,"height":550,"filesize":52183,"uncropped":false,"mime_type":"image\/jpeg","source_url":"https:\/\/www.wallendorff.com\/belogue\/wp-content\/uploads\/2016\/12\/20161215-36-547x550.jpg"},"woocommerce_gallery_thumbnail":{"file":"20161215-36-220x220.jpg","width":220,"height":220,"filesize":12411,"mime_type":"image\/jpeg","source_url":"https:\/\/www.wallendorff.com\/belogue\/wp-content\/uploads\/2016\/12\/20161215-36-220x220.jpg"},"thumbnail":{"file":"20161215-36-133x200.jpg","width":133,"height":200,"mime_type":"image\/jpeg","source_url":"https:\/\/www.wallendorff.com\/belogue\/wp-content\/uploads\/2016\/12\/20161215-36-133x200.jpg"},"medium":{"file":"20161215-36-200x300.jpg","width":200,"height":300,"mime_type":"image\/jpeg","source_url":"https:\/\/www.wallendorff.com\/belogue\/wp-content\/uploads\/2016\/12\/20161215-36-200x300.jpg"},"blog":{"file":"20161215-36-233x350.jpg","width":233,"height":350,"mime_type":"image\/jpeg","source_url":"https:\/\/www.wallendorff.com\/belogue\/wp-content\/uploads\/2016\/12\/20161215-36-233x350.jpg"},"full":{"file":"20161215-36.jpg","width":547,"height":820,"mime_type":"image\/jpeg","source_url":"https:\/\/www.wallendorff.com\/belogue\/wp-content\/uploads\/2016\/12\/20161215-36.jpg"}},"image_meta":{"aperture":"9","credit":"L. Wallendorff","camera":"Canon EOS 6D","caption":"","created_timestamp":"1479041266","copyright":"L. Wallendorff - www.wallendorff.com","focal_length":"24","iso":"200","shutter_speed":"0.005","title":"","orientation":"1","keywords":["13 Novembre","75011","France","Paris","ballon","c\u00e9r\u00e9monie d'hommage aux victimes","l\u00e2cher de ballon","place L\u00e9on-Blum","\u00cele-de-France"]}},"post":33179,"source_url":"https:\/\/www.wallendorff.com\/belogue\/wp-content\/uploads\/2016\/12\/20161215-36.jpg","_links":{"self":[{"href":"https:\/\/www.wallendorff.com\/belogue\/wp-json\/wp\/v2\/media\/33215","targetHints":{"allow":["GET"]}}],"collection":[{"href":"https:\/\/www.wallendorff.com\/belogue\/wp-json\/wp\/v2\/media"}],"about":[{"href":"https:\/\/www.wallendorff.com\/belogue\/wp-json\/wp\/v2\/types\/attachment"}],"author":[{"embeddable":true,"href":"https:\/\/www.wallendorff.com\/belogue\/wp-json\/wp\/v2\/users\/1"}],"replies":[{"embeddable":true,"href":"https:\/\/www.wallendorff.com\/belogue\/wp-json\/wp\/v2\/comments?post=33215"}],"wp:attached-to":[{"embeddable":true,"post_type":"post","id":33179,"href":"https:\/\/www.wallendorff.com\/belogue\/wp-json\/wp\/v2\/posts\/33179"}],"curies":[{"name":"wp","href":"https:\/\/api.w.org\/{rel}","templated":true}]}}

cérémonie d'hommage aux victimes

lâcher de ballon

place Léon-Blum

Île-de-France
