{"id":32684,"date":"2016-10-19T15:11:43","date_gmt":"2016-10-19T13:11:43","guid":{"rendered":"http:\/\/www.wallendorff.com\/belogue\/wp-content\/uploads\/2016\/10\/20161019-23.jpg"},"modified":"2016-10-19T15:11:43","modified_gmt":"2016-10-19T13:11:43","slug":"the-liminanas-le-nouveau-rendez-vous-maison-de-la-radio-paris-18102016-7","status":"inherit","type":"attachment","link":"https:\/\/www.wallendorff.com\/belogue\/2016\/10\/19\/vaudou-game-the-liminanas-le-nouveau-rendez-vous-maison-de-la-radio-paris\/the-liminanas-le-nouveau-rendez-vous-maison-de-la-radio-paris-18102016-7\/","title":{"rendered":"The Limi\u00f1anas @ le Nouveau Rendez-Vous, Maison de la Radio, Paris, 18\/10\/2016"},"author":1,"featured_media":0,"comment_status":"open","ping_status":"closed","template":"","meta":{"_acf_changed":false,"ngg_post_thumbnail":0,"jetpack_post_was_ever_published":false},"class_list":["post-32684","attachment","type-attachment","status-inherit","hentry"],"acf":[],"jetpack_shortlink":"https:\/\/wp.me\/a3b35P-8va","jetpack_sharing_enabled":true,"description":{"rendered":"<p class=\"attachment\"><a href='https:\/\/www.wallendorff.com\/belogue\/wp-content\/uploads\/2016\/10\/20161019-23.jpg'><img fetchpriority=\"high\" decoding=\"async\" width=\"200\" height=\"300\" src=\"https:\/\/www.wallendorff.com\/belogue\/wp-content\/uploads\/2016\/10\/20161019-23-200x300.jpg\" class=\"attachment-medium size-medium\" alt=\"\" srcset=\"https:\/\/www.wallendorff.com\/belogue\/wp-content\/uploads\/2016\/10\/20161019-23-200x300.jpg 200w, https:\/\/www.wallendorff.com\/belogue\/wp-content\/uploads\/2016\/10\/20161019-23-133x200.jpg 133w, https:\/\/www.wallendorff.com\/belogue\/wp-content\/uploads\/2016\/10\/20161019-23-233x350.jpg 233w, https:\/\/www.wallendorff.com\/belogue\/wp-content\/uploads\/2016\/10\/20161019-23.jpg 547w\" sizes=\"(max-width: 200px) 100vw, 200px\" \/><\/a><\/p>\n"},"caption":{"rendered":"<p>The Limi\u00f1anas @ le Nouveau Rendez-Vous, Maison de la Radio, Paris, 18\/10\/2016<\/p>\n"},"alt_text":"","media_type":"image","mime_type":"image\/jpeg","media_details":{"width":547,"height":820,"file":"2016\/10\/20161019-23.jpg","filesize":158674,"sizes":{"woocommerce_thumbnail":{"file":"20161019-23-547x550.jpg","width":547,"height":550,"filesize":59525,"uncropped":false,"mime_type":"image\/jpeg","source_url":"https:\/\/www.wallendorff.com\/belogue\/wp-content\/uploads\/2016\/10\/20161019-23-547x550.jpg"},"woocommerce_gallery_thumbnail":{"file":"20161019-23-220x220.jpg","width":220,"height":220,"filesize":11729,"mime_type":"image\/jpeg","source_url":"https:\/\/www.wallendorff.com\/belogue\/wp-content\/uploads\/2016\/10\/20161019-23-220x220.jpg"},"thumbnail":{"file":"20161019-23-133x200.jpg","width":133,"height":200,"mime_type":"image\/jpeg","source_url":"https:\/\/www.wallendorff.com\/belogue\/wp-content\/uploads\/2016\/10\/20161019-23-133x200.jpg"},"medium":{"file":"20161019-23-200x300.jpg","width":200,"height":300,"mime_type":"image\/jpeg","source_url":"https:\/\/www.wallendorff.com\/belogue\/wp-content\/uploads\/2016\/10\/20161019-23-200x300.jpg"},"blog":{"file":"20161019-23-233x350.jpg","width":233,"height":350,"mime_type":"image\/jpeg","source_url":"https:\/\/www.wallendorff.com\/belogue\/wp-content\/uploads\/2016\/10\/20161019-23-233x350.jpg"},"full":{"file":"20161019-23.jpg","width":547,"height":820,"mime_type":"image\/jpeg","source_url":"https:\/\/www.wallendorff.com\/belogue\/wp-content\/uploads\/2016\/10\/20161019-23.jpg"}},"image_meta":{"aperture":"2.8","credit":"L. Wallendorff","camera":"Canon EOS 6D","caption":"The Limi\u00f1anas @ le Nouveau Rendez-Vous, Maison de la Radio, Paris, 18\/10\/2016","created_timestamp":"1476833509","copyright":"L. Wallendorff - www.wallendorff.com","focal_length":"70","iso":"1000","shutter_speed":"0.003125","title":"The Limi\u00f1anas @ le Nouveau Rendez-Vous, Maison de la Radio, Paris, 18\/10\/2016","orientation":"1","keywords":["2016","75016","France","France Inter","Le Nouveau Rendez-Vous","Maison de la Radio","Paris","Radio France","The Limi\u00f1anas","alive","avenue du Pr\u00e9sident-Kennedy","radio","studio 105","\u00cele-de-France"]}},"post":32660,"source_url":"https:\/\/www.wallendorff.com\/belogue\/wp-content\/uploads\/2016\/10\/20161019-23.jpg","_links":{"self":[{"href":"https:\/\/www.wallendorff.com\/belogue\/wp-json\/wp\/v2\/media\/32684","targetHints":{"allow":["GET"]}}],"collection":[{"href":"https:\/\/www.wallendorff.com\/belogue\/wp-json\/wp\/v2\/media"}],"about":[{"href":"https:\/\/www.wallendorff.com\/belogue\/wp-json\/wp\/v2\/types\/attachment"}],"author":[{"embeddable":true,"href":"https:\/\/www.wallendorff.com\/belogue\/wp-json\/wp\/v2\/users\/1"}],"replies":[{"embeddable":true,"href":"https:\/\/www.wallendorff.com\/belogue\/wp-json\/wp\/v2\/comments?post=32684"}],"wp:attached-to":[{"embeddable":true,"post_type":"post","id":32660,"href":"https:\/\/www.wallendorff.com\/belogue\/wp-json\/wp\/v2\/posts\/32660"}],"curies":[{"name":"wp","href":"https:\/\/api.w.org\/{rel}","templated":true}]}}

The Limiñanas @ le Nouveau Rendez-Vous, Maison de la Radio, Paris, 18/10/2016

<p>The Limiñanas @ le Nouveau Rendez-Vous, Maison de la Radio, Paris, 18/10/2016</p>

The Limiñanas

avenue du Président-Kennedy

Île-de-France
