{"id":32532,"date":"2016-10-16T16:34:52","date_gmt":"2016-10-16T14:34:52","guid":{"rendered":"http:\/\/www.wallendorff.com\/belogue\/wp-content\/uploads\/2016\/09\/20161014-15.jpg"},"modified":"2016-10-16T16:34:52","modified_gmt":"2016-10-16T14:34:52","slug":"20161014-15","status":"inherit","type":"attachment","link":"https:\/\/www.wallendorff.com\/belogue\/2016\/09\/30\/septembre-2016\/20161014-15\/","title":{"rendered":"20161014-15"},"author":1,"featured_media":0,"comment_status":"open","ping_status":"closed","template":"","meta":{"_acf_changed":false,"ngg_post_thumbnail":0,"jetpack_post_was_ever_published":false},"class_list":["post-32532","attachment","type-attachment","status-inherit","hentry"],"acf":[],"jetpack_shortlink":"https:\/\/wp.me\/a3b35P-8sI","jetpack_sharing_enabled":true,"description":{"rendered":"<p class=\"attachment\"><a href='https:\/\/www.wallendorff.com\/belogue\/wp-content\/uploads\/2016\/09\/20161014-15.jpg'><img fetchpriority=\"high\" decoding=\"async\" width=\"200\" height=\"300\" src=\"https:\/\/www.wallendorff.com\/belogue\/wp-content\/uploads\/2016\/09\/20161014-15-200x300.jpg\" class=\"attachment-medium size-medium\" alt=\"\" srcset=\"https:\/\/www.wallendorff.com\/belogue\/wp-content\/uploads\/2016\/09\/20161014-15-200x300.jpg 200w, https:\/\/www.wallendorff.com\/belogue\/wp-content\/uploads\/2016\/09\/20161014-15-133x200.jpg 133w, https:\/\/www.wallendorff.com\/belogue\/wp-content\/uploads\/2016\/09\/20161014-15-233x350.jpg 233w, https:\/\/www.wallendorff.com\/belogue\/wp-content\/uploads\/2016\/09\/20161014-15.jpg 547w\" sizes=\"(max-width: 200px) 100vw, 200px\" \/><\/a><\/p>\n"},"caption":{"rendered":""},"alt_text":"","media_type":"image","mime_type":"image\/jpeg","media_details":{"width":547,"height":820,"file":"2016\/09\/20161014-15.jpg","filesize":237101,"sizes":{"woocommerce_thumbnail":{"file":"20161014-15-547x550.jpg","width":547,"height":550,"filesize":105178,"uncropped":false,"mime_type":"image\/jpeg","source_url":"https:\/\/www.wallendorff.com\/belogue\/wp-content\/uploads\/2016\/09\/20161014-15-547x550.jpg"},"woocommerce_gallery_thumbnail":{"file":"20161014-15-220x220.jpg","width":220,"height":220,"filesize":19728,"mime_type":"image\/jpeg","source_url":"https:\/\/www.wallendorff.com\/belogue\/wp-content\/uploads\/2016\/09\/20161014-15-220x220.jpg"},"thumbnail":{"file":"20161014-15-133x200.jpg","width":133,"height":200,"mime_type":"image\/jpeg","source_url":"https:\/\/www.wallendorff.com\/belogue\/wp-content\/uploads\/2016\/09\/20161014-15-133x200.jpg"},"medium":{"file":"20161014-15-200x300.jpg","width":200,"height":300,"mime_type":"image\/jpeg","source_url":"https:\/\/www.wallendorff.com\/belogue\/wp-content\/uploads\/2016\/09\/20161014-15-200x300.jpg"},"blog":{"file":"20161014-15-233x350.jpg","width":233,"height":350,"mime_type":"image\/jpeg","source_url":"https:\/\/www.wallendorff.com\/belogue\/wp-content\/uploads\/2016\/09\/20161014-15-233x350.jpg"},"full":{"file":"20161014-15.jpg","width":547,"height":820,"mime_type":"image\/jpeg","source_url":"https:\/\/www.wallendorff.com\/belogue\/wp-content\/uploads\/2016\/09\/20161014-15.jpg"}},"image_meta":{"aperture":"2.8","credit":"L. Wallendorff","camera":"Canon EOS 6D","caption":"","created_timestamp":"1473099893","copyright":"L. Wallendorff - www.wallendorff.com","focal_length":"15","iso":"400","shutter_speed":"0.01","title":"","orientation":"1","keywords":["Pal\u00e1c Lucerna","Prague","R\u00e9publique Tch\u00e8que","passage","r\u00e9gion de Boh\u00eame-Centrale","statue","statue \u00e9questre"]}},"post":32458,"source_url":"https:\/\/www.wallendorff.com\/belogue\/wp-content\/uploads\/2016\/09\/20161014-15.jpg","_links":{"self":[{"href":"https:\/\/www.wallendorff.com\/belogue\/wp-json\/wp\/v2\/media\/32532","targetHints":{"allow":["GET"]}}],"collection":[{"href":"https:\/\/www.wallendorff.com\/belogue\/wp-json\/wp\/v2\/media"}],"about":[{"href":"https:\/\/www.wallendorff.com\/belogue\/wp-json\/wp\/v2\/types\/attachment"}],"author":[{"embeddable":true,"href":"https:\/\/www.wallendorff.com\/belogue\/wp-json\/wp\/v2\/users\/1"}],"replies":[{"embeddable":true,"href":"https:\/\/www.wallendorff.com\/belogue\/wp-json\/wp\/v2\/comments?post=32532"}],"wp:attached-to":[{"embeddable":true,"post_type":"post","id":32458,"href":"https:\/\/www.wallendorff.com\/belogue\/wp-json\/wp\/v2\/posts\/32458"}],"curies":[{"name":"wp","href":"https:\/\/api.w.org\/{rel}","templated":true}]}}

Palác Lucerna

République Tchèque

région de Bohême-Centrale

statue équestre
