{"id":32346,"date":"2016-09-24T18:37:53","date_gmt":"2016-09-24T16:37:53","guid":{"rendered":"http:\/\/www.wallendorff.com\/belogue\/wp-content\/uploads\/2016\/09\/20160924-04.jpg"},"modified":"2016-09-24T18:37:53","modified_gmt":"2016-09-24T16:37:53","slug":"griefjoy-la-gaite-lyrique-paris-24092016-4","status":"inherit","type":"attachment","link":"https:\/\/www.wallendorff.com\/belogue\/2016\/09\/25\/griefjoy-la-gaite-lyrique-paris-23-septembre\/griefjoy-la-gaite-lyrique-paris-24092016-4\/","title":{"rendered":"Griefjoy @ la Ga\u00eet\u00e9 Lyrique, Paris, 24\/09\/2016"},"author":1,"featured_media":0,"comment_status":"open","ping_status":"closed","template":"","meta":{"_acf_changed":false,"ngg_post_thumbnail":0,"jetpack_post_was_ever_published":false},"class_list":["post-32346","attachment","type-attachment","status-inherit","hentry"],"acf":[],"jetpack_shortlink":"https:\/\/wp.me\/a3b35P-8pI","jetpack_sharing_enabled":true,"description":{"rendered":"<p class=\"attachment\"><a href='https:\/\/www.wallendorff.com\/belogue\/wp-content\/uploads\/2016\/09\/20160924-04.jpg'><img fetchpriority=\"high\" decoding=\"async\" width=\"200\" height=\"300\" src=\"https:\/\/www.wallendorff.com\/belogue\/wp-content\/uploads\/2016\/09\/20160924-04-200x300.jpg\" class=\"attachment-medium size-medium\" alt=\"\" srcset=\"https:\/\/www.wallendorff.com\/belogue\/wp-content\/uploads\/2016\/09\/20160924-04-200x300.jpg 200w, https:\/\/www.wallendorff.com\/belogue\/wp-content\/uploads\/2016\/09\/20160924-04-133x200.jpg 133w, https:\/\/www.wallendorff.com\/belogue\/wp-content\/uploads\/2016\/09\/20160924-04-233x350.jpg 233w, https:\/\/www.wallendorff.com\/belogue\/wp-content\/uploads\/2016\/09\/20160924-04.jpg 547w\" sizes=\"(max-width: 200px) 100vw, 200px\" \/><\/a><\/p>\n"},"caption":{"rendered":"<p>Griefjoy @ la Ga\u00eet\u00e9 Lyrique, Paris, 24\/09\/2016<\/p>\n"},"alt_text":"","media_type":"image","mime_type":"image\/jpeg","media_details":{"width":547,"height":820,"file":"2016\/09\/20160924-04.jpg","filesize":124582,"sizes":{"woocommerce_thumbnail":{"file":"20160924-04-547x550.jpg","width":547,"height":550,"filesize":40569,"uncropped":false,"mime_type":"image\/jpeg","source_url":"https:\/\/www.wallendorff.com\/belogue\/wp-content\/uploads\/2016\/09\/20160924-04-547x550.jpg"},"woocommerce_gallery_thumbnail":{"file":"20160924-04-220x220.jpg","width":220,"height":220,"filesize":8448,"mime_type":"image\/jpeg","source_url":"https:\/\/www.wallendorff.com\/belogue\/wp-content\/uploads\/2016\/09\/20160924-04-220x220.jpg"},"thumbnail":{"file":"20160924-04-133x200.jpg","width":133,"height":200,"mime_type":"image\/jpeg","source_url":"https:\/\/www.wallendorff.com\/belogue\/wp-content\/uploads\/2016\/09\/20160924-04-133x200.jpg"},"medium":{"file":"20160924-04-200x300.jpg","width":200,"height":300,"mime_type":"image\/jpeg","source_url":"https:\/\/www.wallendorff.com\/belogue\/wp-content\/uploads\/2016\/09\/20160924-04-200x300.jpg"},"blog":{"file":"20160924-04-233x350.jpg","width":233,"height":350,"mime_type":"image\/jpeg","source_url":"https:\/\/www.wallendorff.com\/belogue\/wp-content\/uploads\/2016\/09\/20160924-04-233x350.jpg"},"full":{"file":"20160924-04.jpg","width":547,"height":820,"mime_type":"image\/jpeg","source_url":"https:\/\/www.wallendorff.com\/belogue\/wp-content\/uploads\/2016\/09\/20160924-04.jpg"}},"image_meta":{"aperture":"2.8","credit":"L. Wallendorff - www.wallendorff","camera":"Canon EOS 6D","caption":"Griefjoy @ la Ga\u00eet\u00e9 Lyrique, Paris, 24\/09\/2016","created_timestamp":"1474666735","copyright":"\u00a9 L. Wallendorff - www.wallendorff.com - All rights reserved","focal_length":"90","iso":"6400","shutter_speed":"0.004","title":"Griefjoy @ la Ga\u00eet\u00e9 Lyrique, Paris, 24\/09\/2016","orientation":"1","keywords":["2016","75003","France","Griefjoy","La Ga\u00eet\u00e9 Lyrique","Paris","alive","plus","rue Papin","\u00cele-de-France"]}},"post":32341,"source_url":"https:\/\/www.wallendorff.com\/belogue\/wp-content\/uploads\/2016\/09\/20160924-04.jpg","_links":{"self":[{"href":"https:\/\/www.wallendorff.com\/belogue\/wp-json\/wp\/v2\/media\/32346","targetHints":{"allow":["GET"]}}],"collection":[{"href":"https:\/\/www.wallendorff.com\/belogue\/wp-json\/wp\/v2\/media"}],"about":[{"href":"https:\/\/www.wallendorff.com\/belogue\/wp-json\/wp\/v2\/types\/attachment"}],"author":[{"embeddable":true,"href":"https:\/\/www.wallendorff.com\/belogue\/wp-json\/wp\/v2\/users\/1"}],"replies":[{"embeddable":true,"href":"https:\/\/www.wallendorff.com\/belogue\/wp-json\/wp\/v2\/comments?post=32346"}],"wp:attached-to":[{"embeddable":true,"post_type":"post","id":32341,"href":"https:\/\/www.wallendorff.com\/belogue\/wp-json\/wp\/v2\/posts\/32341"}],"curies":[{"name":"wp","href":"https:\/\/api.w.org\/{rel}","templated":true}]}}

Griefjoy @ la Gaîté Lyrique, Paris, 24/09/2016

<p>Griefjoy @ la Gaîté Lyrique, Paris, 24/09/2016</p>

La Gaîté Lyrique

Île-de-France
