{"id":32171,"date":"2016-08-23T13:02:33","date_gmt":"2016-08-23T11:02:33","guid":{"rendered":"http:\/\/www.wallendorff.com\/belogue\/wp-content\/uploads\/2013\/02\/20130214-05.jpg"},"modified":"2016-08-23T13:02:33","modified_gmt":"2016-08-23T11:02:33","slug":"black-rebel-motorcycle-club-paris-06022013-5","status":"inherit","type":"attachment","link":"https:\/\/www.wallendorff.com\/belogue\/2013\/02\/14\/shooting-people-100\/black-rebel-motorcycle-club-paris-06022013-5\/","title":{"rendered":"Black Rebel Motorcycle Club, Paris, 06\/02\/2013"},"author":1,"featured_media":0,"comment_status":"open","ping_status":"closed","template":"","meta":{"_acf_changed":false,"ngg_post_thumbnail":0,"jetpack_post_was_ever_published":false},"class_list":["post-32171","attachment","type-attachment","status-inherit","hentry"],"acf":[],"jetpack_shortlink":"https:\/\/wp.me\/a3b35P-8mT","jetpack_sharing_enabled":true,"description":{"rendered":"<p class=\"attachment\"><a href='https:\/\/www.wallendorff.com\/belogue\/wp-content\/uploads\/2013\/02\/20130214-05.jpg'><img fetchpriority=\"high\" decoding=\"async\" width=\"200\" height=\"300\" src=\"https:\/\/www.wallendorff.com\/belogue\/wp-content\/uploads\/2013\/02\/20130214-05-200x300.jpg\" class=\"attachment-medium size-medium\" alt=\"\" srcset=\"https:\/\/www.wallendorff.com\/belogue\/wp-content\/uploads\/2013\/02\/20130214-05-200x300.jpg 200w, https:\/\/www.wallendorff.com\/belogue\/wp-content\/uploads\/2013\/02\/20130214-05-133x200.jpg 133w, https:\/\/www.wallendorff.com\/belogue\/wp-content\/uploads\/2013\/02\/20130214-05-233x350.jpg 233w, https:\/\/www.wallendorff.com\/belogue\/wp-content\/uploads\/2013\/02\/20130214-05.jpg 547w\" sizes=\"(max-width: 200px) 100vw, 200px\" \/><\/a><\/p>\n"},"caption":{"rendered":"<p>Black Rebel Motorcycle Club, Paris, 06\/02\/2013<\/p>\n"},"alt_text":"","media_type":"image","mime_type":"image\/jpeg","media_details":{"width":547,"height":820,"file":"2013\/02\/20130214-05.jpg","filesize":137818,"sizes":{"woocommerce_thumbnail":{"file":"20130214-05-547x550.jpg","width":547,"height":550,"filesize":33678,"uncropped":false,"mime_type":"image\/jpeg","source_url":"https:\/\/www.wallendorff.com\/belogue\/wp-content\/uploads\/2013\/02\/20130214-05-547x550.jpg"},"woocommerce_gallery_thumbnail":{"file":"20130214-05-220x220.jpg","width":220,"height":220,"filesize":7723,"mime_type":"image\/jpeg","source_url":"https:\/\/www.wallendorff.com\/belogue\/wp-content\/uploads\/2013\/02\/20130214-05-220x220.jpg"},"thumbnail":{"file":"20130214-05-133x200.jpg","width":133,"height":200,"mime_type":"image\/jpeg","source_url":"https:\/\/www.wallendorff.com\/belogue\/wp-content\/uploads\/2013\/02\/20130214-05-133x200.jpg"},"medium":{"file":"20130214-05-200x300.jpg","width":200,"height":300,"mime_type":"image\/jpeg","source_url":"https:\/\/www.wallendorff.com\/belogue\/wp-content\/uploads\/2013\/02\/20130214-05-200x300.jpg"},"blog":{"file":"20130214-05-233x350.jpg","width":233,"height":350,"mime_type":"image\/jpeg","source_url":"https:\/\/www.wallendorff.com\/belogue\/wp-content\/uploads\/2013\/02\/20130214-05-233x350.jpg"},"full":{"file":"20130214-05.jpg","width":547,"height":820,"mime_type":"image\/jpeg","source_url":"https:\/\/www.wallendorff.com\/belogue\/wp-content\/uploads\/2013\/02\/20130214-05.jpg"}},"image_meta":{"aperture":"2.8","credit":"Laurent Wallendorff","camera":"Canon EOS 5D Mark III","caption":"Black Rebel Motorcycle Club, Paris, 06\/02\/2013","created_timestamp":"1360171929","copyright":"L. Wallendorff","focal_length":"23","iso":"800","shutter_speed":"0.05","title":"Black Rebel Motorcycle Club, Paris, 06\/02\/2013","orientation":"1","keywords":["75009","Black Rebel Motorcycle Club","France","Groupes","Paris","h\u00f4tel","h\u00f4tel d'Arvor","portrait","promo","rue Laferri\u00e8re","\u00cele-de-France"]}},"post":20441,"source_url":"https:\/\/www.wallendorff.com\/belogue\/wp-content\/uploads\/2013\/02\/20130214-05.jpg","_links":{"self":[{"href":"https:\/\/www.wallendorff.com\/belogue\/wp-json\/wp\/v2\/media\/32171","targetHints":{"allow":["GET"]}}],"collection":[{"href":"https:\/\/www.wallendorff.com\/belogue\/wp-json\/wp\/v2\/media"}],"about":[{"href":"https:\/\/www.wallendorff.com\/belogue\/wp-json\/wp\/v2\/types\/attachment"}],"author":[{"embeddable":true,"href":"https:\/\/www.wallendorff.com\/belogue\/wp-json\/wp\/v2\/users\/1"}],"replies":[{"embeddable":true,"href":"https:\/\/www.wallendorff.com\/belogue\/wp-json\/wp\/v2\/comments?post=32171"}],"wp:attached-to":[{"embeddable":true,"post_type":"post","id":20441,"href":"https:\/\/www.wallendorff.com\/belogue\/wp-json\/wp\/v2\/posts\/20441"}],"curies":[{"name":"wp","href":"https:\/\/api.w.org\/{rel}","templated":true}]}}

hôtel

hôtel d'Arvor

rue Laferrière

Île-de-France
