{"id":32091,"date":"2016-08-17T17:03:22","date_gmt":"2016-08-17T15:03:22","guid":{"rendered":"http:\/\/www.wallendorff.com\/belogue\/wp-content\/uploads\/2016\/08\/20160817-21.jpg"},"modified":"2016-08-17T17:03:22","modified_gmt":"2016-08-17T15:03:22","slug":"20160817-21","status":"inherit","type":"attachment","link":"https:\/\/www.wallendorff.com\/belogue\/2016\/07\/31\/juillet-2016\/20160817-21\/","title":{"rendered":"20160817-21"},"author":1,"featured_media":0,"comment_status":"open","ping_status":"closed","template":"","meta":{"_acf_changed":false,"ngg_post_thumbnail":0,"jetpack_post_was_ever_published":false},"class_list":["post-32091","attachment","type-attachment","status-inherit","hentry"],"acf":[],"jetpack_shortlink":"https:\/\/wp.me\/a3b35P-8lB","jetpack_sharing_enabled":true,"description":{"rendered":"<p class=\"attachment\"><a href='https:\/\/www.wallendorff.com\/belogue\/wp-content\/uploads\/2016\/08\/20160817-21.jpg'><img fetchpriority=\"high\" decoding=\"async\" width=\"200\" height=\"300\" src=\"https:\/\/www.wallendorff.com\/belogue\/wp-content\/uploads\/2016\/08\/20160817-21-200x300.jpg\" class=\"attachment-medium size-medium\" alt=\"\" srcset=\"https:\/\/www.wallendorff.com\/belogue\/wp-content\/uploads\/2016\/08\/20160817-21-200x300.jpg 200w, https:\/\/www.wallendorff.com\/belogue\/wp-content\/uploads\/2016\/08\/20160817-21-133x200.jpg 133w, https:\/\/www.wallendorff.com\/belogue\/wp-content\/uploads\/2016\/08\/20160817-21-233x350.jpg 233w, https:\/\/www.wallendorff.com\/belogue\/wp-content\/uploads\/2016\/08\/20160817-21.jpg 547w\" sizes=\"(max-width: 200px) 100vw, 200px\" \/><\/a><\/p>\n"},"caption":{"rendered":""},"alt_text":"","media_type":"image","mime_type":"image\/jpeg","media_details":{"width":547,"height":820,"file":"2016\/08\/20160817-21.jpg","filesize":280014,"sizes":{"woocommerce_thumbnail":{"file":"20160817-21-547x550.jpg","width":547,"height":550,"filesize":94143,"uncropped":false,"mime_type":"image\/jpeg","source_url":"https:\/\/www.wallendorff.com\/belogue\/wp-content\/uploads\/2016\/08\/20160817-21-547x550.jpg"},"woocommerce_gallery_thumbnail":{"file":"20160817-21-220x220.jpg","width":220,"height":220,"filesize":18741,"mime_type":"image\/jpeg","source_url":"https:\/\/www.wallendorff.com\/belogue\/wp-content\/uploads\/2016\/08\/20160817-21-220x220.jpg"},"thumbnail":{"file":"20160817-21-133x200.jpg","width":133,"height":200,"mime_type":"image\/jpeg","source_url":"https:\/\/www.wallendorff.com\/belogue\/wp-content\/uploads\/2016\/08\/20160817-21-133x200.jpg"},"medium":{"file":"20160817-21-200x300.jpg","width":200,"height":300,"mime_type":"image\/jpeg","source_url":"https:\/\/www.wallendorff.com\/belogue\/wp-content\/uploads\/2016\/08\/20160817-21-200x300.jpg"},"blog":{"file":"20160817-21-233x350.jpg","width":233,"height":350,"mime_type":"image\/jpeg","source_url":"https:\/\/www.wallendorff.com\/belogue\/wp-content\/uploads\/2016\/08\/20160817-21-233x350.jpg"},"full":{"file":"20160817-21.jpg","width":547,"height":820,"mime_type":"image\/jpeg","source_url":"https:\/\/www.wallendorff.com\/belogue\/wp-content\/uploads\/2016\/08\/20160817-21.jpg"}},"image_meta":{"aperture":"11","credit":"L. Wallendorff","camera":"Canon EOS 6D","caption":"","created_timestamp":"1468088152","copyright":"L. Wallendorff - www.wallendorff.com","focal_length":"24","iso":"100","shutter_speed":"0.005","title":"","orientation":"1","keywords":["France","La Ferme \u00c9lectrique","La Ferme \u00c9lectrique 2016","N\u00e9m\u00e9ta Fran\u00e7ois","Peurey Benjamin","Seine-et-Marne","Tournan-en-Brie","festival","rue de Paris (Tournan-en-Brie)","\u00cele-de-France"]}},"post":32070,"source_url":"https:\/\/www.wallendorff.com\/belogue\/wp-content\/uploads\/2016\/08\/20160817-21.jpg","_links":{"self":[{"href":"https:\/\/www.wallendorff.com\/belogue\/wp-json\/wp\/v2\/media\/32091","targetHints":{"allow":["GET"]}}],"collection":[{"href":"https:\/\/www.wallendorff.com\/belogue\/wp-json\/wp\/v2\/media"}],"about":[{"href":"https:\/\/www.wallendorff.com\/belogue\/wp-json\/wp\/v2\/types\/attachment"}],"author":[{"embeddable":true,"href":"https:\/\/www.wallendorff.com\/belogue\/wp-json\/wp\/v2\/users\/1"}],"replies":[{"embeddable":true,"href":"https:\/\/www.wallendorff.com\/belogue\/wp-json\/wp\/v2\/comments?post=32091"}],"wp:attached-to":[{"embeddable":true,"post_type":"post","id":32070,"href":"https:\/\/www.wallendorff.com\/belogue\/wp-json\/wp\/v2\/posts\/32070"}],"curies":[{"name":"wp","href":"https:\/\/api.w.org\/{rel}","templated":true}]}}

La Ferme Électrique

La Ferme Électrique 2016

Néméta François

Île-de-France
