{"id":32080,"date":"2016-08-17T17:03:09","date_gmt":"2016-08-17T15:03:09","guid":{"rendered":"http:\/\/www.wallendorff.com\/belogue\/wp-content\/uploads\/2016\/08\/20160817-10.jpg"},"modified":"2016-08-17T17:03:09","modified_gmt":"2016-08-17T15:03:09","slug":"foals-les-eurockeennes-belfort-02072016-10","status":"inherit","type":"attachment","link":"https:\/\/www.wallendorff.com\/belogue\/2016\/07\/31\/juillet-2016\/foals-les-eurockeennes-belfort-02072016-10\/","title":{"rendered":"Foals @ les Eurock\u00e9ennes, Belfort, 02\/07\/2016"},"author":1,"featured_media":0,"comment_status":"open","ping_status":"closed","template":"","meta":{"_acf_changed":false,"ngg_post_thumbnail":0,"jetpack_post_was_ever_published":false},"class_list":["post-32080","attachment","type-attachment","status-inherit","hentry"],"acf":[],"jetpack_shortlink":"https:\/\/wp.me\/a3b35P-8lq","jetpack_sharing_enabled":true,"description":{"rendered":"<p class=\"attachment\"><a href='https:\/\/www.wallendorff.com\/belogue\/wp-content\/uploads\/2016\/08\/20160817-10.jpg'><img fetchpriority=\"high\" decoding=\"async\" width=\"300\" height=\"200\" src=\"https:\/\/www.wallendorff.com\/belogue\/wp-content\/uploads\/2016\/08\/20160817-10-300x200.jpg\" class=\"attachment-medium size-medium\" alt=\"\" srcset=\"https:\/\/www.wallendorff.com\/belogue\/wp-content\/uploads\/2016\/08\/20160817-10-300x200.jpg 300w, https:\/\/www.wallendorff.com\/belogue\/wp-content\/uploads\/2016\/08\/20160817-10-200x133.jpg 200w, https:\/\/www.wallendorff.com\/belogue\/wp-content\/uploads\/2016\/08\/20160817-10-525x350.jpg 525w, https:\/\/www.wallendorff.com\/belogue\/wp-content\/uploads\/2016\/08\/20160817-10-600x400.jpg 600w, https:\/\/www.wallendorff.com\/belogue\/wp-content\/uploads\/2016\/08\/20160817-10.jpg 820w\" sizes=\"(max-width: 300px) 100vw, 300px\" \/><\/a><\/p>\n"},"caption":{"rendered":"<p>Foals @ les Eurock\u00e9ennes, Belfort, 02\/07\/2016<\/p>\n"},"alt_text":"","media_type":"image","mime_type":"image\/jpeg","media_details":{"width":820,"height":547,"file":"2016\/08\/20160817-10.jpg","filesize":193475,"sizes":{"woocommerce_thumbnail":{"file":"20160817-10-550x547.jpg","width":550,"height":547,"filesize":58440,"uncropped":false,"mime_type":"image\/jpeg","source_url":"https:\/\/www.wallendorff.com\/belogue\/wp-content\/uploads\/2016\/08\/20160817-10-550x547.jpg"},"woocommerce_gallery_thumbnail":{"file":"20160817-10-220x220.jpg","width":220,"height":220,"filesize":11462,"mime_type":"image\/jpeg","source_url":"https:\/\/www.wallendorff.com\/belogue\/wp-content\/uploads\/2016\/08\/20160817-10-220x220.jpg"},"thumbnail":{"file":"20160817-10-200x133.jpg","width":200,"height":133,"mime_type":"image\/jpeg","source_url":"https:\/\/www.wallendorff.com\/belogue\/wp-content\/uploads\/2016\/08\/20160817-10-200x133.jpg"},"medium":{"file":"20160817-10-300x200.jpg","width":300,"height":200,"mime_type":"image\/jpeg","source_url":"https:\/\/www.wallendorff.com\/belogue\/wp-content\/uploads\/2016\/08\/20160817-10-300x200.jpg"},"blog":{"file":"20160817-10-525x350.jpg","width":525,"height":350,"mime_type":"image\/jpeg","source_url":"https:\/\/www.wallendorff.com\/belogue\/wp-content\/uploads\/2016\/08\/20160817-10-525x350.jpg"},"600x99999":{"file":"20160817-10-600x547.jpg","width":600,"height":547,"mime_type":"image\/jpeg","source_url":"https:\/\/www.wallendorff.com\/belogue\/wp-content\/uploads\/2016\/08\/20160817-10-600x547.jpg"},"600x0":{"file":"20160817-10-600x400.jpg","width":600,"height":400,"filesize":37265,"mime_type":"image\/jpeg","source_url":"https:\/\/www.wallendorff.com\/belogue\/wp-content\/uploads\/2016\/08\/20160817-10-600x400.jpg"},"full":{"file":"20160817-10.jpg","width":820,"height":547,"mime_type":"image\/jpeg","source_url":"https:\/\/www.wallendorff.com\/belogue\/wp-content\/uploads\/2016\/08\/20160817-10.jpg"}},"image_meta":{"aperture":"3.2","credit":"L. Wallendorff","camera":"Canon EOS 6D","caption":"Foals @ les Eurock\u00e9ennes, Belfort, 02\/07\/2016","created_timestamp":"1467508873","copyright":"L. Wallendorff - www.wallendorff.com","focal_length":"15","iso":"2000","shutter_speed":"0.003125","title":"Foals @ les Eurock\u00e9ennes, Belfort, 02\/07\/2016","orientation":"1","keywords":["2016","Belfort","Dalle","Foals","France","Franche-Comt\u00e9","Les Eurock\u00e9ennes","Sermamagny","Territoire de Belfort","Yannis Philippakis","alive","festival","les Eurock\u00e9ennes de Belfort 2016","plus"]}},"post":32070,"source_url":"https:\/\/www.wallendorff.com\/belogue\/wp-content\/uploads\/2016\/08\/20160817-10.jpg","_links":{"self":[{"href":"https:\/\/www.wallendorff.com\/belogue\/wp-json\/wp\/v2\/media\/32080","targetHints":{"allow":["GET"]}}],"collection":[{"href":"https:\/\/www.wallendorff.com\/belogue\/wp-json\/wp\/v2\/media"}],"about":[{"href":"https:\/\/www.wallendorff.com\/belogue\/wp-json\/wp\/v2\/types\/attachment"}],"author":[{"embeddable":true,"href":"https:\/\/www.wallendorff.com\/belogue\/wp-json\/wp\/v2\/users\/1"}],"replies":[{"embeddable":true,"href":"https:\/\/www.wallendorff.com\/belogue\/wp-json\/wp\/v2\/comments?post=32080"}],"wp:attached-to":[{"embeddable":true,"post_type":"post","id":32070,"href":"https:\/\/www.wallendorff.com\/belogue\/wp-json\/wp\/v2\/posts\/32070"}],"curies":[{"name":"wp","href":"https:\/\/api.w.org\/{rel}","templated":true}]}}

Foals @ les Eurockéennes, Belfort, 02/07/2016

<p>Foals @ les Eurockéennes, Belfort, 02/07/2016</p>

Franche-Comté

Les Eurockéennes

les Eurockéennes de Belfort 2016
