{"id":31908,"date":"2016-07-29T17:16:37","date_gmt":"2016-07-29T15:16:37","guid":{"rendered":"http:\/\/www.wallendorff.com\/belogue\/wp-content\/uploads\/2016\/07\/20160729-34.jpg"},"modified":"2016-07-29T17:16:37","modified_gmt":"2016-07-29T15:16:37","slug":"paleo-festival-nyon-22072016-16","status":"inherit","type":"attachment","link":"https:\/\/www.wallendorff.com\/belogue\/2016\/07\/29\/paleo-festival-2016-jour-4\/paleo-festival-nyon-22072016-16\/","title":{"rendered":"Pal\u00e9o Festival, Nyon, 22\/07\/2016"},"author":1,"featured_media":0,"comment_status":"open","ping_status":"closed","template":"","meta":{"_acf_changed":false,"ngg_post_thumbnail":0,"jetpack_post_was_ever_published":false},"class_list":["post-31908","attachment","type-attachment","status-inherit","hentry"],"acf":[],"jetpack_shortlink":"https:\/\/wp.me\/a3b35P-8iE","jetpack_sharing_enabled":true,"description":{"rendered":"<p class=\"attachment\"><a href='https:\/\/www.wallendorff.com\/belogue\/wp-content\/uploads\/2016\/07\/20160729-34.jpg'><img fetchpriority=\"high\" decoding=\"async\" width=\"200\" height=\"300\" src=\"https:\/\/www.wallendorff.com\/belogue\/wp-content\/uploads\/2016\/07\/20160729-34-200x300.jpg\" class=\"attachment-medium size-medium\" alt=\"\" srcset=\"https:\/\/www.wallendorff.com\/belogue\/wp-content\/uploads\/2016\/07\/20160729-34-200x300.jpg 200w, https:\/\/www.wallendorff.com\/belogue\/wp-content\/uploads\/2016\/07\/20160729-34-133x200.jpg 133w, https:\/\/www.wallendorff.com\/belogue\/wp-content\/uploads\/2016\/07\/20160729-34-233x350.jpg 233w, https:\/\/www.wallendorff.com\/belogue\/wp-content\/uploads\/2016\/07\/20160729-34.jpg 547w\" sizes=\"(max-width: 200px) 100vw, 200px\" \/><\/a><\/p>\n"},"caption":{"rendered":"<p>Pal\u00e9o Festival, Nyon, 22\/07\/2016<\/p>\n"},"alt_text":"","media_type":"image","mime_type":"image\/jpeg","media_details":{"width":547,"height":820,"file":"2016\/07\/20160729-34.jpg","filesize":381281,"sizes":{"woocommerce_thumbnail":{"file":"20160729-34-547x550.jpg","width":547,"height":550,"filesize":109881,"uncropped":false,"mime_type":"image\/jpeg","source_url":"https:\/\/www.wallendorff.com\/belogue\/wp-content\/uploads\/2016\/07\/20160729-34-547x550.jpg"},"woocommerce_gallery_thumbnail":{"file":"20160729-34-220x220.jpg","width":220,"height":220,"filesize":20515,"mime_type":"image\/jpeg","source_url":"https:\/\/www.wallendorff.com\/belogue\/wp-content\/uploads\/2016\/07\/20160729-34-220x220.jpg"},"thumbnail":{"file":"20160729-34-133x200.jpg","width":133,"height":200,"mime_type":"image\/jpeg","source_url":"https:\/\/www.wallendorff.com\/belogue\/wp-content\/uploads\/2016\/07\/20160729-34-133x200.jpg"},"medium":{"file":"20160729-34-200x300.jpg","width":200,"height":300,"mime_type":"image\/jpeg","source_url":"https:\/\/www.wallendorff.com\/belogue\/wp-content\/uploads\/2016\/07\/20160729-34-200x300.jpg"},"blog":{"file":"20160729-34-233x350.jpg","width":233,"height":350,"mime_type":"image\/jpeg","source_url":"https:\/\/www.wallendorff.com\/belogue\/wp-content\/uploads\/2016\/07\/20160729-34-233x350.jpg"},"full":{"file":"20160729-34.jpg","width":547,"height":820,"mime_type":"image\/jpeg","source_url":"https:\/\/www.wallendorff.com\/belogue\/wp-content\/uploads\/2016\/07\/20160729-34.jpg"}},"image_meta":{"aperture":"7.1","credit":"L. Wallendorff","camera":"Canon EOS 6D","caption":"Pal\u00e9o Festival, Nyon, 22\/07\/2016","created_timestamp":"1469221552","copyright":"L. Wallendorff - www.wallendorff.com","focal_length":"15","iso":"1600","shutter_speed":"0.076923076923077","title":"Pal\u00e9o Festival, Nyon, 22\/07\/2016","orientation":"1","keywords":["2016","Nyon","Pal\u00e9o Festival","Pal\u00e9o Festival 2016","Suisse","Tr\u00e9lex","alive","ambiance","canton de Vaud","district de Nyon","festival","plaine de l'Asse","public"]}},"post":31873,"source_url":"https:\/\/www.wallendorff.com\/belogue\/wp-content\/uploads\/2016\/07\/20160729-34.jpg","_links":{"self":[{"href":"https:\/\/www.wallendorff.com\/belogue\/wp-json\/wp\/v2\/media\/31908","targetHints":{"allow":["GET"]}}],"collection":[{"href":"https:\/\/www.wallendorff.com\/belogue\/wp-json\/wp\/v2\/media"}],"about":[{"href":"https:\/\/www.wallendorff.com\/belogue\/wp-json\/wp\/v2\/types\/attachment"}],"author":[{"embeddable":true,"href":"https:\/\/www.wallendorff.com\/belogue\/wp-json\/wp\/v2\/users\/1"}],"replies":[{"embeddable":true,"href":"https:\/\/www.wallendorff.com\/belogue\/wp-json\/wp\/v2\/comments?post=31908"}],"wp:attached-to":[{"embeddable":true,"post_type":"post","id":31873,"href":"https:\/\/www.wallendorff.com\/belogue\/wp-json\/wp\/v2\/posts\/31873"}],"curies":[{"name":"wp","href":"https:\/\/api.w.org\/{rel}","templated":true}]}}

Paléo Festival, Nyon, 22/07/2016

<p>Paléo Festival, Nyon, 22/07/2016</p>

Paléo Festival

Paléo Festival 2016

Trélex
