{"id":31899,"date":"2016-07-29T17:16:25","date_gmt":"2016-07-29T15:16:25","guid":{"rendered":"http:\/\/www.wallendorff.com\/belogue\/wp-content\/uploads\/2016\/07\/20160729-25.jpg"},"modified":"2016-07-29T17:16:25","modified_gmt":"2016-07-29T15:16:25","slug":"deluxe-paleo-festival-nyon-22072016-6","status":"inherit","type":"attachment","link":"https:\/\/www.wallendorff.com\/belogue\/2016\/07\/29\/paleo-festival-2016-jour-4\/deluxe-paleo-festival-nyon-22072016-6\/","title":{"rendered":"Deluxe @ Pal\u00e9o Festival, Nyon, 22\/07\/2016"},"author":1,"featured_media":0,"comment_status":"open","ping_status":"closed","template":"","meta":{"_acf_changed":false,"ngg_post_thumbnail":0,"jetpack_post_was_ever_published":false},"class_list":["post-31899","attachment","type-attachment","status-inherit","hentry"],"acf":[],"jetpack_shortlink":"https:\/\/wp.me\/a3b35P-8iv","jetpack_sharing_enabled":true,"description":{"rendered":"<p class=\"attachment\"><a href='https:\/\/www.wallendorff.com\/belogue\/wp-content\/uploads\/2016\/07\/20160729-25.jpg'><img fetchpriority=\"high\" decoding=\"async\" width=\"300\" height=\"200\" src=\"https:\/\/www.wallendorff.com\/belogue\/wp-content\/uploads\/2016\/07\/20160729-25-300x200.jpg\" class=\"attachment-medium size-medium\" alt=\"\" srcset=\"https:\/\/www.wallendorff.com\/belogue\/wp-content\/uploads\/2016\/07\/20160729-25-300x200.jpg 300w, https:\/\/www.wallendorff.com\/belogue\/wp-content\/uploads\/2016\/07\/20160729-25-200x133.jpg 200w, https:\/\/www.wallendorff.com\/belogue\/wp-content\/uploads\/2016\/07\/20160729-25-525x350.jpg 525w, https:\/\/www.wallendorff.com\/belogue\/wp-content\/uploads\/2016\/07\/20160729-25-600x400.jpg 600w, https:\/\/www.wallendorff.com\/belogue\/wp-content\/uploads\/2016\/07\/20160729-25.jpg 820w\" sizes=\"(max-width: 300px) 100vw, 300px\" \/><\/a><\/p>\n"},"caption":{"rendered":"<p>Deluxe @ Pal\u00e9o Festival, Nyon, 22\/07\/2016<\/p>\n"},"alt_text":"","media_type":"image","mime_type":"image\/jpeg","media_details":{"width":820,"height":547,"file":"2016\/07\/20160729-25.jpg","filesize":207945,"sizes":{"woocommerce_thumbnail":{"file":"20160729-25-550x547.jpg","width":550,"height":547,"filesize":57775,"uncropped":false,"mime_type":"image\/jpeg","source_url":"https:\/\/www.wallendorff.com\/belogue\/wp-content\/uploads\/2016\/07\/20160729-25-550x547.jpg"},"woocommerce_gallery_thumbnail":{"file":"20160729-25-220x220.jpg","width":220,"height":220,"filesize":12441,"mime_type":"image\/jpeg","source_url":"https:\/\/www.wallendorff.com\/belogue\/wp-content\/uploads\/2016\/07\/20160729-25-220x220.jpg"},"thumbnail":{"file":"20160729-25-200x133.jpg","width":200,"height":133,"mime_type":"image\/jpeg","source_url":"https:\/\/www.wallendorff.com\/belogue\/wp-content\/uploads\/2016\/07\/20160729-25-200x133.jpg"},"medium":{"file":"20160729-25-300x200.jpg","width":300,"height":200,"mime_type":"image\/jpeg","source_url":"https:\/\/www.wallendorff.com\/belogue\/wp-content\/uploads\/2016\/07\/20160729-25-300x200.jpg"},"blog":{"file":"20160729-25-525x350.jpg","width":525,"height":350,"mime_type":"image\/jpeg","source_url":"https:\/\/www.wallendorff.com\/belogue\/wp-content\/uploads\/2016\/07\/20160729-25-525x350.jpg"},"600x99999":{"file":"20160729-25-600x547.jpg","width":600,"height":547,"mime_type":"image\/jpeg","source_url":"https:\/\/www.wallendorff.com\/belogue\/wp-content\/uploads\/2016\/07\/20160729-25-600x547.jpg"},"600x0":{"file":"20160729-25-600x400.jpg","width":600,"height":400,"filesize":47448,"mime_type":"image\/jpeg","source_url":"https:\/\/www.wallendorff.com\/belogue\/wp-content\/uploads\/2016\/07\/20160729-25-600x400.jpg"},"full":{"file":"20160729-25.jpg","width":820,"height":547,"mime_type":"image\/jpeg","source_url":"https:\/\/www.wallendorff.com\/belogue\/wp-content\/uploads\/2016\/07\/20160729-25.jpg"}},"image_meta":{"aperture":"8","credit":"L. Wallendorff","camera":"Canon EOS 6D","caption":"Deluxe @ Pal\u00e9o Festival, Nyon, 22\/07\/2016","created_timestamp":"1469213001","copyright":"L. Wallendorff - www.wallendorff.com","focal_length":"15","iso":"1600","shutter_speed":"0.01","title":"Deluxe @ Pal\u00e9o Festival, Nyon, 22\/07\/2016","orientation":"1","keywords":["2016","Deluxe","Nyon","Pal\u00e9o Festival","Pal\u00e9o Festival 2016","Suisse","Tr\u00e9lex","alive","canton de Vaud","district de Nyon","festival","grande sc\u00e8ne","plaine de l'Asse"]}},"post":31873,"source_url":"https:\/\/www.wallendorff.com\/belogue\/wp-content\/uploads\/2016\/07\/20160729-25.jpg","_links":{"self":[{"href":"https:\/\/www.wallendorff.com\/belogue\/wp-json\/wp\/v2\/media\/31899","targetHints":{"allow":["GET"]}}],"collection":[{"href":"https:\/\/www.wallendorff.com\/belogue\/wp-json\/wp\/v2\/media"}],"about":[{"href":"https:\/\/www.wallendorff.com\/belogue\/wp-json\/wp\/v2\/types\/attachment"}],"author":[{"embeddable":true,"href":"https:\/\/www.wallendorff.com\/belogue\/wp-json\/wp\/v2\/users\/1"}],"replies":[{"embeddable":true,"href":"https:\/\/www.wallendorff.com\/belogue\/wp-json\/wp\/v2\/comments?post=31899"}],"wp:attached-to":[{"embeddable":true,"post_type":"post","id":31873,"href":"https:\/\/www.wallendorff.com\/belogue\/wp-json\/wp\/v2\/posts\/31873"}],"curies":[{"name":"wp","href":"https:\/\/api.w.org\/{rel}","templated":true}]}}

Deluxe @ Paléo Festival, Nyon, 22/07/2016

<p>Deluxe @ Paléo Festival, Nyon, 22/07/2016</p>

Paléo Festival

Paléo Festival 2016

Trélex

grande scène
