{"id":31850,"date":"2016-07-28T14:02:51","date_gmt":"2016-07-28T12:02:51","guid":{"rendered":"http:\/\/www.wallendorff.com\/belogue\/wp-content\/uploads\/2016\/07\/20160728-19.jpg"},"modified":"2016-07-28T14:02:51","modified_gmt":"2016-07-28T12:02:51","slug":"jain-paleo-festival-nyon-21072016-2","status":"inherit","type":"attachment","link":"https:\/\/www.wallendorff.com\/belogue\/2016\/07\/28\/paleo-festival-2016-jour-3\/jain-paleo-festival-nyon-21072016-2\/","title":{"rendered":"Ja\u00efn @ Pal\u00e9o Festival, Nyon, 21\/07\/2016"},"author":1,"featured_media":0,"comment_status":"open","ping_status":"closed","template":"","meta":{"_acf_changed":false,"ngg_post_thumbnail":0,"jetpack_post_was_ever_published":false},"class_list":["post-31850","attachment","type-attachment","status-inherit","hentry"],"acf":[],"jetpack_shortlink":"https:\/\/wp.me\/a3b35P-8hI","jetpack_sharing_enabled":true,"description":{"rendered":"<p class=\"attachment\"><a href='https:\/\/www.wallendorff.com\/belogue\/wp-content\/uploads\/2016\/07\/20160728-19.jpg'><img fetchpriority=\"high\" decoding=\"async\" width=\"200\" height=\"300\" src=\"https:\/\/www.wallendorff.com\/belogue\/wp-content\/uploads\/2016\/07\/20160728-19-200x300.jpg\" class=\"attachment-medium size-medium\" alt=\"\" srcset=\"https:\/\/www.wallendorff.com\/belogue\/wp-content\/uploads\/2016\/07\/20160728-19-200x300.jpg 200w, https:\/\/www.wallendorff.com\/belogue\/wp-content\/uploads\/2016\/07\/20160728-19-133x200.jpg 133w, https:\/\/www.wallendorff.com\/belogue\/wp-content\/uploads\/2016\/07\/20160728-19-233x350.jpg 233w, https:\/\/www.wallendorff.com\/belogue\/wp-content\/uploads\/2016\/07\/20160728-19.jpg 547w\" sizes=\"(max-width: 200px) 100vw, 200px\" \/><\/a><\/p>\n"},"caption":{"rendered":"<p>Ja\u00efn @ Pal\u00e9o Festival, Nyon, 21\/07\/2016<\/p>\n"},"alt_text":"","media_type":"image","mime_type":"image\/jpeg","media_details":{"width":547,"height":820,"file":"2016\/07\/20160728-19.jpg","filesize":100609,"sizes":{"woocommerce_thumbnail":{"file":"20160728-19-547x550.jpg","width":547,"height":550,"filesize":29891,"uncropped":false,"mime_type":"image\/jpeg","source_url":"https:\/\/www.wallendorff.com\/belogue\/wp-content\/uploads\/2016\/07\/20160728-19-547x550.jpg"},"woocommerce_gallery_thumbnail":{"file":"20160728-19-220x220.jpg","width":220,"height":220,"filesize":6730,"mime_type":"image\/jpeg","source_url":"https:\/\/www.wallendorff.com\/belogue\/wp-content\/uploads\/2016\/07\/20160728-19-220x220.jpg"},"thumbnail":{"file":"20160728-19-133x200.jpg","width":133,"height":200,"mime_type":"image\/jpeg","source_url":"https:\/\/www.wallendorff.com\/belogue\/wp-content\/uploads\/2016\/07\/20160728-19-133x200.jpg"},"medium":{"file":"20160728-19-200x300.jpg","width":200,"height":300,"mime_type":"image\/jpeg","source_url":"https:\/\/www.wallendorff.com\/belogue\/wp-content\/uploads\/2016\/07\/20160728-19-200x300.jpg"},"blog":{"file":"20160728-19-233x350.jpg","width":233,"height":350,"mime_type":"image\/jpeg","source_url":"https:\/\/www.wallendorff.com\/belogue\/wp-content\/uploads\/2016\/07\/20160728-19-233x350.jpg"},"full":{"file":"20160728-19.jpg","width":547,"height":820,"mime_type":"image\/jpeg","source_url":"https:\/\/www.wallendorff.com\/belogue\/wp-content\/uploads\/2016\/07\/20160728-19.jpg"}},"image_meta":{"aperture":"3.2","credit":"L. Wallendorff","camera":"Canon EOS 5D Mark III","caption":"Ja\u00efn @ Pal\u00e9o Festival, Nyon, 21\/07\/2016","created_timestamp":"1469136463","copyright":"L. Wallendorff - www.wallendorff.com","focal_length":"70","iso":"160","shutter_speed":"0.004","title":"Ja\u00efn @ Pal\u00e9o Festival, Nyon, 21\/07\/2016","orientation":"1","keywords":["2016","Ja\u00efn","Nyon","Pal\u00e9o Festival","Pal\u00e9o Festival 2016","Suisse","Tr\u00e9lex","alive","canton de Vaud","district de Nyon","festival","le D\u00e9tour","plaine de l'Asse"]}},"post":31830,"source_url":"https:\/\/www.wallendorff.com\/belogue\/wp-content\/uploads\/2016\/07\/20160728-19.jpg","_links":{"self":[{"href":"https:\/\/www.wallendorff.com\/belogue\/wp-json\/wp\/v2\/media\/31850","targetHints":{"allow":["GET"]}}],"collection":[{"href":"https:\/\/www.wallendorff.com\/belogue\/wp-json\/wp\/v2\/media"}],"about":[{"href":"https:\/\/www.wallendorff.com\/belogue\/wp-json\/wp\/v2\/types\/attachment"}],"author":[{"embeddable":true,"href":"https:\/\/www.wallendorff.com\/belogue\/wp-json\/wp\/v2\/users\/1"}],"replies":[{"embeddable":true,"href":"https:\/\/www.wallendorff.com\/belogue\/wp-json\/wp\/v2\/comments?post=31850"}],"wp:attached-to":[{"embeddable":true,"post_type":"post","id":31830,"href":"https:\/\/www.wallendorff.com\/belogue\/wp-json\/wp\/v2\/posts\/31830"}],"curies":[{"name":"wp","href":"https:\/\/api.w.org\/{rel}","templated":true}]}}

Jaïn @ Paléo Festival, Nyon, 21/07/2016

<p>Jaïn @ Paléo Festival, Nyon, 21/07/2016</p>

Jaïn

Paléo Festival

Paléo Festival 2016

Trélex

le Détour
