{"id":31820,"date":"2016-07-27T14:58:28","date_gmt":"2016-07-27T12:58:28","guid":{"rendered":"http:\/\/www.wallendorff.com\/belogue\/wp-content\/uploads\/2016\/07\/20160727-70.jpg"},"modified":"2016-07-27T14:58:28","modified_gmt":"2016-07-27T12:58:28","slug":"louise-attaque-paleo-festival-nyon-20072016-5","status":"inherit","type":"attachment","link":"https:\/\/www.wallendorff.com\/belogue\/2016\/07\/27\/paleo-festival-2016-jour-2\/louise-attaque-paleo-festival-nyon-20072016-5\/","title":{"rendered":"Louise Attaque @ Pal\u00e9o Festival, Nyon, 20\/07\/2016"},"author":1,"featured_media":0,"comment_status":"open","ping_status":"closed","template":"","meta":{"_acf_changed":false,"ngg_post_thumbnail":0,"jetpack_post_was_ever_published":false},"class_list":["post-31820","attachment","type-attachment","status-inherit","hentry"],"acf":[],"jetpack_shortlink":"https:\/\/wp.me\/a3b35P-8he","jetpack_sharing_enabled":true,"description":{"rendered":"<p class=\"attachment\"><a href='https:\/\/www.wallendorff.com\/belogue\/wp-content\/uploads\/2016\/07\/20160727-70.jpg'><img fetchpriority=\"high\" decoding=\"async\" width=\"300\" height=\"200\" src=\"https:\/\/www.wallendorff.com\/belogue\/wp-content\/uploads\/2016\/07\/20160727-70-300x200.jpg\" class=\"attachment-medium size-medium\" alt=\"\" srcset=\"https:\/\/www.wallendorff.com\/belogue\/wp-content\/uploads\/2016\/07\/20160727-70-300x200.jpg 300w, https:\/\/www.wallendorff.com\/belogue\/wp-content\/uploads\/2016\/07\/20160727-70-200x133.jpg 200w, https:\/\/www.wallendorff.com\/belogue\/wp-content\/uploads\/2016\/07\/20160727-70-525x350.jpg 525w, https:\/\/www.wallendorff.com\/belogue\/wp-content\/uploads\/2016\/07\/20160727-70-600x400.jpg 600w, https:\/\/www.wallendorff.com\/belogue\/wp-content\/uploads\/2016\/07\/20160727-70.jpg 820w\" sizes=\"(max-width: 300px) 100vw, 300px\" \/><\/a><\/p>\n"},"caption":{"rendered":"<p>Louise Attaque @ Pal\u00e9o Festival, Nyon, 20\/07\/2016<\/p>\n"},"alt_text":"","media_type":"image","mime_type":"image\/jpeg","media_details":{"width":820,"height":547,"file":"2016\/07\/20160727-70.jpg","filesize":71720,"sizes":{"woocommerce_thumbnail":{"file":"20160727-70-550x547.jpg","width":550,"height":547,"filesize":16789,"uncropped":false,"mime_type":"image\/jpeg","source_url":"https:\/\/www.wallendorff.com\/belogue\/wp-content\/uploads\/2016\/07\/20160727-70-550x547.jpg"},"woocommerce_gallery_thumbnail":{"file":"20160727-70-220x220.jpg","width":220,"height":220,"filesize":4626,"mime_type":"image\/jpeg","source_url":"https:\/\/www.wallendorff.com\/belogue\/wp-content\/uploads\/2016\/07\/20160727-70-220x220.jpg"},"thumbnail":{"file":"20160727-70-200x133.jpg","width":200,"height":133,"mime_type":"image\/jpeg","source_url":"https:\/\/www.wallendorff.com\/belogue\/wp-content\/uploads\/2016\/07\/20160727-70-200x133.jpg"},"medium":{"file":"20160727-70-300x200.jpg","width":300,"height":200,"mime_type":"image\/jpeg","source_url":"https:\/\/www.wallendorff.com\/belogue\/wp-content\/uploads\/2016\/07\/20160727-70-300x200.jpg"},"blog":{"file":"20160727-70-525x350.jpg","width":525,"height":350,"mime_type":"image\/jpeg","source_url":"https:\/\/www.wallendorff.com\/belogue\/wp-content\/uploads\/2016\/07\/20160727-70-525x350.jpg"},"600x99999":{"file":"20160727-70-600x547.jpg","width":600,"height":547,"mime_type":"image\/jpeg","source_url":"https:\/\/www.wallendorff.com\/belogue\/wp-content\/uploads\/2016\/07\/20160727-70-600x547.jpg"},"600x0":{"file":"20160727-70-600x400.jpg","width":600,"height":400,"filesize":16399,"mime_type":"image\/jpeg","source_url":"https:\/\/www.wallendorff.com\/belogue\/wp-content\/uploads\/2016\/07\/20160727-70-600x400.jpg"},"full":{"file":"20160727-70.jpg","width":820,"height":547,"mime_type":"image\/jpeg","source_url":"https:\/\/www.wallendorff.com\/belogue\/wp-content\/uploads\/2016\/07\/20160727-70.jpg"}},"image_meta":{"aperture":"2.8","credit":"L. Wallendorff","camera":"Canon EOS 5D Mark III","caption":"Louise Attaque @ Pal\u00e9o Festival, Nyon, 20\/07\/2016","created_timestamp":"1469060394","copyright":"L. Wallendorff - www.wallendorff.com","focal_length":"55","iso":"500","shutter_speed":"0.004","title":"Louise Attaque @ Pal\u00e9o Festival, Nyon, 20\/07\/2016","orientation":"1","keywords":["2016","Louise Attaque","Nyon","Pal\u00e9o Festival","Pal\u00e9o Festival 2016","Suisse","Tr\u00e9lex","alive","canton de Vaud","district de Nyon","festival","grande sc\u00e8ne","plaine de l'Asse"]}},"post":31748,"source_url":"https:\/\/www.wallendorff.com\/belogue\/wp-content\/uploads\/2016\/07\/20160727-70.jpg","_links":{"self":[{"href":"https:\/\/www.wallendorff.com\/belogue\/wp-json\/wp\/v2\/media\/31820","targetHints":{"allow":["GET"]}}],"collection":[{"href":"https:\/\/www.wallendorff.com\/belogue\/wp-json\/wp\/v2\/media"}],"about":[{"href":"https:\/\/www.wallendorff.com\/belogue\/wp-json\/wp\/v2\/types\/attachment"}],"author":[{"embeddable":true,"href":"https:\/\/www.wallendorff.com\/belogue\/wp-json\/wp\/v2\/users\/1"}],"replies":[{"embeddable":true,"href":"https:\/\/www.wallendorff.com\/belogue\/wp-json\/wp\/v2\/comments?post=31820"}],"wp:attached-to":[{"embeddable":true,"post_type":"post","id":31748,"href":"https:\/\/www.wallendorff.com\/belogue\/wp-json\/wp\/v2\/posts\/31748"}],"curies":[{"name":"wp","href":"https:\/\/api.w.org\/{rel}","templated":true}]}}

Louise Attaque @ Paléo Festival, Nyon, 20/07/2016

<p>Louise Attaque @ Paléo Festival, Nyon, 20/07/2016</p>

Paléo Festival

Paléo Festival 2016

Trélex

grande scène
