{"id":31780,"date":"2016-07-27T14:57:44","date_gmt":"2016-07-27T12:57:44","guid":{"rendered":"http:\/\/www.wallendorff.com\/belogue\/wp-content\/uploads\/2016\/07\/20160727-30.jpg"},"modified":"2016-07-27T14:57:44","modified_gmt":"2016-07-27T12:57:44","slug":"iron-maiden-paleo-festival-nyon-20072016-2","status":"inherit","type":"attachment","link":"https:\/\/www.wallendorff.com\/belogue\/2016\/07\/27\/paleo-festival-2016-jour-2\/iron-maiden-paleo-festival-nyon-20072016-2\/","title":{"rendered":"Iron Maiden @ Pal\u00e9o Festival, Nyon, 20\/07\/2016"},"author":1,"featured_media":0,"comment_status":"open","ping_status":"closed","template":"","meta":{"_acf_changed":false,"ngg_post_thumbnail":0,"jetpack_post_was_ever_published":false},"class_list":["post-31780","attachment","type-attachment","status-inherit","hentry"],"acf":[],"jetpack_shortlink":"https:\/\/wp.me\/a3b35P-8gA","jetpack_sharing_enabled":true,"description":{"rendered":"<p class=\"attachment\"><a href='https:\/\/www.wallendorff.com\/belogue\/wp-content\/uploads\/2016\/07\/20160727-30.jpg'><img fetchpriority=\"high\" decoding=\"async\" width=\"200\" height=\"300\" src=\"https:\/\/www.wallendorff.com\/belogue\/wp-content\/uploads\/2016\/07\/20160727-30-200x300.jpg\" class=\"attachment-medium size-medium\" alt=\"\" srcset=\"https:\/\/www.wallendorff.com\/belogue\/wp-content\/uploads\/2016\/07\/20160727-30-200x300.jpg 200w, https:\/\/www.wallendorff.com\/belogue\/wp-content\/uploads\/2016\/07\/20160727-30-133x200.jpg 133w, https:\/\/www.wallendorff.com\/belogue\/wp-content\/uploads\/2016\/07\/20160727-30-233x350.jpg 233w, https:\/\/www.wallendorff.com\/belogue\/wp-content\/uploads\/2016\/07\/20160727-30.jpg 547w\" sizes=\"(max-width: 200px) 100vw, 200px\" \/><\/a><\/p>\n"},"caption":{"rendered":"<p>Iron Maiden @ Pal\u00e9o Festival, Nyon, 20\/07\/2016<\/p>\n"},"alt_text":"","media_type":"image","mime_type":"image\/jpeg","media_details":{"width":547,"height":820,"file":"2016\/07\/20160727-30.jpg","filesize":166968,"sizes":{"woocommerce_thumbnail":{"file":"20160727-30-547x550.jpg","width":547,"height":550,"filesize":52296,"uncropped":false,"mime_type":"image\/jpeg","source_url":"https:\/\/www.wallendorff.com\/belogue\/wp-content\/uploads\/2016\/07\/20160727-30-547x550.jpg"},"woocommerce_gallery_thumbnail":{"file":"20160727-30-220x220.jpg","width":220,"height":220,"filesize":13014,"mime_type":"image\/jpeg","source_url":"https:\/\/www.wallendorff.com\/belogue\/wp-content\/uploads\/2016\/07\/20160727-30-220x220.jpg"},"thumbnail":{"file":"20160727-30-133x200.jpg","width":133,"height":200,"mime_type":"image\/jpeg","source_url":"https:\/\/www.wallendorff.com\/belogue\/wp-content\/uploads\/2016\/07\/20160727-30-133x200.jpg"},"medium":{"file":"20160727-30-200x300.jpg","width":200,"height":300,"mime_type":"image\/jpeg","source_url":"https:\/\/www.wallendorff.com\/belogue\/wp-content\/uploads\/2016\/07\/20160727-30-200x300.jpg"},"blog":{"file":"20160727-30-233x350.jpg","width":233,"height":350,"mime_type":"image\/jpeg","source_url":"https:\/\/www.wallendorff.com\/belogue\/wp-content\/uploads\/2016\/07\/20160727-30-233x350.jpg"},"full":{"file":"20160727-30.jpg","width":547,"height":820,"mime_type":"image\/jpeg","source_url":"https:\/\/www.wallendorff.com\/belogue\/wp-content\/uploads\/2016\/07\/20160727-30.jpg"}},"image_meta":{"aperture":"3.2","credit":"L. Wallendorff","camera":"Canon EOS 5D Mark III","caption":"Iron Maiden @ Pal\u00e9o Festival, Nyon, 20\/07\/2016","created_timestamp":"1469047277","copyright":"L. Wallendorff - www.wallendorff.com","focal_length":"93","iso":"160","shutter_speed":"0.004","title":"Iron Maiden @ Pal\u00e9o Festival, Nyon, 20\/07\/2016","orientation":"1","keywords":["2016","Iron Maiden","Nyon","Pal\u00e9o Festival","Pal\u00e9o Festival 2016","Suisse","Tr\u00e9lex","alive","canton de Vaud","district de Nyon","festival","grande sc\u00e8ne","plaine de l'Asse"]}},"post":31748,"source_url":"https:\/\/www.wallendorff.com\/belogue\/wp-content\/uploads\/2016\/07\/20160727-30.jpg","_links":{"self":[{"href":"https:\/\/www.wallendorff.com\/belogue\/wp-json\/wp\/v2\/media\/31780","targetHints":{"allow":["GET"]}}],"collection":[{"href":"https:\/\/www.wallendorff.com\/belogue\/wp-json\/wp\/v2\/media"}],"about":[{"href":"https:\/\/www.wallendorff.com\/belogue\/wp-json\/wp\/v2\/types\/attachment"}],"author":[{"embeddable":true,"href":"https:\/\/www.wallendorff.com\/belogue\/wp-json\/wp\/v2\/users\/1"}],"replies":[{"embeddable":true,"href":"https:\/\/www.wallendorff.com\/belogue\/wp-json\/wp\/v2\/comments?post=31780"}],"wp:attached-to":[{"embeddable":true,"post_type":"post","id":31748,"href":"https:\/\/www.wallendorff.com\/belogue\/wp-json\/wp\/v2\/posts\/31748"}],"curies":[{"name":"wp","href":"https:\/\/api.w.org\/{rel}","templated":true}]}}

Iron Maiden @ Paléo Festival, Nyon, 20/07/2016

<p>Iron Maiden @ Paléo Festival, Nyon, 20/07/2016</p>

Paléo Festival

Paléo Festival 2016

Trélex

grande scène
