{"id":31692,"date":"2016-07-26T19:38:14","date_gmt":"2016-07-26T17:38:14","guid":{"rendered":"http:\/\/www.wallendorff.com\/belogue\/wp-content\/uploads\/2016\/07\/20160726-13.jpg"},"modified":"2016-07-26T19:38:14","modified_gmt":"2016-07-26T17:38:14","slug":"courtney-barnett-paleo-festival-nyon-18072016-7","status":"inherit","type":"attachment","link":"https:\/\/www.wallendorff.com\/belogue\/2016\/07\/26\/paleo-festival-2016-jour-1\/courtney-barnett-paleo-festival-nyon-18072016-7\/","title":{"rendered":"Courtney Barnett @ Pal\u00e9o Festival, Nyon, 18\/07\/2016"},"author":1,"featured_media":0,"comment_status":"open","ping_status":"closed","template":"","meta":{"_acf_changed":false,"ngg_post_thumbnail":0,"jetpack_post_was_ever_published":false},"class_list":["post-31692","attachment","type-attachment","status-inherit","hentry"],"acf":[],"jetpack_shortlink":"https:\/\/wp.me\/a3b35P-8fa","jetpack_sharing_enabled":true,"description":{"rendered":"<p class=\"attachment\"><a href='https:\/\/www.wallendorff.com\/belogue\/wp-content\/uploads\/2016\/07\/20160726-13.jpg'><img fetchpriority=\"high\" decoding=\"async\" width=\"200\" height=\"300\" src=\"https:\/\/www.wallendorff.com\/belogue\/wp-content\/uploads\/2016\/07\/20160726-13-200x300.jpg\" class=\"attachment-medium size-medium\" alt=\"\" srcset=\"https:\/\/www.wallendorff.com\/belogue\/wp-content\/uploads\/2016\/07\/20160726-13-200x300.jpg 200w, https:\/\/www.wallendorff.com\/belogue\/wp-content\/uploads\/2016\/07\/20160726-13-133x200.jpg 133w, https:\/\/www.wallendorff.com\/belogue\/wp-content\/uploads\/2016\/07\/20160726-13-233x350.jpg 233w, https:\/\/www.wallendorff.com\/belogue\/wp-content\/uploads\/2016\/07\/20160726-13.jpg 547w\" sizes=\"(max-width: 200px) 100vw, 200px\" \/><\/a><\/p>\n"},"caption":{"rendered":"<p>Courtney Barnett @ Pal\u00e9o Festival, Nyon, 19\/07\/2016<\/p>\n"},"alt_text":"","media_type":"image","mime_type":"image\/jpeg","media_details":{"width":547,"height":820,"file":"2016\/07\/20160726-13.jpg","filesize":176288,"sizes":{"woocommerce_thumbnail":{"file":"20160726-13-547x550.jpg","width":547,"height":550,"filesize":73328,"uncropped":false,"mime_type":"image\/jpeg","source_url":"https:\/\/www.wallendorff.com\/belogue\/wp-content\/uploads\/2016\/07\/20160726-13-547x550.jpg"},"woocommerce_gallery_thumbnail":{"file":"20160726-13-220x220.jpg","width":220,"height":220,"filesize":15657,"mime_type":"image\/jpeg","source_url":"https:\/\/www.wallendorff.com\/belogue\/wp-content\/uploads\/2016\/07\/20160726-13-220x220.jpg"},"thumbnail":{"file":"20160726-13-133x200.jpg","width":133,"height":200,"mime_type":"image\/jpeg","source_url":"https:\/\/www.wallendorff.com\/belogue\/wp-content\/uploads\/2016\/07\/20160726-13-133x200.jpg"},"medium":{"file":"20160726-13-200x300.jpg","width":200,"height":300,"mime_type":"image\/jpeg","source_url":"https:\/\/www.wallendorff.com\/belogue\/wp-content\/uploads\/2016\/07\/20160726-13-200x300.jpg"},"blog":{"file":"20160726-13-233x350.jpg","width":233,"height":350,"mime_type":"image\/jpeg","source_url":"https:\/\/www.wallendorff.com\/belogue\/wp-content\/uploads\/2016\/07\/20160726-13-233x350.jpg"},"full":{"file":"20160726-13.jpg","width":547,"height":820,"mime_type":"image\/jpeg","source_url":"https:\/\/www.wallendorff.com\/belogue\/wp-content\/uploads\/2016\/07\/20160726-13.jpg"}},"image_meta":{"aperture":"9","credit":"L. Wallendorff","camera":"Canon EOS 6D","caption":"Courtney Barnett @ Pal\u00e9o Festival, Nyon, 19\/07\/2016","created_timestamp":"1468957275","copyright":"L. Wallendorff - www.wallendorff.com","focal_length":"73","iso":"320","shutter_speed":"0.00625","title":"Courtney Barnett @ Pal\u00e9o Festival, Nyon, 18\/07\/2016","orientation":"1","keywords":["2016","Courtney Barnett","Nyon","Pal\u00e9o Festival","Pal\u00e9o Festival 2016","Suisse","Tr\u00e9lex","alive","canton de Vaud","district de Nyon","festival","les Arches","plaine de l'Asse"]}},"post":31676,"source_url":"https:\/\/www.wallendorff.com\/belogue\/wp-content\/uploads\/2016\/07\/20160726-13.jpg","_links":{"self":[{"href":"https:\/\/www.wallendorff.com\/belogue\/wp-json\/wp\/v2\/media\/31692","targetHints":{"allow":["GET"]}}],"collection":[{"href":"https:\/\/www.wallendorff.com\/belogue\/wp-json\/wp\/v2\/media"}],"about":[{"href":"https:\/\/www.wallendorff.com\/belogue\/wp-json\/wp\/v2\/types\/attachment"}],"author":[{"embeddable":true,"href":"https:\/\/www.wallendorff.com\/belogue\/wp-json\/wp\/v2\/users\/1"}],"replies":[{"embeddable":true,"href":"https:\/\/www.wallendorff.com\/belogue\/wp-json\/wp\/v2\/comments?post=31692"}],"wp:attached-to":[{"embeddable":true,"post_type":"post","id":31676,"href":"https:\/\/www.wallendorff.com\/belogue\/wp-json\/wp\/v2\/posts\/31676"}],"curies":[{"name":"wp","href":"https:\/\/api.w.org\/{rel}","templated":true}]}}

Courtney Barnett @ Paléo Festival, Nyon, 18/07/2016

<p>Courtney Barnett @ Paléo Festival, Nyon, 19/07/2016</p>

Courtney Barnett @ Paléo Festival, Nyon, 19/07/2016

Paléo Festival

Paléo Festival 2016

Trélex
