{"id":30894,"date":"2016-05-13T09:37:26","date_gmt":"2016-05-13T07:37:26","guid":{"rendered":"http:\/\/www.wallendorff.com\/belogue\/wp-content\/uploads\/2016\/05\/20160513-17.jpg"},"modified":"2016-05-13T09:37:26","modified_gmt":"2016-05-13T07:37:26","slug":"20160513-17","status":"inherit","type":"attachment","link":"https:\/\/www.wallendorff.com\/belogue\/2016\/04\/30\/avril-2016\/20160513-17\/","title":{"rendered":"20160513-17"},"author":1,"featured_media":0,"comment_status":"open","ping_status":"closed","template":"","meta":{"_acf_changed":false,"ngg_post_thumbnail":0,"jetpack_post_was_ever_published":false},"class_list":["post-30894","attachment","type-attachment","status-inherit","hentry"],"acf":[],"jetpack_shortlink":"https:\/\/wp.me\/a3b35P-82i","jetpack_sharing_enabled":true,"description":{"rendered":"<p class=\"attachment\"><a href='https:\/\/www.wallendorff.com\/belogue\/wp-content\/uploads\/2016\/05\/20160513-17.jpg'><img fetchpriority=\"high\" decoding=\"async\" width=\"200\" height=\"300\" src=\"https:\/\/www.wallendorff.com\/belogue\/wp-content\/uploads\/2016\/05\/20160513-17-200x300.jpg\" class=\"attachment-medium size-medium\" alt=\"\" srcset=\"https:\/\/www.wallendorff.com\/belogue\/wp-content\/uploads\/2016\/05\/20160513-17-200x300.jpg 200w, https:\/\/www.wallendorff.com\/belogue\/wp-content\/uploads\/2016\/05\/20160513-17-133x200.jpg 133w, https:\/\/www.wallendorff.com\/belogue\/wp-content\/uploads\/2016\/05\/20160513-17-233x350.jpg 233w, https:\/\/www.wallendorff.com\/belogue\/wp-content\/uploads\/2016\/05\/20160513-17.jpg 547w\" sizes=\"(max-width: 200px) 100vw, 200px\" \/><\/a><\/p>\n"},"caption":{"rendered":""},"alt_text":"","media_type":"image","mime_type":"image\/jpeg","media_details":{"width":547,"height":820,"file":"2016\/05\/20160513-17.jpg","filesize":130394,"sizes":{"woocommerce_thumbnail":{"file":"20160513-17-547x550.jpg","width":547,"height":550,"filesize":37115,"uncropped":false,"mime_type":"image\/jpeg","source_url":"https:\/\/www.wallendorff.com\/belogue\/wp-content\/uploads\/2016\/05\/20160513-17-547x550.jpg"},"woocommerce_gallery_thumbnail":{"file":"20160513-17-220x220.jpg","width":220,"height":220,"filesize":8518,"mime_type":"image\/jpeg","source_url":"https:\/\/www.wallendorff.com\/belogue\/wp-content\/uploads\/2016\/05\/20160513-17-220x220.jpg"},"thumbnail":{"file":"20160513-17-133x200.jpg","width":133,"height":200,"mime_type":"image\/jpeg","source_url":"https:\/\/www.wallendorff.com\/belogue\/wp-content\/uploads\/2016\/05\/20160513-17-133x200.jpg"},"medium":{"file":"20160513-17-200x300.jpg","width":200,"height":300,"mime_type":"image\/jpeg","source_url":"https:\/\/www.wallendorff.com\/belogue\/wp-content\/uploads\/2016\/05\/20160513-17-200x300.jpg"},"blog":{"file":"20160513-17-233x350.jpg","width":233,"height":350,"mime_type":"image\/jpeg","source_url":"https:\/\/www.wallendorff.com\/belogue\/wp-content\/uploads\/2016\/05\/20160513-17-233x350.jpg"},"full":{"file":"20160513-17.jpg","width":547,"height":820,"mime_type":"image\/jpeg","source_url":"https:\/\/www.wallendorff.com\/belogue\/wp-content\/uploads\/2016\/05\/20160513-17.jpg"}},"image_meta":{"aperture":"5.6","credit":"L. Wallendorff","camera":"Canon EOS 6D","caption":"","created_timestamp":"1460290507","copyright":"L. Wallendorff - www.wallendorff.com","focal_length":"24","iso":"800","shutter_speed":"0.02","title":"","orientation":"1","keywords":["Aubervilliers","France","Jacquet Ode","Seine-Saint-Denis","Th\u00e9audi\u00e8re Gabriel","Th\u00e9audi\u00e8re Romain","avenue Anatole-France","portrait","\u00cele-de-France"]}},"post":30876,"source_url":"https:\/\/www.wallendorff.com\/belogue\/wp-content\/uploads\/2016\/05\/20160513-17.jpg","_links":{"self":[{"href":"https:\/\/www.wallendorff.com\/belogue\/wp-json\/wp\/v2\/media\/30894","targetHints":{"allow":["GET"]}}],"collection":[{"href":"https:\/\/www.wallendorff.com\/belogue\/wp-json\/wp\/v2\/media"}],"about":[{"href":"https:\/\/www.wallendorff.com\/belogue\/wp-json\/wp\/v2\/types\/attachment"}],"author":[{"embeddable":true,"href":"https:\/\/www.wallendorff.com\/belogue\/wp-json\/wp\/v2\/users\/1"}],"replies":[{"embeddable":true,"href":"https:\/\/www.wallendorff.com\/belogue\/wp-json\/wp\/v2\/comments?post=30894"}],"wp:attached-to":[{"embeddable":true,"post_type":"post","id":30876,"href":"https:\/\/www.wallendorff.com\/belogue\/wp-json\/wp\/v2\/posts\/30876"}],"curies":[{"name":"wp","href":"https:\/\/api.w.org\/{rel}","templated":true}]}}

Théaudière Gabriel

Théaudière Romain

Île-de-France
