{"id":30878,"date":"2016-05-13T09:36:30","date_gmt":"2016-05-13T07:36:30","guid":{"rendered":"http:\/\/www.wallendorff.com\/belogue\/wp-content\/uploads\/2016\/05\/20160513-01.jpg"},"modified":"2016-05-13T09:36:30","modified_gmt":"2016-05-13T07:36:30","slug":"20160513-01","status":"inherit","type":"attachment","link":"https:\/\/www.wallendorff.com\/belogue\/2016\/04\/30\/avril-2016\/20160513-01\/","title":{"rendered":"20160513-01"},"author":1,"featured_media":0,"comment_status":"open","ping_status":"closed","template":"","meta":{"_acf_changed":false,"ngg_post_thumbnail":0,"jetpack_post_was_ever_published":false},"class_list":["post-30878","attachment","type-attachment","status-inherit","hentry"],"acf":[],"jetpack_shortlink":"https:\/\/wp.me\/a3b35P-822","jetpack_sharing_enabled":true,"description":{"rendered":"<p class=\"attachment\"><a href='https:\/\/www.wallendorff.com\/belogue\/wp-content\/uploads\/2016\/05\/20160513-01.jpg'><img fetchpriority=\"high\" decoding=\"async\" width=\"200\" height=\"300\" src=\"https:\/\/www.wallendorff.com\/belogue\/wp-content\/uploads\/2016\/05\/20160513-01-200x300.jpg\" class=\"attachment-medium size-medium\" alt=\"\" srcset=\"https:\/\/www.wallendorff.com\/belogue\/wp-content\/uploads\/2016\/05\/20160513-01-200x300.jpg 200w, https:\/\/www.wallendorff.com\/belogue\/wp-content\/uploads\/2016\/05\/20160513-01-133x200.jpg 133w, https:\/\/www.wallendorff.com\/belogue\/wp-content\/uploads\/2016\/05\/20160513-01-233x350.jpg 233w, https:\/\/www.wallendorff.com\/belogue\/wp-content\/uploads\/2016\/05\/20160513-01.jpg 547w\" sizes=\"(max-width: 200px) 100vw, 200px\" \/><\/a><\/p>\n"},"caption":{"rendered":""},"alt_text":"","media_type":"image","mime_type":"image\/jpeg","media_details":{"width":547,"height":820,"file":"2016\/05\/20160513-01.jpg","filesize":189281,"sizes":{"woocommerce_thumbnail":{"file":"20160513-01-547x550.jpg","width":547,"height":550,"filesize":64282,"uncropped":false,"mime_type":"image\/jpeg","source_url":"https:\/\/www.wallendorff.com\/belogue\/wp-content\/uploads\/2016\/05\/20160513-01-547x550.jpg"},"woocommerce_gallery_thumbnail":{"file":"20160513-01-220x220.jpg","width":220,"height":220,"filesize":12981,"mime_type":"image\/jpeg","source_url":"https:\/\/www.wallendorff.com\/belogue\/wp-content\/uploads\/2016\/05\/20160513-01-220x220.jpg"},"thumbnail":{"file":"20160513-01-133x200.jpg","width":133,"height":200,"mime_type":"image\/jpeg","source_url":"https:\/\/www.wallendorff.com\/belogue\/wp-content\/uploads\/2016\/05\/20160513-01-133x200.jpg"},"medium":{"file":"20160513-01-200x300.jpg","width":200,"height":300,"mime_type":"image\/jpeg","source_url":"https:\/\/www.wallendorff.com\/belogue\/wp-content\/uploads\/2016\/05\/20160513-01-200x300.jpg"},"blog":{"file":"20160513-01-233x350.jpg","width":233,"height":350,"mime_type":"image\/jpeg","source_url":"https:\/\/www.wallendorff.com\/belogue\/wp-content\/uploads\/2016\/05\/20160513-01-233x350.jpg"},"full":{"file":"20160513-01.jpg","width":547,"height":820,"mime_type":"image\/jpeg","source_url":"https:\/\/www.wallendorff.com\/belogue\/wp-content\/uploads\/2016\/05\/20160513-01.jpg"}},"image_meta":{"aperture":"3.5","credit":"L. Wallendorff","camera":"Canon EOS 6D","caption":"","created_timestamp":"1459512619","copyright":"L. Wallendorff - www.wallendorff.com","focal_length":"70","iso":"100","shutter_speed":"0.005","title":"","orientation":"1","keywords":["75004","France","H\u00f4tel-Dieu","Paris","couloir","h\u00f4pital","parvis Notre-Dame - place Jean-Paul-II","\u00cele-de-France","\u00eele de la Cit\u00e9"]}},"post":30876,"source_url":"https:\/\/www.wallendorff.com\/belogue\/wp-content\/uploads\/2016\/05\/20160513-01.jpg","_links":{"self":[{"href":"https:\/\/www.wallendorff.com\/belogue\/wp-json\/wp\/v2\/media\/30878","targetHints":{"allow":["GET"]}}],"collection":[{"href":"https:\/\/www.wallendorff.com\/belogue\/wp-json\/wp\/v2\/media"}],"about":[{"href":"https:\/\/www.wallendorff.com\/belogue\/wp-json\/wp\/v2\/types\/attachment"}],"author":[{"embeddable":true,"href":"https:\/\/www.wallendorff.com\/belogue\/wp-json\/wp\/v2\/users\/1"}],"replies":[{"embeddable":true,"href":"https:\/\/www.wallendorff.com\/belogue\/wp-json\/wp\/v2\/comments?post=30878"}],"wp:attached-to":[{"embeddable":true,"post_type":"post","id":30876,"href":"https:\/\/www.wallendorff.com\/belogue\/wp-json\/wp\/v2\/posts\/30876"}],"curies":[{"name":"wp","href":"https:\/\/api.w.org\/{rel}","templated":true}]}}

Hôtel-Dieu

hôpital

Île-de-France

île de la Cité
