{"id":30585,"date":"2016-03-18T16:20:05","date_gmt":"2016-03-18T14:20:05","guid":{"rendered":"http:\/\/www.wallendorff.com\/belogue\/wp-content\/uploads\/2016\/03\/20160318-22.jpg"},"modified":"2016-03-18T16:20:05","modified_gmt":"2016-03-18T14:20:05","slug":"balinger-le-point-ephemere-paris-17032016-22","status":"inherit","type":"attachment","link":"https:\/\/www.wallendorff.com\/belogue\/2016\/03\/18\/balinger-le-point-ephemere-paris\/balinger-le-point-ephemere-paris-17032016-22\/","title":{"rendered":"Balinger @ le Point \u00c9ph\u00e9m\u00e8re, Paris, 17\/03\/2016"},"author":1,"featured_media":0,"comment_status":"open","ping_status":"closed","template":"","meta":{"_acf_changed":false,"ngg_post_thumbnail":0,"jetpack_post_was_ever_published":false},"class_list":["post-30585","attachment","type-attachment","status-inherit","hentry"],"acf":[],"jetpack_shortlink":"https:\/\/wp.me\/a3b35P-7Xj","jetpack_sharing_enabled":true,"description":{"rendered":"<p class=\"attachment\"><a href='https:\/\/www.wallendorff.com\/belogue\/wp-content\/uploads\/2016\/03\/20160318-22.jpg'><img fetchpriority=\"high\" decoding=\"async\" width=\"300\" height=\"200\" src=\"https:\/\/www.wallendorff.com\/belogue\/wp-content\/uploads\/2016\/03\/20160318-22-300x200.jpg\" class=\"attachment-medium size-medium\" alt=\"\" srcset=\"https:\/\/www.wallendorff.com\/belogue\/wp-content\/uploads\/2016\/03\/20160318-22-300x200.jpg 300w, https:\/\/www.wallendorff.com\/belogue\/wp-content\/uploads\/2016\/03\/20160318-22-200x133.jpg 200w, https:\/\/www.wallendorff.com\/belogue\/wp-content\/uploads\/2016\/03\/20160318-22-525x350.jpg 525w, https:\/\/www.wallendorff.com\/belogue\/wp-content\/uploads\/2016\/03\/20160318-22-600x400.jpg 600w, https:\/\/www.wallendorff.com\/belogue\/wp-content\/uploads\/2016\/03\/20160318-22.jpg 820w\" sizes=\"(max-width: 300px) 100vw, 300px\" \/><\/a><\/p>\n"},"caption":{"rendered":"<p>Balinger @ le Point \u00c9ph\u00e9m\u00e8re, Paris, 17\/03\/2016<\/p>\n"},"alt_text":"","media_type":"image","mime_type":"image\/jpeg","media_details":{"width":820,"height":547,"file":"2016\/03\/20160318-22.jpg","filesize":246643,"sizes":{"woocommerce_thumbnail":{"file":"20160318-22-300x300.jpg","width":300,"height":300,"filesize":26244,"uncropped":false,"mime_type":"image\/jpeg","source_url":"https:\/\/www.wallendorff.com\/belogue\/wp-content\/uploads\/2016\/03\/20160318-22-300x300.jpg"},"woocommerce_gallery_thumbnail":{"file":"20160318-22-220x220.jpg","width":220,"height":220,"filesize":16474,"mime_type":"image\/jpeg","source_url":"https:\/\/www.wallendorff.com\/belogue\/wp-content\/uploads\/2016\/03\/20160318-22-220x220.jpg"},"thumbnail":{"file":"20160318-22-200x133.jpg","width":200,"height":133,"mime_type":"image\/jpeg","source_url":"https:\/\/www.wallendorff.com\/belogue\/wp-content\/uploads\/2016\/03\/20160318-22-200x133.jpg"},"medium":{"file":"20160318-22-300x200.jpg","width":300,"height":200,"mime_type":"image\/jpeg","source_url":"https:\/\/www.wallendorff.com\/belogue\/wp-content\/uploads\/2016\/03\/20160318-22-300x200.jpg"},"blog":{"file":"20160318-22-525x350.jpg","width":525,"height":350,"mime_type":"image\/jpeg","source_url":"https:\/\/www.wallendorff.com\/belogue\/wp-content\/uploads\/2016\/03\/20160318-22-525x350.jpg"},"600x99999":{"file":"20160318-22-600x547.jpg","width":600,"height":547,"mime_type":"image\/jpeg","source_url":"https:\/\/www.wallendorff.com\/belogue\/wp-content\/uploads\/2016\/03\/20160318-22-600x547.jpg"},"600x0":{"file":"20160318-22-600x400.jpg","width":600,"height":400,"filesize":57377,"mime_type":"image\/jpeg","source_url":"https:\/\/www.wallendorff.com\/belogue\/wp-content\/uploads\/2016\/03\/20160318-22-600x400.jpg"},"full":{"file":"20160318-22.jpg","width":820,"height":547,"mime_type":"image\/jpeg","source_url":"https:\/\/www.wallendorff.com\/belogue\/wp-content\/uploads\/2016\/03\/20160318-22.jpg"}},"image_meta":{"aperture":"2.8","credit":"L. Wallendorff","camera":"Canon EOS 6D","caption":"Balinger @ le Point \u00c9ph\u00e9m\u00e8re, Paris, 17\/03\/2016","created_timestamp":"1458255647","copyright":"L. Wallendorff - www.wallendorff.com","focal_length":"15","iso":"6400","shutter_speed":"0.025","title":"Balinger @ le Point \u00c9ph\u00e9m\u00e8re, Paris, 17\/03\/2016","orientation":"1","keywords":["2016","75010","Balinger","France","Paris","alive","le Point \u00c9ph\u00e9m\u00e8re","quai de Valmy","\u00cele-de-France"]}},"post":30562,"source_url":"https:\/\/www.wallendorff.com\/belogue\/wp-content\/uploads\/2016\/03\/20160318-22.jpg","_links":{"self":[{"href":"https:\/\/www.wallendorff.com\/belogue\/wp-json\/wp\/v2\/media\/30585","targetHints":{"allow":["GET"]}}],"collection":[{"href":"https:\/\/www.wallendorff.com\/belogue\/wp-json\/wp\/v2\/media"}],"about":[{"href":"https:\/\/www.wallendorff.com\/belogue\/wp-json\/wp\/v2\/types\/attachment"}],"author":[{"embeddable":true,"href":"https:\/\/www.wallendorff.com\/belogue\/wp-json\/wp\/v2\/users\/1"}],"replies":[{"embeddable":true,"href":"https:\/\/www.wallendorff.com\/belogue\/wp-json\/wp\/v2\/comments?post=30585"}],"wp:attached-to":[{"embeddable":true,"post_type":"post","id":30562,"href":"https:\/\/www.wallendorff.com\/belogue\/wp-json\/wp\/v2\/posts\/30562"}],"curies":[{"name":"wp","href":"https:\/\/api.w.org\/{rel}","templated":true}]}}

Balinger @ le Point Éphémère, Paris, 17/03/2016

<p>Balinger @ le Point Éphémère, Paris, 17/03/2016</p>

le Point Éphémère

Île-de-France
