{"id":29477,"date":"2015-10-16T15:21:04","date_gmt":"2015-10-16T13:21:04","guid":{"rendered":"http:\/\/www.wallendorff.com\/belogue\/wp-content\/uploads\/2015\/10\/20151016-20.jpg"},"modified":"2015-10-16T15:21:04","modified_gmt":"2015-10-16T13:21:04","slug":"arman-melies-mama-event-theatre-de-latalante-paris-15102015-3","status":"inherit","type":"attachment","link":"https:\/\/www.wallendorff.com\/belogue\/2015\/10\/17\/mama-event-paris-15-octobre\/arman-melies-mama-event-theatre-de-latalante-paris-15102015-3\/","title":{"rendered":"Arman M\u00e9li\u00e8s @ MaMA Event, Th\u00e9\u00e2tre de l&rsquo;Atalante, Paris, 15\/10\/2015"},"author":1,"featured_media":0,"comment_status":"open","ping_status":"closed","template":"","meta":{"_acf_changed":false,"ngg_post_thumbnail":0,"jetpack_post_was_ever_published":false},"class_list":["post-29477","attachment","type-attachment","status-inherit","hentry"],"acf":[],"jetpack_shortlink":"https:\/\/wp.me\/a3b35P-7Fr","jetpack_sharing_enabled":true,"description":{"rendered":"<p class=\"attachment\"><a href='https:\/\/www.wallendorff.com\/belogue\/wp-content\/uploads\/2015\/10\/20151016-20.jpg'><img fetchpriority=\"high\" decoding=\"async\" width=\"200\" height=\"300\" src=\"https:\/\/www.wallendorff.com\/belogue\/wp-content\/uploads\/2015\/10\/20151016-20-200x300.jpg\" class=\"attachment-medium size-medium\" alt=\"\" srcset=\"https:\/\/www.wallendorff.com\/belogue\/wp-content\/uploads\/2015\/10\/20151016-20-200x300.jpg 200w, https:\/\/www.wallendorff.com\/belogue\/wp-content\/uploads\/2015\/10\/20151016-20-233x350.jpg 233w, https:\/\/www.wallendorff.com\/belogue\/wp-content\/uploads\/2015\/10\/20151016-20.jpg 533w\" sizes=\"(max-width: 200px) 100vw, 200px\" \/><\/a><\/p>\n"},"caption":{"rendered":"<p>Arman M\u00e9li\u00e8s @ MaMA Event, Th\u00e9\u00e2tre de l&rsquo;Atalante, Paris, 15\/10\/2015<\/p>\n"},"alt_text":"","media_type":"image","mime_type":"image\/jpeg","media_details":{"width":533,"height":800,"file":"2015\/10\/20151016-20.jpg","filesize":176062,"sizes":{"woocommerce_thumbnail":{"file":"20151016-20-533x550.jpg","width":533,"height":550,"filesize":53678,"uncropped":false,"mime_type":"image\/jpeg","source_url":"https:\/\/www.wallendorff.com\/belogue\/wp-content\/uploads\/2015\/10\/20151016-20-533x550.jpg"},"woocommerce_gallery_thumbnail":{"file":"20151016-20-220x220.jpg","width":220,"height":220,"filesize":10178,"mime_type":"image\/jpeg","source_url":"https:\/\/www.wallendorff.com\/belogue\/wp-content\/uploads\/2015\/10\/20151016-20-220x220.jpg"},"thumbnail":{"file":"20151016-20-188x188.jpg","width":188,"height":188,"mime_type":"image\/jpeg","source_url":"https:\/\/www.wallendorff.com\/belogue\/wp-content\/uploads\/2015\/10\/20151016-20-188x188.jpg"},"medium":{"file":"20151016-20-200x300.jpg","width":200,"height":300,"mime_type":"image\/jpeg","source_url":"https:\/\/www.wallendorff.com\/belogue\/wp-content\/uploads\/2015\/10\/20151016-20-200x300.jpg"},"blog":{"file":"20151016-20-233x350.jpg","width":233,"height":350,"mime_type":"image\/jpeg","source_url":"https:\/\/www.wallendorff.com\/belogue\/wp-content\/uploads\/2015\/10\/20151016-20-233x350.jpg"},"full":{"file":"20151016-20.jpg","width":533,"height":800,"mime_type":"image\/jpeg","source_url":"https:\/\/www.wallendorff.com\/belogue\/wp-content\/uploads\/2015\/10\/20151016-20.jpg"}},"image_meta":{"aperture":"2.8","credit":"L. Wallendorff","camera":"Canon EOS 6D","caption":"Arman M\u00e9li\u00e8s @ MaMA Event, Th\u00e9\u00e2tre de l'Atalante, Paris, 15\/10\/2015","created_timestamp":"1444947299","copyright":"L. Wallendorff - www.wallendorff.com","focal_length":"35","iso":"6400","shutter_speed":"0.033333333333333","title":"Arman M\u00e9li\u00e8s @ MaMA Event, Th\u00e9\u00e2tre de l'Atalante, Paris, 15\/10\/2015","orientation":"1","keywords":["2015","75018","Arman M\u00e9li\u00e8s","France","MaMA Event","MaMA Event 2015","Paris","Th\u00e9\u00e2tre de l'Atalante","alive","festival","place Charles-Dullin","\u00cele-de-France"]}},"post":29457,"source_url":"https:\/\/www.wallendorff.com\/belogue\/wp-content\/uploads\/2015\/10\/20151016-20.jpg","_links":{"self":[{"href":"https:\/\/www.wallendorff.com\/belogue\/wp-json\/wp\/v2\/media\/29477","targetHints":{"allow":["GET"]}}],"collection":[{"href":"https:\/\/www.wallendorff.com\/belogue\/wp-json\/wp\/v2\/media"}],"about":[{"href":"https:\/\/www.wallendorff.com\/belogue\/wp-json\/wp\/v2\/types\/attachment"}],"author":[{"embeddable":true,"href":"https:\/\/www.wallendorff.com\/belogue\/wp-json\/wp\/v2\/users\/1"}],"replies":[{"embeddable":true,"href":"https:\/\/www.wallendorff.com\/belogue\/wp-json\/wp\/v2\/comments?post=29477"}],"wp:attached-to":[{"embeddable":true,"post_type":"post","id":29457,"href":"https:\/\/www.wallendorff.com\/belogue\/wp-json\/wp\/v2\/posts\/29457"}],"curies":[{"name":"wp","href":"https:\/\/api.w.org\/{rel}","templated":true}]}}

Arman Méliès @ MaMA Event, Théâtre de l&rsquo;Atalante, Paris, 15/10/2015

<p>Arman Méliès @ MaMA Event, Théâtre de l&rsquo;Atalante, Paris, 15/10/2015</p>

Arman Méliès @ MaMA Event, Théâtre de l'Atalante, Paris, 15/10/2015

Arman Méliès

Théâtre de l'Atalante

Île-de-France
