{"id":28698,"date":"2015-08-06T12:14:05","date_gmt":"2015-08-06T10:14:05","guid":{"rendered":"http:\/\/www.wallendorff.com\/belogue\/wp-content\/uploads\/2015\/08\/20150806-49.jpg"},"modified":"2015-08-06T12:14:05","modified_gmt":"2015-08-06T10:14:05","slug":"blond-and-blond-and-blond-paleo-festival-nyon-26072015-6","status":"inherit","type":"attachment","link":"https:\/\/www.wallendorff.com\/belogue\/2015\/08\/06\/paleo-festival-2015-jours-6-et-7\/blond-and-blond-and-blond-paleo-festival-nyon-26072015-6\/","title":{"rendered":"Bl\u00f8nd and Bl\u00f6nd and Bl\u00f3nd @ Pal\u00e9o Festival, Nyon, 26\/07\/2015"},"author":1,"featured_media":0,"comment_status":"open","ping_status":"open","template":"","meta":{"_acf_changed":false,"ngg_post_thumbnail":0,"jetpack_post_was_ever_published":false},"class_list":["post-28698","attachment","type-attachment","status-inherit","hentry"],"acf":[],"jetpack_shortlink":"https:\/\/wp.me\/a3b35P-7sS","jetpack_sharing_enabled":true,"description":{"rendered":"<p class=\"attachment\"><a href='https:\/\/www.wallendorff.com\/belogue\/wp-content\/uploads\/2015\/08\/20150806-49.jpg'><img fetchpriority=\"high\" decoding=\"async\" width=\"300\" height=\"200\" src=\"https:\/\/www.wallendorff.com\/belogue\/wp-content\/uploads\/2015\/08\/20150806-49-300x200.jpg\" class=\"attachment-medium size-medium\" alt=\"\" srcset=\"https:\/\/www.wallendorff.com\/belogue\/wp-content\/uploads\/2015\/08\/20150806-49-300x200.jpg 300w, https:\/\/www.wallendorff.com\/belogue\/wp-content\/uploads\/2015\/08\/20150806-49-525x350.jpg 525w, https:\/\/www.wallendorff.com\/belogue\/wp-content\/uploads\/2015\/08\/20150806-49-600x400.jpg 600w, https:\/\/www.wallendorff.com\/belogue\/wp-content\/uploads\/2015\/08\/20150806-49.jpg 800w\" sizes=\"(max-width: 300px) 100vw, 300px\" \/><\/a><\/p>\n"},"caption":{"rendered":"<p>Bl\u00f8nd and Bl\u00f6nd and Bl\u00f3nd @ Pal\u00e9o Festival, Nyon, 26\/07\/2015<\/p>\n"},"alt_text":"","media_type":"image","mime_type":"image\/jpeg","media_details":{"width":800,"height":533,"file":"2015\/08\/20150806-49.jpg","filesize":159460,"sizes":{"woocommerce_thumbnail":{"file":"20150806-49-550x533.jpg","width":550,"height":533,"filesize":45643,"uncropped":false,"mime_type":"image\/jpeg","source_url":"https:\/\/www.wallendorff.com\/belogue\/wp-content\/uploads\/2015\/08\/20150806-49-550x533.jpg"},"woocommerce_gallery_thumbnail":{"file":"20150806-49-220x220.jpg","width":220,"height":220,"filesize":10418,"mime_type":"image\/jpeg","source_url":"https:\/\/www.wallendorff.com\/belogue\/wp-content\/uploads\/2015\/08\/20150806-49-220x220.jpg"},"thumbnail":{"file":"20150806-49-188x188.jpg","width":188,"height":188,"mime_type":"image\/jpeg","source_url":"https:\/\/www.wallendorff.com\/belogue\/wp-content\/uploads\/2015\/08\/20150806-49-188x188.jpg"},"medium":{"file":"20150806-49-300x200.jpg","width":300,"height":200,"mime_type":"image\/jpeg","source_url":"https:\/\/www.wallendorff.com\/belogue\/wp-content\/uploads\/2015\/08\/20150806-49-300x200.jpg"},"blog":{"file":"20150806-49-525x350.jpg","width":525,"height":350,"mime_type":"image\/jpeg","source_url":"https:\/\/www.wallendorff.com\/belogue\/wp-content\/uploads\/2015\/08\/20150806-49-525x350.jpg"},"600x99999":{"file":"20150806-49-600x533.jpg","width":600,"height":533,"mime_type":"image\/jpeg","source_url":"https:\/\/www.wallendorff.com\/belogue\/wp-content\/uploads\/2015\/08\/20150806-49-600x533.jpg"},"600x0":{"file":"20150806-49-600x400.jpg","width":600,"height":400,"filesize":34013,"mime_type":"image\/jpeg","source_url":"https:\/\/www.wallendorff.com\/belogue\/wp-content\/uploads\/2015\/08\/20150806-49-600x400.jpg"},"full":{"file":"20150806-49.jpg","width":800,"height":533,"mime_type":"image\/jpeg","source_url":"https:\/\/www.wallendorff.com\/belogue\/wp-content\/uploads\/2015\/08\/20150806-49.jpg"}},"image_meta":{"aperture":"3.2","credit":"L. Wallendorff","camera":"Canon EOS 5D Mark III","caption":"Bl\u00f8nd and Bl\u00f6nd and Bl\u00f3nd @ Pal\u00e9o Festival, Nyon, 26\/07\/2015","created_timestamp":"1437940767","copyright":"L. Wallendorff - www.wallendorff.com","focal_length":"105","iso":"640","shutter_speed":"0.004","title":"Bl\u00f8nd and Bl\u00f6nd and Bl\u00f3nd @ Pal\u00e9o Festival, Nyon, 26\/07\/2015","orientation":"1","keywords":["2015","Bl\u00f8nd and Bl\u00f6nd and Bl\u00f3nd","Nyon","Pal\u00e9o Festival","Pal\u00e9o Festival 2015","Suisse","Tr\u00e9lex","alive","canton de Vaud","district de Nyon","festival","plaine de l'Asse"]}},"post":28648,"source_url":"https:\/\/www.wallendorff.com\/belogue\/wp-content\/uploads\/2015\/08\/20150806-49.jpg","_links":{"self":[{"href":"https:\/\/www.wallendorff.com\/belogue\/wp-json\/wp\/v2\/media\/28698","targetHints":{"allow":["GET"]}}],"collection":[{"href":"https:\/\/www.wallendorff.com\/belogue\/wp-json\/wp\/v2\/media"}],"about":[{"href":"https:\/\/www.wallendorff.com\/belogue\/wp-json\/wp\/v2\/types\/attachment"}],"author":[{"embeddable":true,"href":"https:\/\/www.wallendorff.com\/belogue\/wp-json\/wp\/v2\/users\/1"}],"replies":[{"embeddable":true,"href":"https:\/\/www.wallendorff.com\/belogue\/wp-json\/wp\/v2\/comments?post=28698"}],"wp:attached-to":[{"embeddable":true,"post_type":"post","id":28648,"href":"https:\/\/www.wallendorff.com\/belogue\/wp-json\/wp\/v2\/posts\/28648"}],"curies":[{"name":"wp","href":"https:\/\/api.w.org\/{rel}","templated":true}]}}

Blønd and Blönd and Blónd @ Paléo Festival, Nyon, 26/07/2015

<p>Blønd and Blönd and Blónd @ Paléo Festival, Nyon, 26/07/2015</p>

Blønd and Blönd and Blónd

Paléo Festival

Paléo Festival 2015

Trélex
