{"id":28671,"date":"2015-08-06T12:12:40","date_gmt":"2015-08-06T10:12:40","guid":{"rendered":"http:\/\/www.wallendorff.com\/belogue\/wp-content\/uploads\/2015\/08\/20150806-22.jpg"},"modified":"2015-08-06T12:12:40","modified_gmt":"2015-08-06T10:12:40","slug":"charlie-winston-paleo-festival-nyon-25072015v","status":"inherit","type":"attachment","link":"https:\/\/www.wallendorff.com\/belogue\/2015\/08\/06\/paleo-festival-2015-jours-6-et-7\/charlie-winston-paleo-festival-nyon-25072015v\/","title":{"rendered":"Charlie Winston @ Pal\u00e9o Festival, Nyon, 25\/07\/2015v"},"author":1,"featured_media":0,"comment_status":"open","ping_status":"open","template":"","meta":{"_acf_changed":false,"ngg_post_thumbnail":0,"jetpack_post_was_ever_published":false},"class_list":["post-28671","attachment","type-attachment","status-inherit","hentry"],"acf":[],"jetpack_shortlink":"https:\/\/wp.me\/a3b35P-7sr","jetpack_sharing_enabled":true,"description":{"rendered":"<p class=\"attachment\"><a href='https:\/\/www.wallendorff.com\/belogue\/wp-content\/uploads\/2015\/08\/20150806-22.jpg'><img fetchpriority=\"high\" decoding=\"async\" width=\"200\" height=\"300\" src=\"https:\/\/www.wallendorff.com\/belogue\/wp-content\/uploads\/2015\/08\/20150806-22-200x300.jpg\" class=\"attachment-medium size-medium\" alt=\"\" srcset=\"https:\/\/www.wallendorff.com\/belogue\/wp-content\/uploads\/2015\/08\/20150806-22-200x300.jpg 200w, https:\/\/www.wallendorff.com\/belogue\/wp-content\/uploads\/2015\/08\/20150806-22-233x350.jpg 233w, https:\/\/www.wallendorff.com\/belogue\/wp-content\/uploads\/2015\/08\/20150806-22.jpg 533w\" sizes=\"(max-width: 200px) 100vw, 200px\" \/><\/a><\/p>\n"},"caption":{"rendered":"<p>Charlie Winston @ Pal\u00e9o Festival, Nyon, 25\/07\/2015<\/p>\n"},"alt_text":"","media_type":"image","mime_type":"image\/jpeg","media_details":{"width":533,"height":800,"file":"2015\/08\/20150806-22.jpg","filesize":139410,"sizes":{"woocommerce_thumbnail":{"file":"20150806-22-533x550.jpg","width":533,"height":550,"filesize":36153,"uncropped":false,"mime_type":"image\/jpeg","source_url":"https:\/\/www.wallendorff.com\/belogue\/wp-content\/uploads\/2015\/08\/20150806-22-533x550.jpg"},"woocommerce_gallery_thumbnail":{"file":"20150806-22-220x220.jpg","width":220,"height":220,"filesize":8360,"mime_type":"image\/jpeg","source_url":"https:\/\/www.wallendorff.com\/belogue\/wp-content\/uploads\/2015\/08\/20150806-22-220x220.jpg"},"thumbnail":{"file":"20150806-22-188x188.jpg","width":188,"height":188,"mime_type":"image\/jpeg","source_url":"https:\/\/www.wallendorff.com\/belogue\/wp-content\/uploads\/2015\/08\/20150806-22-188x188.jpg"},"medium":{"file":"20150806-22-200x300.jpg","width":200,"height":300,"mime_type":"image\/jpeg","source_url":"https:\/\/www.wallendorff.com\/belogue\/wp-content\/uploads\/2015\/08\/20150806-22-200x300.jpg"},"blog":{"file":"20150806-22-233x350.jpg","width":233,"height":350,"mime_type":"image\/jpeg","source_url":"https:\/\/www.wallendorff.com\/belogue\/wp-content\/uploads\/2015\/08\/20150806-22-233x350.jpg"},"full":{"file":"20150806-22.jpg","width":533,"height":800,"mime_type":"image\/jpeg","source_url":"https:\/\/www.wallendorff.com\/belogue\/wp-content\/uploads\/2015\/08\/20150806-22.jpg"}},"image_meta":{"aperture":"2.8","credit":"L. Wallendorff","camera":"Canon EOS 6D","caption":"Charlie Winston @ Pal\u00e9o Festival, Nyon, 25\/07\/2015","created_timestamp":"1437869989","copyright":"L. Wallendorff - www.wallendorff.com","focal_length":"32","iso":"6400","shutter_speed":"0.01","title":"Charlie Winston @ Pal\u00e9o Festival, Nyon, 25\/07\/2015v","orientation":"1","keywords":["2015","Charlie Winston","Nyon","Pal\u00e9o Festival","Pal\u00e9o Festival 2015","Suisse","Tr\u00e9lex","alive","canton de Vaud","district de Nyon","festival","plaine de l'Asse"]}},"post":28648,"source_url":"https:\/\/www.wallendorff.com\/belogue\/wp-content\/uploads\/2015\/08\/20150806-22.jpg","_links":{"self":[{"href":"https:\/\/www.wallendorff.com\/belogue\/wp-json\/wp\/v2\/media\/28671","targetHints":{"allow":["GET"]}}],"collection":[{"href":"https:\/\/www.wallendorff.com\/belogue\/wp-json\/wp\/v2\/media"}],"about":[{"href":"https:\/\/www.wallendorff.com\/belogue\/wp-json\/wp\/v2\/types\/attachment"}],"author":[{"embeddable":true,"href":"https:\/\/www.wallendorff.com\/belogue\/wp-json\/wp\/v2\/users\/1"}],"replies":[{"embeddable":true,"href":"https:\/\/www.wallendorff.com\/belogue\/wp-json\/wp\/v2\/comments?post=28671"}],"wp:attached-to":[{"embeddable":true,"post_type":"post","id":28648,"href":"https:\/\/www.wallendorff.com\/belogue\/wp-json\/wp\/v2\/posts\/28648"}],"curies":[{"name":"wp","href":"https:\/\/api.w.org\/{rel}","templated":true}]}}

Charlie Winston @ Paléo Festival, Nyon, 25/07/2015v

<p>Charlie Winston @ Paléo Festival, Nyon, 25/07/2015</p>

Charlie Winston @ Paléo Festival, Nyon, 25/07/2015

Paléo Festival

Paléo Festival 2015

Trélex
