{"id":28567,"date":"2015-08-05T11:40:17","date_gmt":"2015-08-05T09:40:17","guid":{"rendered":"http:\/\/www.wallendorff.com\/belogue\/wp-content\/uploads\/2015\/08\/20150804-01.jpg"},"modified":"2015-08-05T11:40:17","modified_gmt":"2015-08-05T09:40:17","slug":"veronique-sanson-paleo-festival-nyon-24072015","status":"inherit","type":"attachment","link":"https:\/\/www.wallendorff.com\/belogue\/2015\/08\/05\/paleo-festival-2015-jour-5\/veronique-sanson-paleo-festival-nyon-24072015\/","title":{"rendered":"V\u00e9ronique Sanson @ Pal\u00e9o Festival, Nyon, 24\/07\/2015"},"author":1,"featured_media":0,"comment_status":"open","ping_status":"open","template":"","meta":{"_acf_changed":false,"ngg_post_thumbnail":0,"jetpack_post_was_ever_published":false},"class_list":["post-28567","attachment","type-attachment","status-inherit","hentry"],"acf":[],"jetpack_shortlink":"https:\/\/wp.me\/a3b35P-7qL","jetpack_sharing_enabled":true,"description":{"rendered":"<p class=\"attachment\"><a href='https:\/\/www.wallendorff.com\/belogue\/wp-content\/uploads\/2015\/08\/20150804-01.jpg'><img fetchpriority=\"high\" decoding=\"async\" width=\"300\" height=\"200\" src=\"https:\/\/www.wallendorff.com\/belogue\/wp-content\/uploads\/2015\/08\/20150804-01-300x200.jpg\" class=\"attachment-medium size-medium\" alt=\"\" srcset=\"https:\/\/www.wallendorff.com\/belogue\/wp-content\/uploads\/2015\/08\/20150804-01-300x200.jpg 300w, https:\/\/www.wallendorff.com\/belogue\/wp-content\/uploads\/2015\/08\/20150804-01-525x350.jpg 525w, https:\/\/www.wallendorff.com\/belogue\/wp-content\/uploads\/2015\/08\/20150804-01-600x400.jpg 600w, https:\/\/www.wallendorff.com\/belogue\/wp-content\/uploads\/2015\/08\/20150804-01.jpg 800w\" sizes=\"(max-width: 300px) 100vw, 300px\" \/><\/a><\/p>\n"},"caption":{"rendered":"<p>V\u00e9ronique Sanson @ Pal\u00e9o Festival, Nyon, 24\/07\/2015<\/p>\n"},"alt_text":"","media_type":"image","mime_type":"image\/jpeg","media_details":{"width":800,"height":533,"file":"2015\/08\/20150804-01.jpg","filesize":119494,"sizes":{"woocommerce_thumbnail":{"file":"20150804-01-300x300.jpg","width":300,"height":300,"filesize":15552,"uncropped":false,"mime_type":"image\/jpeg","source_url":"https:\/\/www.wallendorff.com\/belogue\/wp-content\/uploads\/2015\/08\/20150804-01-300x300.jpg"},"woocommerce_gallery_thumbnail":{"file":"20150804-01-220x220.jpg","width":220,"height":220,"filesize":10162,"mime_type":"image\/jpeg","source_url":"https:\/\/www.wallendorff.com\/belogue\/wp-content\/uploads\/2015\/08\/20150804-01-220x220.jpg"},"thumbnail":{"file":"20150804-01-188x188.jpg","width":188,"height":188,"mime_type":"image\/jpeg","source_url":"https:\/\/www.wallendorff.com\/belogue\/wp-content\/uploads\/2015\/08\/20150804-01-188x188.jpg"},"medium":{"file":"20150804-01-300x200.jpg","width":300,"height":200,"mime_type":"image\/jpeg","source_url":"https:\/\/www.wallendorff.com\/belogue\/wp-content\/uploads\/2015\/08\/20150804-01-300x200.jpg"},"blog":{"file":"20150804-01-525x350.jpg","width":525,"height":350,"mime_type":"image\/jpeg","source_url":"https:\/\/www.wallendorff.com\/belogue\/wp-content\/uploads\/2015\/08\/20150804-01-525x350.jpg"},"600x99999":{"file":"20150804-01-600x533.jpg","width":600,"height":533,"mime_type":"image\/jpeg","source_url":"https:\/\/www.wallendorff.com\/belogue\/wp-content\/uploads\/2015\/08\/20150804-01-600x533.jpg"},"600x0":{"file":"20150804-01-600x400.jpg","width":600,"height":400,"filesize":36093,"mime_type":"image\/jpeg","source_url":"https:\/\/www.wallendorff.com\/belogue\/wp-content\/uploads\/2015\/08\/20150804-01-600x400.jpg"},"full":{"file":"20150804-01.jpg","width":800,"height":533,"mime_type":"image\/jpeg","source_url":"https:\/\/www.wallendorff.com\/belogue\/wp-content\/uploads\/2015\/08\/20150804-01.jpg"}},"image_meta":{"aperture":"3.2","credit":"L. Wallendorff","camera":"Canon EOS 5D Mark III","caption":"V\u00e9ronique Sanson @ Pal\u00e9o Festival, Nyon, 24\/07\/2015","created_timestamp":"1437765243","copyright":"L. Wallendorff - www.wallendorff.com","focal_length":"70","iso":"100","shutter_speed":"0.004","title":"V\u00e9ronique Sanson @ Pal\u00e9o Festival, Nyon, 24\/07\/2015","orientation":"1","keywords":["2015","Nyon","Pal\u00e9o Festival","Pal\u00e9o Festival 2015","Suisse","Tr\u00e9lex","V\u00e9ronique Sanson","alive","canton de Vaud","district de Nyon","festival","plaine de l'Asse"]}},"post":28565,"source_url":"https:\/\/www.wallendorff.com\/belogue\/wp-content\/uploads\/2015\/08\/20150804-01.jpg","_links":{"self":[{"href":"https:\/\/www.wallendorff.com\/belogue\/wp-json\/wp\/v2\/media\/28567","targetHints":{"allow":["GET"]}}],"collection":[{"href":"https:\/\/www.wallendorff.com\/belogue\/wp-json\/wp\/v2\/media"}],"about":[{"href":"https:\/\/www.wallendorff.com\/belogue\/wp-json\/wp\/v2\/types\/attachment"}],"author":[{"embeddable":true,"href":"https:\/\/www.wallendorff.com\/belogue\/wp-json\/wp\/v2\/users\/1"}],"replies":[{"embeddable":true,"href":"https:\/\/www.wallendorff.com\/belogue\/wp-json\/wp\/v2\/comments?post=28567"}],"wp:attached-to":[{"embeddable":true,"post_type":"post","id":28565,"href":"https:\/\/www.wallendorff.com\/belogue\/wp-json\/wp\/v2\/posts\/28565"}],"curies":[{"name":"wp","href":"https:\/\/api.w.org\/{rel}","templated":true}]}}

Véronique Sanson @ Paléo Festival, Nyon, 24/07/2015

<p>Véronique Sanson @ Paléo Festival, Nyon, 24/07/2015</p>

Paléo Festival

Paléo Festival 2015

Trélex

Véronique Sanson
