{"id":28359,"date":"2015-07-30T11:24:02","date_gmt":"2015-07-30T09:24:02","guid":{"rendered":"http:\/\/www.wallendorff.com\/belogue\/wp-content\/uploads\/2015\/07\/20150730-11.jpg"},"modified":"2015-07-30T11:24:02","modified_gmt":"2015-07-30T09:24:02","slug":"arno-europeen-peace-collectif-paleo-festival-nyon-21072015-2","status":"inherit","type":"attachment","link":"https:\/\/www.wallendorff.com\/belogue\/2015\/07\/30\/paleo-festival-2015-jour-2\/arno-europeen-peace-collectif-paleo-festival-nyon-21072015-2\/","title":{"rendered":"Arno \u00ab Europ\u00e9en Peace Collectif \u00bb @ Pal\u00e9o Festival, Nyon, 21\/07\/2015"},"author":1,"featured_media":0,"comment_status":"open","ping_status":"open","template":"","meta":{"_acf_changed":false,"ngg_post_thumbnail":0,"jetpack_post_was_ever_published":false},"class_list":["post-28359","attachment","type-attachment","status-inherit","hentry"],"acf":[],"jetpack_shortlink":"https:\/\/wp.me\/a3b35P-7np","jetpack_sharing_enabled":true,"description":{"rendered":"<p class=\"attachment\"><a href='https:\/\/www.wallendorff.com\/belogue\/wp-content\/uploads\/2015\/07\/20150730-11.jpg'><img fetchpriority=\"high\" decoding=\"async\" width=\"200\" height=\"300\" src=\"https:\/\/www.wallendorff.com\/belogue\/wp-content\/uploads\/2015\/07\/20150730-11-200x300.jpg\" class=\"attachment-medium size-medium\" alt=\"\" srcset=\"https:\/\/www.wallendorff.com\/belogue\/wp-content\/uploads\/2015\/07\/20150730-11-200x300.jpg 200w, https:\/\/www.wallendorff.com\/belogue\/wp-content\/uploads\/2015\/07\/20150730-11-233x350.jpg 233w, https:\/\/www.wallendorff.com\/belogue\/wp-content\/uploads\/2015\/07\/20150730-11.jpg 533w\" sizes=\"(max-width: 200px) 100vw, 200px\" \/><\/a><\/p>\n"},"caption":{"rendered":"<p>Arno \u00ab Europ\u00e9en Peace Collectif \u00bb @ Pal\u00e9o Festival, Nyon, 21\/07\/2015<\/p>\n"},"alt_text":"","media_type":"image","mime_type":"image\/jpeg","media_details":{"width":533,"height":800,"file":"2015\/07\/20150730-11.jpg","filesize":111930,"sizes":{"woocommerce_thumbnail":{"file":"20150730-11-533x550.jpg","width":533,"height":550,"filesize":33950,"uncropped":false,"mime_type":"image\/jpeg","source_url":"https:\/\/www.wallendorff.com\/belogue\/wp-content\/uploads\/2015\/07\/20150730-11-533x550.jpg"},"woocommerce_gallery_thumbnail":{"file":"20150730-11-220x220.jpg","width":220,"height":220,"filesize":8569,"mime_type":"image\/jpeg","source_url":"https:\/\/www.wallendorff.com\/belogue\/wp-content\/uploads\/2015\/07\/20150730-11-220x220.jpg"},"thumbnail":{"file":"20150730-11-188x188.jpg","width":188,"height":188,"mime_type":"image\/jpeg","source_url":"https:\/\/www.wallendorff.com\/belogue\/wp-content\/uploads\/2015\/07\/20150730-11-188x188.jpg"},"medium":{"file":"20150730-11-200x300.jpg","width":200,"height":300,"mime_type":"image\/jpeg","source_url":"https:\/\/www.wallendorff.com\/belogue\/wp-content\/uploads\/2015\/07\/20150730-11-200x300.jpg"},"blog":{"file":"20150730-11-233x350.jpg","width":233,"height":350,"mime_type":"image\/jpeg","source_url":"https:\/\/www.wallendorff.com\/belogue\/wp-content\/uploads\/2015\/07\/20150730-11-233x350.jpg"},"full":{"file":"20150730-11.jpg","width":533,"height":800,"mime_type":"image\/jpeg","source_url":"https:\/\/www.wallendorff.com\/belogue\/wp-content\/uploads\/2015\/07\/20150730-11.jpg"}},"image_meta":{"aperture":"5.6","credit":"L. Wallendorff","camera":"Canon EOS 5D Mark III","caption":"Arno \u00ab Europ\u00e9en Peace Collectif \u00bb @ Pal\u00e9o Festival, Nyon, 21\/07\/2015","created_timestamp":"1437504720","copyright":"L. Wallendorff - www.wallendorff.com","focal_length":"120","iso":"100","shutter_speed":"0.004","title":"Arno \u00ab Europ\u00e9en Peace Collectif \u00bb @ Pal\u00e9o Festival, Nyon, 21\/07\/2015","orientation":"1","keywords":["2015","Arno","Arno \u00ab Europ\u00e9en Peace Collectif \u00bb","Nyon","Pal\u00e9o Festival","Pal\u00e9o Festival 2015","Suisse","Tr\u00e9lex","alive","canton de Vaud","district de Nyon","festival","plaine de l'Asse"]}},"post":28346,"source_url":"https:\/\/www.wallendorff.com\/belogue\/wp-content\/uploads\/2015\/07\/20150730-11.jpg","_links":{"self":[{"href":"https:\/\/www.wallendorff.com\/belogue\/wp-json\/wp\/v2\/media\/28359","targetHints":{"allow":["GET"]}}],"collection":[{"href":"https:\/\/www.wallendorff.com\/belogue\/wp-json\/wp\/v2\/media"}],"about":[{"href":"https:\/\/www.wallendorff.com\/belogue\/wp-json\/wp\/v2\/types\/attachment"}],"author":[{"embeddable":true,"href":"https:\/\/www.wallendorff.com\/belogue\/wp-json\/wp\/v2\/users\/1"}],"replies":[{"embeddable":true,"href":"https:\/\/www.wallendorff.com\/belogue\/wp-json\/wp\/v2\/comments?post=28359"}],"wp:attached-to":[{"embeddable":true,"post_type":"post","id":28346,"href":"https:\/\/www.wallendorff.com\/belogue\/wp-json\/wp\/v2\/posts\/28346"}],"curies":[{"name":"wp","href":"https:\/\/api.w.org\/{rel}","templated":true}]}}

Arno « Européen Peace Collectif » @ Paléo Festival, Nyon, 21/07/2015

<p>Arno « Européen Peace Collectif » @ Paléo Festival, Nyon, 21/07/2015</p>

Arno « Européen Peace Collectif »

Paléo Festival

Paléo Festival 2015

Trélex
