{"id":27852,"date":"2015-06-26T14:22:25","date_gmt":"2015-06-26T12:22:25","guid":{"rendered":"http:\/\/www.wallendorff.com\/belogue\/wp-content\/uploads\/2015\/06\/20150626-19.jpg"},"modified":"2015-06-26T14:22:25","modified_gmt":"2015-06-26T12:22:25","slug":"les-innocents-oui-fm-festival-paris-25062015-9","status":"inherit","type":"attachment","link":"https:\/\/www.wallendorff.com\/belogue\/2015\/06\/26\/oui-fm-festival-jour-3\/les-innocents-oui-fm-festival-paris-25062015-9\/","title":{"rendered":"Les Innocents @ O\u00fci FM Festival, Paris, 25\/06\/2015"},"author":1,"featured_media":0,"comment_status":"open","ping_status":"open","template":"","meta":{"_acf_changed":false,"ngg_post_thumbnail":0,"jetpack_post_was_ever_published":false},"class_list":["post-27852","attachment","type-attachment","status-inherit","hentry"],"acf":[],"jetpack_shortlink":"https:\/\/wp.me\/a3b35P-7fe","jetpack_sharing_enabled":true,"description":{"rendered":"<p class=\"attachment\"><a href='https:\/\/www.wallendorff.com\/belogue\/wp-content\/uploads\/2015\/06\/20150626-19.jpg'><img fetchpriority=\"high\" decoding=\"async\" width=\"300\" height=\"200\" src=\"https:\/\/www.wallendorff.com\/belogue\/wp-content\/uploads\/2015\/06\/20150626-19-300x200.jpg\" class=\"attachment-medium size-medium\" alt=\"\" srcset=\"https:\/\/www.wallendorff.com\/belogue\/wp-content\/uploads\/2015\/06\/20150626-19-300x200.jpg 300w, https:\/\/www.wallendorff.com\/belogue\/wp-content\/uploads\/2015\/06\/20150626-19-525x350.jpg 525w, https:\/\/www.wallendorff.com\/belogue\/wp-content\/uploads\/2015\/06\/20150626-19-600x400.jpg 600w, https:\/\/www.wallendorff.com\/belogue\/wp-content\/uploads\/2015\/06\/20150626-19.jpg 800w\" sizes=\"(max-width: 300px) 100vw, 300px\" \/><\/a><\/p>\n"},"caption":{"rendered":"<p>Les Innocents @ O\u00fci FM Festival, Paris, 25\/06\/2015<\/p>\n"},"alt_text":"","media_type":"image","mime_type":"image\/jpeg","media_details":{"width":800,"height":533,"file":"2015\/06\/20150626-19.jpg","filesize":159171,"sizes":{"woocommerce_thumbnail":{"file":"20150626-19-550x533.jpg","width":550,"height":533,"filesize":52319,"uncropped":false,"mime_type":"image\/jpeg","source_url":"https:\/\/www.wallendorff.com\/belogue\/wp-content\/uploads\/2015\/06\/20150626-19-550x533.jpg"},"woocommerce_gallery_thumbnail":{"file":"20150626-19-220x220.jpg","width":220,"height":220,"filesize":12894,"mime_type":"image\/jpeg","source_url":"https:\/\/www.wallendorff.com\/belogue\/wp-content\/uploads\/2015\/06\/20150626-19-220x220.jpg"},"thumbnail":{"file":"20150626-19-188x188.jpg","width":188,"height":188,"mime_type":"image\/jpeg","source_url":"https:\/\/www.wallendorff.com\/belogue\/wp-content\/uploads\/2015\/06\/20150626-19-188x188.jpg"},"medium":{"file":"20150626-19-300x200.jpg","width":300,"height":200,"mime_type":"image\/jpeg","source_url":"https:\/\/www.wallendorff.com\/belogue\/wp-content\/uploads\/2015\/06\/20150626-19-300x200.jpg"},"blog":{"file":"20150626-19-525x350.jpg","width":525,"height":350,"mime_type":"image\/jpeg","source_url":"https:\/\/www.wallendorff.com\/belogue\/wp-content\/uploads\/2015\/06\/20150626-19-525x350.jpg"},"600x99999":{"file":"20150626-19-600x533.jpg","width":600,"height":533,"mime_type":"image\/jpeg","source_url":"https:\/\/www.wallendorff.com\/belogue\/wp-content\/uploads\/2015\/06\/20150626-19-600x533.jpg"},"600x0":{"file":"20150626-19-600x400.jpg","width":600,"height":400,"filesize":39292,"mime_type":"image\/jpeg","source_url":"https:\/\/www.wallendorff.com\/belogue\/wp-content\/uploads\/2015\/06\/20150626-19-600x400.jpg"},"full":{"file":"20150626-19.jpg","width":800,"height":533,"mime_type":"image\/jpeg","source_url":"https:\/\/www.wallendorff.com\/belogue\/wp-content\/uploads\/2015\/06\/20150626-19.jpg"}},"image_meta":{"aperture":"2.8","credit":"L. Wallendorff","camera":"Canon EOS 5D Mark III","caption":"Les Innocents @ O\u00fci FM Festival, Paris, 25\/06\/2015","created_timestamp":"1435266723","copyright":"L. Wallendorff - www.wallendorff.com","focal_length":"155","iso":"200","shutter_speed":"0.004","title":"Les Innocents @ O\u00fci FM Festival, Paris, 25\/06\/2015","orientation":"1","keywords":["2015","75003","75010","75011","France","Les Innocents","O\u00fci FM Festival","O\u00fci FM Festival 2015","Paris","alive","festival","place de la R\u00e9publique","\u00cele-de-France"]}},"post":27832,"source_url":"https:\/\/www.wallendorff.com\/belogue\/wp-content\/uploads\/2015\/06\/20150626-19.jpg","_links":{"self":[{"href":"https:\/\/www.wallendorff.com\/belogue\/wp-json\/wp\/v2\/media\/27852","targetHints":{"allow":["GET"]}}],"collection":[{"href":"https:\/\/www.wallendorff.com\/belogue\/wp-json\/wp\/v2\/media"}],"about":[{"href":"https:\/\/www.wallendorff.com\/belogue\/wp-json\/wp\/v2\/types\/attachment"}],"author":[{"embeddable":true,"href":"https:\/\/www.wallendorff.com\/belogue\/wp-json\/wp\/v2\/users\/1"}],"replies":[{"embeddable":true,"href":"https:\/\/www.wallendorff.com\/belogue\/wp-json\/wp\/v2\/comments?post=27852"}],"wp:attached-to":[{"embeddable":true,"post_type":"post","id":27832,"href":"https:\/\/www.wallendorff.com\/belogue\/wp-json\/wp\/v2\/posts\/27832"}],"curies":[{"name":"wp","href":"https:\/\/api.w.org\/{rel}","templated":true}]}}

Les Innocents @ Oüi FM Festival, Paris, 25/06/2015

<p>Les Innocents @ Oüi FM Festival, Paris, 25/06/2015</p>

Oüi FM Festival

Oüi FM Festival 2015

place de la République

Île-de-France
