{"id":27813,"date":"2015-06-25T15:12:51","date_gmt":"2015-06-25T13:12:51","guid":{"rendered":"http:\/\/www.wallendorff.com\/belogue\/wp-content\/uploads\/2015\/06\/20150625-11.jpg"},"modified":"2015-06-25T15:12:51","modified_gmt":"2015-06-25T13:12:51","slug":"the-strypes-oui-fm-festival-paris-24062015-10","status":"inherit","type":"attachment","link":"https:\/\/www.wallendorff.com\/belogue\/2015\/06\/25\/oui-fm-festival-jour-2\/the-strypes-oui-fm-festival-paris-24062015-10\/","title":{"rendered":"The Strypes @ O\u00fci FM Festival, Paris, 24\/06\/2015"},"author":1,"featured_media":0,"comment_status":"open","ping_status":"open","template":"","meta":{"_acf_changed":false,"ngg_post_thumbnail":0,"jetpack_post_was_ever_published":false},"class_list":["post-27813","attachment","type-attachment","status-inherit","hentry"],"acf":[],"jetpack_shortlink":"https:\/\/wp.me\/a3b35P-7eB","jetpack_sharing_enabled":true,"description":{"rendered":"<p class=\"attachment\"><a href='https:\/\/www.wallendorff.com\/belogue\/wp-content\/uploads\/2015\/06\/20150625-11.jpg'><img fetchpriority=\"high\" decoding=\"async\" width=\"300\" height=\"200\" src=\"https:\/\/www.wallendorff.com\/belogue\/wp-content\/uploads\/2015\/06\/20150625-11-300x200.jpg\" class=\"attachment-medium size-medium\" alt=\"\" srcset=\"https:\/\/www.wallendorff.com\/belogue\/wp-content\/uploads\/2015\/06\/20150625-11-300x200.jpg 300w, https:\/\/www.wallendorff.com\/belogue\/wp-content\/uploads\/2015\/06\/20150625-11-525x350.jpg 525w, https:\/\/www.wallendorff.com\/belogue\/wp-content\/uploads\/2015\/06\/20150625-11-600x400.jpg 600w, https:\/\/www.wallendorff.com\/belogue\/wp-content\/uploads\/2015\/06\/20150625-11.jpg 800w\" sizes=\"(max-width: 300px) 100vw, 300px\" \/><\/a><\/p>\n"},"caption":{"rendered":"<p>The Strypes @ O\u00fci FM Festival, Paris, 24\/06\/2015<\/p>\n"},"alt_text":"","media_type":"image","mime_type":"image\/jpeg","media_details":{"width":800,"height":533,"file":"2015\/06\/20150625-11.jpg","filesize":135151,"sizes":{"woocommerce_thumbnail":{"file":"20150625-11-550x533.jpg","width":550,"height":533,"filesize":43714,"uncropped":false,"mime_type":"image\/jpeg","source_url":"https:\/\/www.wallendorff.com\/belogue\/wp-content\/uploads\/2015\/06\/20150625-11-550x533.jpg"},"woocommerce_gallery_thumbnail":{"file":"20150625-11-220x220.jpg","width":220,"height":220,"filesize":10935,"mime_type":"image\/jpeg","source_url":"https:\/\/www.wallendorff.com\/belogue\/wp-content\/uploads\/2015\/06\/20150625-11-220x220.jpg"},"thumbnail":{"file":"20150625-11-188x188.jpg","width":188,"height":188,"mime_type":"image\/jpeg","source_url":"https:\/\/www.wallendorff.com\/belogue\/wp-content\/uploads\/2015\/06\/20150625-11-188x188.jpg"},"medium":{"file":"20150625-11-300x200.jpg","width":300,"height":200,"mime_type":"image\/jpeg","source_url":"https:\/\/www.wallendorff.com\/belogue\/wp-content\/uploads\/2015\/06\/20150625-11-300x200.jpg"},"blog":{"file":"20150625-11-525x350.jpg","width":525,"height":350,"mime_type":"image\/jpeg","source_url":"https:\/\/www.wallendorff.com\/belogue\/wp-content\/uploads\/2015\/06\/20150625-11-525x350.jpg"},"600x99999":{"file":"20150625-11-600x533.jpg","width":600,"height":533,"mime_type":"image\/jpeg","source_url":"https:\/\/www.wallendorff.com\/belogue\/wp-content\/uploads\/2015\/06\/20150625-11-600x533.jpg"},"600x0":{"file":"20150625-11-600x400.jpg","width":600,"height":400,"filesize":32707,"mime_type":"image\/jpeg","source_url":"https:\/\/www.wallendorff.com\/belogue\/wp-content\/uploads\/2015\/06\/20150625-11-600x400.jpg"},"full":{"file":"20150625-11.jpg","width":800,"height":533,"mime_type":"image\/jpeg","source_url":"https:\/\/www.wallendorff.com\/belogue\/wp-content\/uploads\/2015\/06\/20150625-11.jpg"}},"image_meta":{"aperture":"2.8","credit":"L. Wallendorff","camera":"Canon EOS 5D Mark III","caption":"The Strypes @ O\u00fci FM Festival, Paris, 24\/06\/2015","created_timestamp":"1435179871","copyright":"L. Wallendorff - www.wallendorff.com","focal_length":"110","iso":"400","shutter_speed":"0.003125","title":"The Strypes @ O\u00fci FM Festival, Paris, 24\/06\/2015","orientation":"1","keywords":["2015","75003","75010","75011","France","O\u00fci FM Festival","O\u00fci FM Festival 2015","Paris","The Strypes","alive","festival","place de la R\u00e9publique","\u00cele-de-France"]}},"post":27800,"source_url":"https:\/\/www.wallendorff.com\/belogue\/wp-content\/uploads\/2015\/06\/20150625-11.jpg","_links":{"self":[{"href":"https:\/\/www.wallendorff.com\/belogue\/wp-json\/wp\/v2\/media\/27813","targetHints":{"allow":["GET"]}}],"collection":[{"href":"https:\/\/www.wallendorff.com\/belogue\/wp-json\/wp\/v2\/media"}],"about":[{"href":"https:\/\/www.wallendorff.com\/belogue\/wp-json\/wp\/v2\/types\/attachment"}],"author":[{"embeddable":true,"href":"https:\/\/www.wallendorff.com\/belogue\/wp-json\/wp\/v2\/users\/1"}],"replies":[{"embeddable":true,"href":"https:\/\/www.wallendorff.com\/belogue\/wp-json\/wp\/v2\/comments?post=27813"}],"wp:attached-to":[{"embeddable":true,"post_type":"post","id":27800,"href":"https:\/\/www.wallendorff.com\/belogue\/wp-json\/wp\/v2\/posts\/27800"}],"curies":[{"name":"wp","href":"https:\/\/api.w.org\/{rel}","templated":true}]}}

The Strypes @ Oüi FM Festival, Paris, 24/06/2015

<p>The Strypes @ Oüi FM Festival, Paris, 24/06/2015</p>

Oüi FM Festival

Oüi FM Festival 2015

place de la République

Île-de-France
