{"id":27812,"date":"2015-06-25T15:12:47","date_gmt":"2015-06-25T13:12:47","guid":{"rendered":"http:\/\/www.wallendorff.com\/belogue\/wp-content\/uploads\/2015\/06\/20150625-10.jpg"},"modified":"2015-06-25T15:12:47","modified_gmt":"2015-06-25T13:12:47","slug":"the-strypes-oui-fm-festival-paris-24062015-9","status":"inherit","type":"attachment","link":"https:\/\/www.wallendorff.com\/belogue\/2015\/06\/25\/oui-fm-festival-jour-2\/the-strypes-oui-fm-festival-paris-24062015-9\/","title":{"rendered":"The Strypes @ O\u00fci FM Festival, Paris, 24\/06\/2015"},"author":1,"featured_media":0,"comment_status":"open","ping_status":"open","template":"","meta":{"_acf_changed":false,"ngg_post_thumbnail":0,"jetpack_post_was_ever_published":false},"class_list":["post-27812","attachment","type-attachment","status-inherit","hentry"],"acf":[],"jetpack_shortlink":"https:\/\/wp.me\/a3b35P-7eA","jetpack_sharing_enabled":true,"description":{"rendered":"<p class=\"attachment\"><a href='https:\/\/www.wallendorff.com\/belogue\/wp-content\/uploads\/2015\/06\/20150625-10.jpg'><img fetchpriority=\"high\" decoding=\"async\" width=\"200\" height=\"300\" src=\"https:\/\/www.wallendorff.com\/belogue\/wp-content\/uploads\/2015\/06\/20150625-10-200x300.jpg\" class=\"attachment-medium size-medium\" alt=\"\" srcset=\"https:\/\/www.wallendorff.com\/belogue\/wp-content\/uploads\/2015\/06\/20150625-10-200x300.jpg 200w, https:\/\/www.wallendorff.com\/belogue\/wp-content\/uploads\/2015\/06\/20150625-10-233x350.jpg 233w, https:\/\/www.wallendorff.com\/belogue\/wp-content\/uploads\/2015\/06\/20150625-10.jpg 533w\" sizes=\"(max-width: 200px) 100vw, 200px\" \/><\/a><\/p>\n"},"caption":{"rendered":"<p>The Strypes @ O\u00fci FM Festival, Paris, 24\/06\/2015<\/p>\n"},"alt_text":"","media_type":"image","mime_type":"image\/jpeg","media_details":{"width":533,"height":800,"file":"2015\/06\/20150625-10.jpg","filesize":96367,"sizes":{"woocommerce_thumbnail":{"file":"20150625-10-533x550.jpg","width":533,"height":550,"filesize":30326,"uncropped":false,"mime_type":"image\/jpeg","source_url":"https:\/\/www.wallendorff.com\/belogue\/wp-content\/uploads\/2015\/06\/20150625-10-533x550.jpg"},"woocommerce_gallery_thumbnail":{"file":"20150625-10-220x220.jpg","width":220,"height":220,"filesize":7385,"mime_type":"image\/jpeg","source_url":"https:\/\/www.wallendorff.com\/belogue\/wp-content\/uploads\/2015\/06\/20150625-10-220x220.jpg"},"thumbnail":{"file":"20150625-10-188x188.jpg","width":188,"height":188,"mime_type":"image\/jpeg","source_url":"https:\/\/www.wallendorff.com\/belogue\/wp-content\/uploads\/2015\/06\/20150625-10-188x188.jpg"},"medium":{"file":"20150625-10-200x300.jpg","width":200,"height":300,"mime_type":"image\/jpeg","source_url":"https:\/\/www.wallendorff.com\/belogue\/wp-content\/uploads\/2015\/06\/20150625-10-200x300.jpg"},"blog":{"file":"20150625-10-233x350.jpg","width":233,"height":350,"mime_type":"image\/jpeg","source_url":"https:\/\/www.wallendorff.com\/belogue\/wp-content\/uploads\/2015\/06\/20150625-10-233x350.jpg"},"full":{"file":"20150625-10.jpg","width":533,"height":800,"mime_type":"image\/jpeg","source_url":"https:\/\/www.wallendorff.com\/belogue\/wp-content\/uploads\/2015\/06\/20150625-10.jpg"}},"image_meta":{"aperture":"6.3","credit":"L. Wallendorff","camera":"Canon EOS 5D Mark III","caption":"The Strypes @ O\u00fci FM Festival, Paris, 24\/06\/2015","created_timestamp":"1435179892","copyright":"L. Wallendorff - www.wallendorff.com","focal_length":"70","iso":"100","shutter_speed":"0.003125","title":"The Strypes @ O\u00fci FM Festival, Paris, 24\/06\/2015","orientation":"1","keywords":["2015","75003","75010","75011","France","O\u00fci FM Festival","O\u00fci FM Festival 2015","Paris","The Strypes","alive","festival","place de la R\u00e9publique","\u00cele-de-France"]}},"post":27800,"source_url":"https:\/\/www.wallendorff.com\/belogue\/wp-content\/uploads\/2015\/06\/20150625-10.jpg","_links":{"self":[{"href":"https:\/\/www.wallendorff.com\/belogue\/wp-json\/wp\/v2\/media\/27812","targetHints":{"allow":["GET"]}}],"collection":[{"href":"https:\/\/www.wallendorff.com\/belogue\/wp-json\/wp\/v2\/media"}],"about":[{"href":"https:\/\/www.wallendorff.com\/belogue\/wp-json\/wp\/v2\/types\/attachment"}],"author":[{"embeddable":true,"href":"https:\/\/www.wallendorff.com\/belogue\/wp-json\/wp\/v2\/users\/1"}],"replies":[{"embeddable":true,"href":"https:\/\/www.wallendorff.com\/belogue\/wp-json\/wp\/v2\/comments?post=27812"}],"wp:attached-to":[{"embeddable":true,"post_type":"post","id":27800,"href":"https:\/\/www.wallendorff.com\/belogue\/wp-json\/wp\/v2\/posts\/27800"}],"curies":[{"name":"wp","href":"https:\/\/api.w.org\/{rel}","templated":true}]}}

The Strypes @ Oüi FM Festival, Paris, 24/06/2015

<p>The Strypes @ Oüi FM Festival, Paris, 24/06/2015</p>

Oüi FM Festival

Oüi FM Festival 2015

place de la République

Île-de-France
