{"id":27787,"date":"2015-06-24T16:14:36","date_gmt":"2015-06-24T14:14:36","guid":{"rendered":"http:\/\/www.wallendorff.com\/belogue\/wp-content\/uploads\/2015\/06\/20150624-47.jpg"},"modified":"2015-06-24T16:14:36","modified_gmt":"2015-06-24T14:14:36","slug":"haim-le-trianon-paris-01032014-51","status":"inherit","type":"attachment","link":"https:\/\/www.wallendorff.com\/belogue\/haim-le-trianon-paris-01032014-51\/","title":{"rendered":"Haim @ le Trianon, Paris, 01\/03\/2014"},"author":1,"featured_media":0,"comment_status":"open","ping_status":"open","template":"","meta":{"_acf_changed":false,"ngg_post_thumbnail":0,"jetpack_post_was_ever_published":false},"class_list":["post-27787","attachment","type-attachment","status-inherit","hentry"],"acf":[],"jetpack_shortlink":"https:\/\/wp.me\/a3b35P-7eb","jetpack_sharing_enabled":true,"description":{"rendered":"<p class=\"attachment\"><a href='https:\/\/www.wallendorff.com\/belogue\/wp-content\/uploads\/2015\/06\/20150624-47.jpg'><img fetchpriority=\"high\" decoding=\"async\" width=\"200\" height=\"300\" src=\"https:\/\/www.wallendorff.com\/belogue\/wp-content\/uploads\/2015\/06\/20150624-47-200x300.jpg\" class=\"attachment-medium size-medium\" alt=\"\" srcset=\"https:\/\/www.wallendorff.com\/belogue\/wp-content\/uploads\/2015\/06\/20150624-47-200x300.jpg 200w, https:\/\/www.wallendorff.com\/belogue\/wp-content\/uploads\/2015\/06\/20150624-47-233x350.jpg 233w, https:\/\/www.wallendorff.com\/belogue\/wp-content\/uploads\/2015\/06\/20150624-47.jpg 533w\" sizes=\"(max-width: 200px) 100vw, 200px\" \/><\/a><\/p>\n"},"caption":{"rendered":"<p>Noel Gallagher&rsquo;s High Flying Birds @ O\u00fci FM Festival, Paris, 23\/06\/2015<\/p>\n"},"alt_text":"","media_type":"image","mime_type":"image\/jpeg","media_details":{"width":533,"height":800,"file":"2015\/06\/20150624-47.jpg","filesize":156596,"sizes":{"woocommerce_thumbnail":{"file":"20150624-47-533x550.jpg","width":533,"height":550,"filesize":43403,"uncropped":false,"mime_type":"image\/jpeg","source_url":"https:\/\/www.wallendorff.com\/belogue\/wp-content\/uploads\/2015\/06\/20150624-47-533x550.jpg"},"woocommerce_gallery_thumbnail":{"file":"20150624-47-220x220.jpg","width":220,"height":220,"filesize":10731,"mime_type":"image\/jpeg","source_url":"https:\/\/www.wallendorff.com\/belogue\/wp-content\/uploads\/2015\/06\/20150624-47-220x220.jpg"},"thumbnail":{"file":"20150624-47-188x188.jpg","width":188,"height":188,"mime_type":"image\/jpeg","source_url":"https:\/\/www.wallendorff.com\/belogue\/wp-content\/uploads\/2015\/06\/20150624-47-188x188.jpg"},"medium":{"file":"20150624-47-200x300.jpg","width":200,"height":300,"mime_type":"image\/jpeg","source_url":"https:\/\/www.wallendorff.com\/belogue\/wp-content\/uploads\/2015\/06\/20150624-47-200x300.jpg"},"blog":{"file":"20150624-47-233x350.jpg","width":233,"height":350,"mime_type":"image\/jpeg","source_url":"https:\/\/www.wallendorff.com\/belogue\/wp-content\/uploads\/2015\/06\/20150624-47-233x350.jpg"},"full":{"file":"20150624-47.jpg","width":533,"height":800,"mime_type":"image\/jpeg","source_url":"https:\/\/www.wallendorff.com\/belogue\/wp-content\/uploads\/2015\/06\/20150624-47.jpg"}},"image_meta":{"aperture":"3.2","credit":"L. Wallendorff","camera":"Canon EOS 5D Mark III","caption":"Noel Gallagher's High Flying Birds @ O\u00fci FM Festival, Paris, 23\/06\/2015","created_timestamp":"1435098013","copyright":"L. Wallendorff - www.wallendorff.com","focal_length":"80","iso":"160","shutter_speed":"0.003125","title":"Haim @ le Trianon, Paris, 01\/03\/2014","orientation":"1","keywords":["2015","75003","75010","75011","France","Noel Gallagher's High Flying Birds","O\u00fci FM Festival","O\u00fci FM Festival 2015","Paris","alive","festival","place de la R\u00e9publique","\u00cele-de-France"]}},"post":null,"source_url":"https:\/\/www.wallendorff.com\/belogue\/wp-content\/uploads\/2015\/06\/20150624-47.jpg","_links":{"self":[{"href":"https:\/\/www.wallendorff.com\/belogue\/wp-json\/wp\/v2\/media\/27787","targetHints":{"allow":["GET"]}}],"collection":[{"href":"https:\/\/www.wallendorff.com\/belogue\/wp-json\/wp\/v2\/media"}],"about":[{"href":"https:\/\/www.wallendorff.com\/belogue\/wp-json\/wp\/v2\/types\/attachment"}],"author":[{"embeddable":true,"href":"https:\/\/www.wallendorff.com\/belogue\/wp-json\/wp\/v2\/users\/1"}],"replies":[{"embeddable":true,"href":"https:\/\/www.wallendorff.com\/belogue\/wp-json\/wp\/v2\/comments?post=27787"}]}}

<p>Noel Gallagher&rsquo;s High Flying Birds @ Oüi FM Festival, Paris, 23/06/2015</p>

Noel Gallagher's High Flying Birds @ Oüi FM Festival, Paris, 23/06/2015

Oüi FM Festival

Oüi FM Festival 2015

place de la République

Île-de-France
