{"id":27759,"date":"2015-06-24T16:14:03","date_gmt":"2015-06-24T14:14:03","guid":{"rendered":"http:\/\/www.wallendorff.com\/belogue\/wp-content\/uploads\/2015\/06\/20150624-19.jpg"},"modified":"2015-06-24T16:14:03","modified_gmt":"2015-06-24T14:14:03","slug":"haim-le-trianon-paris-01032014-23","status":"inherit","type":"attachment","link":"https:\/\/www.wallendorff.com\/belogue\/haim-le-trianon-paris-01032014-23\/","title":{"rendered":"Haim @ le Trianon, Paris, 01\/03\/2014"},"author":1,"featured_media":0,"comment_status":"open","ping_status":"open","template":"","meta":{"_acf_changed":false,"ngg_post_thumbnail":0,"jetpack_post_was_ever_published":false},"class_list":["post-27759","attachment","type-attachment","status-inherit","hentry"],"acf":[],"jetpack_shortlink":"https:\/\/wp.me\/a3b35P-7dJ","jetpack_sharing_enabled":true,"description":{"rendered":"<p class=\"attachment\"><a href='https:\/\/www.wallendorff.com\/belogue\/wp-content\/uploads\/2015\/06\/20150624-19.jpg'><img fetchpriority=\"high\" decoding=\"async\" width=\"200\" height=\"300\" src=\"https:\/\/www.wallendorff.com\/belogue\/wp-content\/uploads\/2015\/06\/20150624-19-200x300.jpg\" class=\"attachment-medium size-medium\" alt=\"\" srcset=\"https:\/\/www.wallendorff.com\/belogue\/wp-content\/uploads\/2015\/06\/20150624-19-200x300.jpg 200w, https:\/\/www.wallendorff.com\/belogue\/wp-content\/uploads\/2015\/06\/20150624-19-233x350.jpg 233w, https:\/\/www.wallendorff.com\/belogue\/wp-content\/uploads\/2015\/06\/20150624-19.jpg 533w\" sizes=\"(max-width: 200px) 100vw, 200px\" \/><\/a><\/p>\n"},"caption":{"rendered":"<p>Temples @ O\u00fci FM Festival, Paris, 23\/06\/2015<\/p>\n"},"alt_text":"","media_type":"image","mime_type":"image\/jpeg","media_details":{"width":533,"height":800,"file":"2015\/06\/20150624-19.jpg","filesize":181671,"sizes":{"woocommerce_thumbnail":{"file":"20150624-19-533x550.jpg","width":533,"height":550,"filesize":54768,"uncropped":false,"mime_type":"image\/jpeg","source_url":"https:\/\/www.wallendorff.com\/belogue\/wp-content\/uploads\/2015\/06\/20150624-19-533x550.jpg"},"woocommerce_gallery_thumbnail":{"file":"20150624-19-220x220.jpg","width":220,"height":220,"filesize":13353,"mime_type":"image\/jpeg","source_url":"https:\/\/www.wallendorff.com\/belogue\/wp-content\/uploads\/2015\/06\/20150624-19-220x220.jpg"},"thumbnail":{"file":"20150624-19-188x188.jpg","width":188,"height":188,"mime_type":"image\/jpeg","source_url":"https:\/\/www.wallendorff.com\/belogue\/wp-content\/uploads\/2015\/06\/20150624-19-188x188.jpg"},"medium":{"file":"20150624-19-200x300.jpg","width":200,"height":300,"mime_type":"image\/jpeg","source_url":"https:\/\/www.wallendorff.com\/belogue\/wp-content\/uploads\/2015\/06\/20150624-19-200x300.jpg"},"blog":{"file":"20150624-19-233x350.jpg","width":233,"height":350,"mime_type":"image\/jpeg","source_url":"https:\/\/www.wallendorff.com\/belogue\/wp-content\/uploads\/2015\/06\/20150624-19-233x350.jpg"},"full":{"file":"20150624-19.jpg","width":533,"height":800,"mime_type":"image\/jpeg","source_url":"https:\/\/www.wallendorff.com\/belogue\/wp-content\/uploads\/2015\/06\/20150624-19.jpg"}},"image_meta":{"aperture":"4","credit":"L. Wallendorff","camera":"Canon EOS 5D Mark III","caption":"Temples @ O\u00fci FM Festival, Paris, 23\/06\/2015","created_timestamp":"1435093456","copyright":"L. Wallendorff - www.wallendorff.com","focal_length":"78","iso":"400","shutter_speed":"0.005","title":"Haim @ le Trianon, Paris, 01\/03\/2014","orientation":"1","keywords":["2015","75003","75010","75011","France","O\u00fci FM Festival","O\u00fci FM Festival 2015","Paris","Temples","alive","festival","place de la R\u00e9publique","\u00cele-de-France"]}},"post":null,"source_url":"https:\/\/www.wallendorff.com\/belogue\/wp-content\/uploads\/2015\/06\/20150624-19.jpg","_links":{"self":[{"href":"https:\/\/www.wallendorff.com\/belogue\/wp-json\/wp\/v2\/media\/27759","targetHints":{"allow":["GET"]}}],"collection":[{"href":"https:\/\/www.wallendorff.com\/belogue\/wp-json\/wp\/v2\/media"}],"about":[{"href":"https:\/\/www.wallendorff.com\/belogue\/wp-json\/wp\/v2\/types\/attachment"}],"author":[{"embeddable":true,"href":"https:\/\/www.wallendorff.com\/belogue\/wp-json\/wp\/v2\/users\/1"}],"replies":[{"embeddable":true,"href":"https:\/\/www.wallendorff.com\/belogue\/wp-json\/wp\/v2\/comments?post=27759"}]}}

<p>Temples @ Oüi FM Festival, Paris, 23/06/2015</p>

Temples @ Oüi FM Festival, Paris, 23/06/2015

Oüi FM Festival

Oüi FM Festival 2015

place de la République

Île-de-France
