{"id":27743,"date":"2015-06-24T16:13:41","date_gmt":"2015-06-24T14:13:41","guid":{"rendered":"http:\/\/www.wallendorff.com\/belogue\/wp-content\/uploads\/2015\/06\/20150624-03.jpg"},"modified":"2015-06-24T16:13:41","modified_gmt":"2015-06-24T14:13:41","slug":"haim-le-trianon-paris-01032014-7","status":"inherit","type":"attachment","link":"https:\/\/www.wallendorff.com\/belogue\/haim-le-trianon-paris-01032014-7\/","title":{"rendered":"Haim @ le Trianon, Paris, 01\/03\/2014"},"author":1,"featured_media":0,"comment_status":"open","ping_status":"open","template":"","meta":{"_acf_changed":false,"ngg_post_thumbnail":0,"jetpack_post_was_ever_published":false},"class_list":["post-27743","attachment","type-attachment","status-inherit","hentry"],"acf":[],"jetpack_shortlink":"https:\/\/wp.me\/a3b35P-7dt","jetpack_sharing_enabled":true,"description":{"rendered":"<p class=\"attachment\"><a href='https:\/\/www.wallendorff.com\/belogue\/wp-content\/uploads\/2015\/06\/20150624-03.jpg'><img fetchpriority=\"high\" decoding=\"async\" width=\"300\" height=\"200\" src=\"https:\/\/www.wallendorff.com\/belogue\/wp-content\/uploads\/2015\/06\/20150624-03-300x200.jpg\" class=\"attachment-medium size-medium\" alt=\"\" srcset=\"https:\/\/www.wallendorff.com\/belogue\/wp-content\/uploads\/2015\/06\/20150624-03-300x200.jpg 300w, https:\/\/www.wallendorff.com\/belogue\/wp-content\/uploads\/2015\/06\/20150624-03-525x350.jpg 525w, https:\/\/www.wallendorff.com\/belogue\/wp-content\/uploads\/2015\/06\/20150624-03-600x400.jpg 600w, https:\/\/www.wallendorff.com\/belogue\/wp-content\/uploads\/2015\/06\/20150624-03.jpg 800w\" sizes=\"(max-width: 300px) 100vw, 300px\" \/><\/a><\/p>\n"},"caption":{"rendered":"<p>Drenge @ O\u00fci FM Festival, Paris, 23\/06\/2015<\/p>\n"},"alt_text":"","media_type":"image","mime_type":"image\/jpeg","media_details":{"width":800,"height":533,"file":"2015\/06\/20150624-03.jpg","filesize":154243,"sizes":{"woocommerce_thumbnail":{"file":"20150624-03-550x533.jpg","width":550,"height":533,"filesize":58417,"uncropped":false,"mime_type":"image\/jpeg","source_url":"https:\/\/www.wallendorff.com\/belogue\/wp-content\/uploads\/2015\/06\/20150624-03-550x533.jpg"},"woocommerce_gallery_thumbnail":{"file":"20150624-03-220x220.jpg","width":220,"height":220,"filesize":14236,"mime_type":"image\/jpeg","source_url":"https:\/\/www.wallendorff.com\/belogue\/wp-content\/uploads\/2015\/06\/20150624-03-220x220.jpg"},"thumbnail":{"file":"20150624-03-188x188.jpg","width":188,"height":188,"mime_type":"image\/jpeg","source_url":"https:\/\/www.wallendorff.com\/belogue\/wp-content\/uploads\/2015\/06\/20150624-03-188x188.jpg"},"medium":{"file":"20150624-03-300x200.jpg","width":300,"height":200,"mime_type":"image\/jpeg","source_url":"https:\/\/www.wallendorff.com\/belogue\/wp-content\/uploads\/2015\/06\/20150624-03-300x200.jpg"},"blog":{"file":"20150624-03-525x350.jpg","width":525,"height":350,"mime_type":"image\/jpeg","source_url":"https:\/\/www.wallendorff.com\/belogue\/wp-content\/uploads\/2015\/06\/20150624-03-525x350.jpg"},"600x99999":{"file":"20150624-03-600x533.jpg","width":600,"height":533,"mime_type":"image\/jpeg","source_url":"https:\/\/www.wallendorff.com\/belogue\/wp-content\/uploads\/2015\/06\/20150624-03-600x533.jpg"},"600x0":{"file":"20150624-03-600x400.jpg","width":600,"height":400,"filesize":47107,"mime_type":"image\/jpeg","source_url":"https:\/\/www.wallendorff.com\/belogue\/wp-content\/uploads\/2015\/06\/20150624-03-600x400.jpg"},"full":{"file":"20150624-03.jpg","width":800,"height":533,"mime_type":"image\/jpeg","source_url":"https:\/\/www.wallendorff.com\/belogue\/wp-content\/uploads\/2015\/06\/20150624-03.jpg"}},"image_meta":{"aperture":"3.2","credit":"L. Wallendorff","camera":"Canon EOS 5D Mark III","caption":"Drenge @ O\u00fci FM Festival, Paris, 23\/06\/2015","created_timestamp":"1435089829","copyright":"L. Wallendorff - www.wallendorff.com","focal_length":"75","iso":"400","shutter_speed":"0.004","title":"Haim @ le Trianon, Paris, 01\/03\/2014","orientation":"1","keywords":["2015","75003","75010","75011","Drenge","France","O\u00fci FM Festival","O\u00fci FM Festival 2015","Paris","alive","festival","place de la R\u00e9publique","\u00cele-de-France"]}},"post":null,"source_url":"https:\/\/www.wallendorff.com\/belogue\/wp-content\/uploads\/2015\/06\/20150624-03.jpg","_links":{"self":[{"href":"https:\/\/www.wallendorff.com\/belogue\/wp-json\/wp\/v2\/media\/27743","targetHints":{"allow":["GET"]}}],"collection":[{"href":"https:\/\/www.wallendorff.com\/belogue\/wp-json\/wp\/v2\/media"}],"about":[{"href":"https:\/\/www.wallendorff.com\/belogue\/wp-json\/wp\/v2\/types\/attachment"}],"author":[{"embeddable":true,"href":"https:\/\/www.wallendorff.com\/belogue\/wp-json\/wp\/v2\/users\/1"}],"replies":[{"embeddable":true,"href":"https:\/\/www.wallendorff.com\/belogue\/wp-json\/wp\/v2\/comments?post=27743"}]}}

<p>Drenge @ Oüi FM Festival, Paris, 23/06/2015</p>

Drenge @ Oüi FM Festival, Paris, 23/06/2015

Oüi FM Festival

Oüi FM Festival 2015

place de la République

Île-de-France
